Last updated on 2025-02-02 07:50:05 CET.
Flavor | Version | Tinstall | Tcheck | Ttotal | Status | Flags |
---|---|---|---|---|---|---|
r-devel-linux-x86_64-debian-clang | 1.2 | 19.75 | 31.13 | 50.88 | NOTE | |
r-devel-linux-x86_64-debian-gcc | 1.2 | 14.51 | 23.48 | 37.99 | NOTE | |
r-devel-linux-x86_64-fedora-clang | 1.2 | 88.52 | NOTE | |||
r-devel-linux-x86_64-fedora-gcc | 1.2 | 90.55 | NOTE | |||
r-devel-windows-x86_64 | 1.2 | 22.00 | 77.00 | 99.00 | NOTE | |
r-patched-linux-x86_64 | 1.2 | 21.78 | 29.58 | 51.36 | NOTE | |
r-release-linux-x86_64 | 1.2 | 21.05 | 29.82 | 50.87 | NOTE | |
r-release-macos-arm64 | 1.2 | 27.00 | NOTE | |||
r-release-macos-x86_64 | 1.2 | 41.00 | NOTE | |||
r-release-windows-x86_64 | 1.2 | 22.00 | 72.00 | 94.00 | NOTE | |
r-oldrel-macos-arm64 | 1.2 | 33.00 | NOTE | |||
r-oldrel-macos-x86_64 | 1.2 | 46.00 | NOTE | |||
r-oldrel-windows-x86_64 | 1.2 | 25.00 | 80.00 | 105.00 | NOTE |
Version: 1.2
Check: C++ specification
Result: NOTE
Specified C++11: please drop specification unless essential
Flavors: r-devel-linux-x86_64-debian-clang, r-devel-linux-x86_64-debian-gcc, r-devel-linux-x86_64-fedora-clang, r-devel-linux-x86_64-fedora-gcc, r-devel-windows-x86_64, r-patched-linux-x86_64, r-release-linux-x86_64, r-release-macos-arm64, r-release-macos-x86_64, r-release-windows-x86_64, r-oldrel-macos-arm64, r-oldrel-macos-x86_64, r-oldrel-windows-x86_64
Version: 1.2
Check: Rd files
Result: NOTE
checkRd: (-1) gene_s.Rd:17: Lost braces; missing escapes or markup?
17 | giving the virus access to the cell and thus facilitating the COVID-19 disease. The gene sequence is mapped to the alphabet {0,1,2,3} via the obvious map A->0, C->1, G->2, T->3.
| ^
checkRd: (-1) sars_cov_2.Rd:16: Lost braces; missing escapes or markup?
16 | It consists of n = 29903 base pairs. The gene sequence is mapped to the alphabet {0,1,2,3} via the obvious map A->0, C->1, G->2, T->3.
| ^
Flavors: r-devel-linux-x86_64-debian-clang, r-devel-linux-x86_64-debian-gcc, r-devel-linux-x86_64-fedora-clang, r-devel-linux-x86_64-fedora-gcc, r-devel-windows-x86_64, r-patched-linux-x86_64, r-release-linux-x86_64, r-release-macos-arm64, r-release-macos-x86_64, r-release-windows-x86_64
These binaries (installable software) and packages are in development.
They may not be fully stable and should be used with caution. We make no claims about them.
Health stats visible at Monitor.