Last updated on 2025-10-31 03:49:57 CET.
| Flavor | Version | Tinstall | Tcheck | Ttotal | Status | Flags | 
|---|---|---|---|---|---|---|
| r-devel-linux-x86_64-debian-clang | 1.0-1 | 2.88 | 34.67 | 37.55 | NOTE | |
| r-devel-linux-x86_64-debian-gcc | 1.0-1 | 2.29 | 26.75 | 29.04 | NOTE | |
| r-devel-linux-x86_64-fedora-clang | 1.0-1 | 58.50 | NOTE | |||
| r-devel-linux-x86_64-fedora-gcc | 1.0-1 | 56.21 | NOTE | |||
| r-devel-windows-x86_64 | 1.0-1 | 6.00 | 58.00 | 64.00 | OK | |
| r-patched-linux-x86_64 | 1.0-1 | 3.04 | 33.08 | 36.12 | NOTE | |
| r-release-linux-x86_64 | 1.0-1 | 3.03 | 33.06 | 36.09 | NOTE | |
| r-release-macos-arm64 | 1.0-1 | 3.00 | 24.00 | 27.00 | OK | |
| r-release-macos-x86_64 | 1.0-1 | 7.00 | 52.00 | 59.00 | OK | |
| r-release-windows-x86_64 | 1.0-1 | 7.00 | 60.00 | 67.00 | OK | |
| r-oldrel-macos-arm64 | 1.0-1 | 3.00 | 30.00 | 33.00 | OK | |
| r-oldrel-macos-x86_64 | 1.0-1 | 4.00 | 29.00 | 33.00 | OK | |
| r-oldrel-windows-x86_64 | 1.0-1 | 7.00 | 77.00 | 84.00 | OK | 
Version: 1.0-1
Check: CRAN incoming feasibility
Result: NOTE
  Maintainer: ‘Longhai Li <longhai@math.usask.ca>’
  
  No Authors@R field in DESCRIPTION.
  Please add one, modifying
    Authors@R: person(given = "Longhai",
                      family = "Li",
                      role = c("aut", "cre"),
                      email = "longhai@math.usask.ca")
  as necessary.
Flavors: r-devel-linux-x86_64-debian-clang, r-devel-linux-x86_64-debian-gcc
Version: 1.0-1
Check: for non-standard things in the check directory
Result: NOTE
  Found the following files/directories:
    ‘.fitbcbcsf_alpha1_mu_3_n_31_p_4026_nfsel_20_biascor_1.RData’
    ‘.fitbcbcsf_alpha1_mu_3_n_31_p_4026_nfsel_50_biascor_1.RData’
    ‘.fitbcbcsf_alpha1_mu_3_n_53_p_4026_nfsel_20_biascor_1.RData’
    ‘.fitbcbcsf_alpha1_mu_3_n_53_p_4026_nfsel_50_biascor_1.RData’
Flavors: r-devel-linux-x86_64-debian-clang, r-devel-linux-x86_64-debian-gcc, r-devel-linux-x86_64-fedora-clang, r-devel-linux-x86_64-fedora-gcc, r-patched-linux-x86_64, r-release-linux-x86_64
Version: 1.0-1
Check: compiled code
Result: NOTE
  File ‘BCBCSF/libs/BCBCSF.so’:
    Found no calls to: ‘R_registerRoutines’, ‘R_useDynamicSymbols’
  
  It is good practice to register native routines and to disable symbol
  search.
  
  See ‘Writing portable packages’ in the ‘Writing R Extensions’ manual.
Flavors: r-devel-linux-x86_64-fedora-clang, r-devel-linux-x86_64-fedora-gcc
These binaries (installable software) and packages are in development.
They may not be fully stable and should be used with caution. We make no claims about them.
Health stats visible at Monitor.