CRAN Package Check Results for Package BB

Last updated on 2025-05-17 15:50:37 CEST.

Flavor Version Tinstall Tcheck Ttotal Status Flags
r-devel-linux-x86_64-debian-clang 2019.10-1 2.91 284.53 287.44 NOTE
r-devel-linux-x86_64-debian-gcc 2019.10-1 2.18 234.80 236.98 NOTE
r-devel-linux-x86_64-fedora-clang 2019.10-1 458.48 OK
r-devel-linux-x86_64-fedora-gcc 2019.10-1 477.38 OK
r-devel-windows-x86_64 2019.10-1 4.00 353.00 357.00 OK
r-patched-linux-x86_64 2019.10-1 2.79 283.55 286.34 OK
r-release-linux-x86_64 2019.10-1 3.00 280.74 283.74 OK
r-release-macos-arm64 2019.10-1 141.00 OK
r-release-macos-x86_64 2019.10-1 319.00 OK
r-release-windows-x86_64 2019.10-1 4.00 355.00 359.00 OK
r-oldrel-macos-arm64 2019.10-1 150.00 OK
r-oldrel-macos-x86_64 2019.10-1 220.00 OK
r-oldrel-windows-x86_64 2019.10-1 4.00 427.00 431.00 OK

Check Details

Version: 2019.10-1
Check: CRAN incoming feasibility
Result: NOTE Maintainer: ‘Paul Gilbert <pgilbert.ttv9z@ncf.ca>’ Package CITATION file contains call(s) to old-style personList() or as.personList(). Please use c() on person objects instead. Package CITATION file contains call(s) to old-style citEntry(). Please use bibentry() instead. Flavors: r-devel-linux-x86_64-debian-clang, r-devel-linux-x86_64-debian-gcc

These binaries (installable software) and packages are in development.
They may not be fully stable and should be used with caution. We make no claims about them.
Health stats visible at Monitor.