Last updated on 2024-05-02 11:51:14 CEST.
Flavor | Version | Tinstall | Tcheck | Ttotal | Status | Flags |
---|---|---|---|---|---|---|
r-devel-linux-x86_64-debian-clang | 2.3.5 | 120.87 | 151.13 | 272.00 | NOTE | |
r-devel-linux-x86_64-debian-gcc | 2.3.5 | 94.16 | 106.87 | 201.03 | NOTE | |
r-devel-linux-x86_64-fedora-clang | 2.3.5 | 370.45 | NOTE | |||
r-devel-linux-x86_64-fedora-gcc | 2.3.5 | 385.23 | NOTE | |||
r-devel-windows-x86_64 | 2.3.5 | 97.00 | 149.00 | 246.00 | NOTE | |
r-patched-linux-x86_64 | 2.3.5 | 135.19 | 145.40 | 280.59 | NOTE | |
r-release-linux-x86_64 | 2.3.5 | 115.86 | 140.44 | 256.30 | NOTE | |
r-release-macos-arm64 | 2.3.5 | 87.00 | NOTE | |||
r-release-windows-x86_64 | 2.3.5 | 100.00 | 149.00 | 249.00 | NOTE | |
r-oldrel-macos-arm64 | 2.3.5 | 105.00 | OK | |||
r-oldrel-macos-x86_64 | 2.3.5 | 186.00 | OK | |||
r-oldrel-windows-x86_64 | 2.3.5 | 121.00 | 183.00 | 304.00 | OK |
Version: 2.3.5
Check: Rd files
Result: NOTE
checkRd: (-1) contour.angmcmc.Rd:48: Lost braces; missing escapes or markup?
48 | Ignored if {show.data == FALSE}.}
| ^
checkRd: (-1) contour.angmcmc.Rd:51: Lost braces; missing escapes or markup?
51 | Ignored if {show.data == FALSE}.}
| ^
checkRd: (-1) fit_incremental_angmix.Rd:104: Lost braces; missing escapes or markup?
104 | \item{alpha}{significance level used in the test H_{0K}: expected log predictive density (elpd) for the fitted model with K components >= elpd for the fitted model
| ^
checkRd: (-1) fit_incremental_angmix.Rd:148: Lost braces; missing escapes or markup?
148 | H_{0K}: expected log predictive density (elpd) for the fitted model with K components >= elpd for the fitted model
| ^
checkRd: (-1) fit_incremental_angmix.Rd:163: Lost braces; missing escapes or markup?
163 | The incremental fitting stops if H_{0K} cannot be rejected
| ^
Flavors: r-devel-linux-x86_64-debian-clang, r-devel-linux-x86_64-debian-gcc, r-devel-linux-x86_64-fedora-clang, r-devel-linux-x86_64-fedora-gcc, r-devel-windows-x86_64, r-patched-linux-x86_64, r-release-linux-x86_64, r-release-macos-arm64, r-release-windows-x86_64
Version: 2.3.5
Check: HTML version of manual
Result: NOTE
Found the following HTML validation problems:
rwnorm2.html:111:126 (rwnorm2.Rd:60): Warning: trimming empty <code>
rwnorm2.html:115:73 (rwnorm2.Rd:61): Warning: trimming empty <code>
rwnorm2.html:115:146 (rwnorm2.Rd:61): Warning: trimming empty <code>
rwnorm2.html:115:211 (rwnorm2.Rd:61): Warning: trimming empty <code>
rwnorm2.html:119:126 (rwnorm2.Rd:62): Warning: trimming empty <code>
Flavors: r-devel-linux-x86_64-debian-clang, r-devel-linux-x86_64-debian-gcc, r-devel-linux-x86_64-fedora-clang, r-devel-linux-x86_64-fedora-gcc, r-devel-windows-x86_64, r-patched-linux-x86_64, r-release-linux-x86_64, r-release-windows-x86_64
These binaries (installable software) and packages are in development.
They may not be fully stable and should be used with caution. We make no claims about them.
Health stats visible at Monitor.