Last updated on 2025-02-23 19:50:59 CET.
Flavor | Version | Tinstall | Tcheck | Ttotal | Status | Flags |
---|---|---|---|---|---|---|
r-devel-linux-x86_64-debian-clang | 1.1 | 3.66 | 34.99 | 38.65 | NOTE | |
r-devel-linux-x86_64-debian-gcc | 1.1 | 3.20 | 26.33 | 29.53 | NOTE | |
r-devel-linux-x86_64-fedora-clang | 1.1 | 62.66 | NOTE | |||
r-devel-linux-x86_64-fedora-gcc | 1.1 | 59.53 | NOTE | |||
r-devel-macos-arm64 | 1.1 | 24.00 | NOTE | |||
r-devel-macos-x86_64 | 1.1 | 38.00 | NOTE | |||
r-devel-windows-x86_64 | 1.1 | 6.00 | 75.00 | 81.00 | NOTE | |
r-patched-linux-x86_64 | 1.1 | 3.68 | 33.49 | 37.17 | NOTE | |
r-release-linux-x86_64 | 1.1 | 3.61 | 33.35 | 36.96 | NOTE | |
r-release-macos-arm64 | 1.1 | 21.00 | NOTE | |||
r-release-macos-x86_64 | 1.1 | 50.00 | NOTE | |||
r-release-windows-x86_64 | 1.1 | 6.00 | 61.00 | 67.00 | NOTE | |
r-oldrel-macos-arm64 | 1.1 | 25.00 | OK | |||
r-oldrel-macos-x86_64 | 1.1 | 31.00 | OK | |||
r-oldrel-windows-x86_64 | 1.1 | 7.00 | 67.00 | 74.00 | OK |
Version: 1.1
Check: Rd files
Result: NOTE
checkRd: (-1) Autoplotprotein-package.Rd:27: Lost braces
27 | code{\link{help}}
| ^
checkRd: (-1) Autoplotprotein.Rd:25: Lost braces
25 | code{\link{help}}
| ^
checkRd: (-1) data.Rd:22: Lost braces
22 | code{\link{help}}
| ^
checkRd: (-1) domain_data.Rd:29: Lost braces
29 | code{\link{help}}
| ^
checkRd: (-1) length_data.Rd:32: Lost braces
32 | code{\link{help}}
| ^
checkRd: (-1) plotdomain.Rd:30: Lost braces
30 | code{\link{help}}
| ^
checkRd: (-1) plotmutagensis.Rd:30: Lost braces
30 | code{\link{help}}
| ^
checkRd: (-1) plotsite.Rd:30: Lost braces
30 | code{\link{help}}
| ^
checkRd: (-1) site_data.Rd:30: Lost braces
30 | code{\link{help}}
| ^
Flavors: r-devel-linux-x86_64-debian-clang, r-devel-linux-x86_64-debian-gcc, r-devel-linux-x86_64-fedora-clang, r-devel-linux-x86_64-fedora-gcc, r-devel-macos-arm64, r-devel-macos-x86_64, r-devel-windows-x86_64, r-patched-linux-x86_64, r-release-linux-x86_64, r-release-macos-arm64, r-release-macos-x86_64, r-release-windows-x86_64
These binaries (installable software) and packages are in development.
They may not be fully stable and should be used with caution. We make no claims about them.
Health stats visible at Monitor.