Last updated on 2025-05-03 22:49:47 CEST.
Flavor | Version | Tinstall | Tcheck | Ttotal | Status | Flags |
---|---|---|---|---|---|---|
r-devel-linux-x86_64-debian-clang | 1.0.1 | 5.94 | 0.02 | 5.96 | FAIL | |
r-devel-linux-x86_64-debian-gcc | 1.0.1 | 4.29 | 54.09 | 58.38 | OK | |
r-devel-linux-x86_64-fedora-clang | 1.0.1 | 86.31 | OK | |||
r-devel-linux-x86_64-fedora-gcc | 1.0.1 | 93.50 | OK | |||
r-devel-windows-x86_64 | 1.0.1 | 7.00 | 120.00 | 127.00 | OK | |
r-patched-linux-x86_64 | 1.0.1 | 5.99 | 45.30 | 51.29 | OK | |
r-release-linux-x86_64 | OK | |||||
r-release-macos-arm64 | 1.0.1 | 34.00 | OK | |||
r-release-macos-x86_64 | 1.0.1 | 76.00 | OK | |||
r-release-windows-x86_64 | 1.0.1 | 8.00 | 67.00 | 75.00 | OK | |
r-oldrel-macos-arm64 | 1.0.1 | 36.00 | OK | |||
r-oldrel-macos-x86_64 | 1.0.1 | 58.00 | OK | |||
r-oldrel-windows-x86_64 | 1.0.1 | 9.00 | 80.00 | 89.00 | OK |
Version: 1.0.1
Check: tests
Result: FAIL
Flavor: r-devel-linux-x86_64-debian-clang
These binaries (installable software) and packages are in development.
They may not be fully stable and should be used with caution. We make no claims about them.
Health stats visible at Monitor.