Last updated on 2025-10-30 19:53:19 CET.
| Flavor | Version | Tinstall | Tcheck | Ttotal | Status | Flags | 
|---|---|---|---|---|---|---|
| r-devel-linux-x86_64-debian-clang | 1.0-3 | 3.40 | 37.86 | 41.26 | NOTE | |
| r-devel-linux-x86_64-debian-gcc | 1.0-3 | 2.31 | 27.66 | 29.97 | NOTE | |
| r-devel-linux-x86_64-fedora-clang | 1.0-3 | 61.92 | NOTE | |||
| r-devel-linux-x86_64-fedora-gcc | 1.0-3 | 60.11 | NOTE | |||
| r-devel-windows-x86_64 | 1.0-3 | 4.00 | 53.00 | 57.00 | NOTE | |
| r-patched-linux-x86_64 | 1.0-3 | 3.56 | 35.52 | 39.08 | NOTE | |
| r-release-linux-x86_64 | 1.0-3 | 3.92 | 35.82 | 39.74 | NOTE | |
| r-release-macos-arm64 | 1.0-3 | 2.00 | 22.00 | 24.00 | NOTE | |
| r-release-macos-x86_64 | 1.0-3 | 3.00 | 35.00 | 38.00 | NOTE | |
| r-release-windows-x86_64 | 1.0-3 | 5.00 | 55.00 | 60.00 | NOTE | |
| r-oldrel-macos-arm64 | 1.0-3 | 2.00 | 22.00 | 24.00 | NOTE | |
| r-oldrel-macos-x86_64 | 1.0-3 | 3.00 | 28.00 | 31.00 | NOTE | |
| r-oldrel-windows-x86_64 | 1.0-3 | 5.00 | 63.00 | 68.00 | NOTE | 
Version: 1.0-3
Check: CRAN incoming feasibility
Result: NOTE
  Maintainer: ‘Rolf Turner <r.turner@auckland.ac.nz>’
  
  No Authors@R field in DESCRIPTION.
  Please add one, modifying
    Authors@R: person(given = "Rolf",
                      family = "Turner",
                      role = c("aut", "cre"),
                      email = "r.turner@auckland.ac.nz")
  as necessary.
  
  Package CITATION file contains call(s) to old-style personList() or
  as.personList().  Please use c() on person objects instead.
  Package CITATION file contains call(s) to old-style citEntry().  Please
  use bibentry() instead.
Flavors: r-devel-linux-x86_64-debian-clang, r-devel-linux-x86_64-debian-gcc
Version: 1.0-3
Check: Rd files
Result: NOTE
  checkRd: (-1) plot.AssetPricing.Rd:199-200: Lost braces
     199 |   yakka. (Note that \code{flap} stands for dQuote{function list
         |                                                  ^
Flavors: r-devel-linux-x86_64-debian-clang, r-devel-linux-x86_64-debian-gcc, r-devel-linux-x86_64-fedora-clang, r-devel-linux-x86_64-fedora-gcc, r-devel-windows-x86_64, r-patched-linux-x86_64, r-release-linux-x86_64, r-release-macos-arm64, r-release-macos-x86_64, r-release-windows-x86_64, r-oldrel-macos-arm64, r-oldrel-macos-x86_64, r-oldrel-windows-x86_64
These binaries (installable software) and packages are in development.
They may not be fully stable and should be used with caution. We make no claims about them.
Health stats visible at Monitor.