Last updated on 2025-05-15 07:49:33 CEST.
Flavor | Version | Tinstall | Tcheck | Ttotal | Status | Flags |
---|---|---|---|---|---|---|
r-devel-linux-x86_64-debian-clang | 1.0-3 | 3.70 | 36.11 | 39.81 | NOTE | |
r-devel-linux-x86_64-debian-gcc | 1.0-3 | 2.44 | 25.58 | 28.02 | NOTE | |
r-devel-linux-x86_64-fedora-clang | 1.0-3 | 63.45 | NOTE | |||
r-devel-linux-x86_64-fedora-gcc | 1.0-3 | 57.98 | NOTE | |||
r-devel-windows-x86_64 | 1.0-3 | 4.00 | 52.00 | 56.00 | NOTE | |
r-patched-linux-x86_64 | 1.0-3 | 3.17 | 34.01 | 37.18 | NOTE | |
r-release-linux-x86_64 | 1.0-3 | 3.27 | 34.44 | 37.71 | NOTE | |
r-release-macos-arm64 | 1.0-3 | 24.00 | NOTE | |||
r-release-macos-x86_64 | 1.0-3 | 38.00 | NOTE | |||
r-release-windows-x86_64 | 1.0-3 | 5.00 | 54.00 | 59.00 | NOTE | |
r-oldrel-macos-arm64 | 1.0-3 | 24.00 | NOTE | |||
r-oldrel-macos-x86_64 | 1.0-3 | 31.00 | NOTE | |||
r-oldrel-windows-x86_64 | 1.0-3 | 5.00 | 62.00 | 67.00 | NOTE |
Version: 1.0-3
Check: CRAN incoming feasibility
Result: NOTE
Maintainer: ‘Rolf Turner <r.turner@auckland.ac.nz>’
No Authors@R field in DESCRIPTION.
Please add one, modifying
Authors@R: person(given = "Rolf",
family = "Turner",
role = c("aut", "cre"),
email = "r.turner@auckland.ac.nz")
as necessary.
Package CITATION file contains call(s) to old-style personList() or
as.personList(). Please use c() on person objects instead.
Package CITATION file contains call(s) to old-style citEntry(). Please
use bibentry() instead.
Flavors: r-devel-linux-x86_64-debian-clang, r-devel-linux-x86_64-debian-gcc
Version: 1.0-3
Check: Rd files
Result: NOTE
checkRd: (-1) plot.AssetPricing.Rd:199-200: Lost braces
199 | yakka. (Note that \code{flap} stands for dQuote{function list
| ^
Flavors: r-devel-linux-x86_64-debian-clang, r-devel-linux-x86_64-debian-gcc, r-devel-linux-x86_64-fedora-clang, r-devel-linux-x86_64-fedora-gcc, r-devel-windows-x86_64, r-patched-linux-x86_64, r-release-linux-x86_64, r-release-macos-arm64, r-release-macos-x86_64, r-release-windows-x86_64, r-oldrel-macos-arm64, r-oldrel-macos-x86_64, r-oldrel-windows-x86_64
These binaries (installable software) and packages are in development.
They may not be fully stable and should be used with caution. We make no claims about them.
Health stats visible at Monitor.