Last updated on 2025-02-23 19:50:59 CET.
Flavor | Version | Tinstall | Tcheck | Ttotal | Status | Flags |
---|---|---|---|---|---|---|
r-devel-linux-x86_64-debian-clang | 2.0 | 9.59 | 108.72 | 118.31 | NOTE | |
r-devel-linux-x86_64-debian-gcc | 2.0 | 6.03 | 77.79 | 83.82 | NOTE | |
r-devel-linux-x86_64-fedora-clang | 2.0 | 185.14 | OK | |||
r-devel-linux-x86_64-fedora-gcc | 2.0 | 195.60 | OK | |||
r-devel-macos-arm64 | 2.0 | 60.00 | OK | |||
r-devel-macos-x86_64 | 2.0 | 112.00 | OK | |||
r-devel-windows-x86_64 | 2.0 | 11.00 | 137.00 | 148.00 | NOTE | |
r-patched-linux-x86_64 | 2.0 | 12.40 | 95.43 | 107.83 | NOTE | |
r-release-linux-x86_64 | 2.0 | 8.88 | 94.12 | 103.00 | NOTE | |
r-release-macos-arm64 | 2.0 | 70.00 | NOTE | |||
r-release-macos-x86_64 | 2.0 | 176.00 | NOTE | |||
r-release-windows-x86_64 | 2.0 | 11.00 | 123.00 | 134.00 | NOTE | |
r-oldrel-macos-arm64 | 2.0 | 69.00 | WARN | |||
r-oldrel-macos-x86_64 | 2.0 | 154.00 | WARN | |||
r-oldrel-windows-x86_64 | 2.0 | 13.00 | 143.00 | 156.00 | WARN |
Version: 2.0
Check: Rd cross-references
Result: NOTE
Found the following Rd file(s) with Rd \link{} targets missing package
anchors:
ActivityEvents-class.Rd: TimeSeries-class
ArchaeoPhases-package.Rd: TimeScale-class
CumulativeEvents-class.Rd: TimeSeries-class
activity.Rd: TimeScale-class
as_events.Rd: TimeScale-class
as_phases.Rd: TimeScale-class
bury.Rd: TimeScale-class
data.frame.Rd: TimeScale-class
interval_credible.Rd: TimeScale-class
interval_hdr.Rd: TimeScale-class
occurrence.Rd: TimeScale-class
plot_events.Rd: TimeScale-class
plot_phases.Rd: TimeScale-class
read_bcal.Rd: TimeScale-class
read_chronomodel.Rd: TimeScale-class
read_oxcal.Rd: TimeScale-class
summary.Rd: TimeScale-class
tempo.Rd: TimeScale-class
Please provide package anchors for all Rd \link{} targets not in the
package itself and the base packages.
Flavors: r-devel-linux-x86_64-debian-clang, r-devel-linux-x86_64-debian-gcc, r-devel-windows-x86_64
Version: 2.0
Check: package dependencies
Result: NOTE
Package suggested but not available for checking: ‘ArchaeoData’
Flavors: r-patched-linux-x86_64, r-release-linux-x86_64, r-release-macos-arm64, r-release-macos-x86_64, r-release-windows-x86_64, r-oldrel-macos-arm64, r-oldrel-macos-x86_64, r-oldrel-windows-x86_64
Version: 2.0
Check: whether package can be installed
Result: WARN
Found the following significant warnings:
Warning: read_bcal.Rd:27: unknown macro '\abbr'
Warning: read_chronomodel.Rd:36: unknown macro '\abbr'
Warning: read_oxcal.Rd:27: unknown macro '\abbr'
Flavors: r-oldrel-macos-arm64, r-oldrel-macos-x86_64, r-oldrel-windows-x86_64
Version: 2.0
Check: Rd files
Result: WARN
prepare_Rd: read_bcal.Rd:27: unknown macro '\abbr'
prepare_Rd: read_chronomodel.Rd:36: unknown macro '\abbr'
prepare_Rd: read_oxcal.Rd:27: unknown macro '\abbr'
Flavors: r-oldrel-macos-arm64, r-oldrel-macos-x86_64, r-oldrel-windows-x86_64
These binaries (installable software) and packages are in development.
They may not be fully stable and should be used with caution. We make no claims about them.
Health stats visible at Monitor.