Last updated on 2025-10-09 23:51:07 CEST.
Flavor | Version | Tinstall | Tcheck | Ttotal | Status | Flags |
---|---|---|---|---|---|---|
r-devel-linux-x86_64-debian-clang | 0.1.2 | 17.43 | 150.91 | 168.34 | ERROR | |
r-devel-linux-x86_64-debian-gcc | 0.1.2 | 10.55 | 102.57 | 113.12 | ERROR | |
r-devel-linux-x86_64-fedora-clang | 0.1.2 | 259.96 | ERROR | |||
r-devel-linux-x86_64-fedora-gcc | 0.1.2 | 265.62 | ERROR | |||
r-devel-windows-x86_64 | 0.1.2 | 19.00 | 145.00 | 164.00 | ERROR | |
r-patched-linux-x86_64 | 0.1.2 | 14.91 | 141.64 | 156.55 | ERROR | |
r-release-linux-x86_64 | 0.1.2 | 17.04 | 142.54 | 159.58 | ERROR | |
r-release-macos-arm64 | 0.1.2 | 67.00 | OK | |||
r-release-macos-x86_64 | 0.1.2 | 127.00 | OK | |||
r-release-windows-x86_64 | 0.1.2 | 18.00 | 164.00 | 182.00 | ERROR | |
r-oldrel-macos-arm64 | 0.1.2 | 66.00 | OK | |||
r-oldrel-macos-x86_64 | 0.1.2 | 99.00 | OK | |||
r-oldrel-windows-x86_64 | 0.1.2 | 25.00 | 182.00 | 207.00 | ERROR |
Version: 0.1.2
Check: examples
Result: ERROR
Running examples in ‘AnalysisLin-Ex.R’ failed
The error most likely occurred in:
> base::assign(".ptime", proc.time(), pos = "CheckExEnv")
> ### Name: qq_plot
> ### Title: QQ Plots for Numerical Variables
> ### Aliases: qq_plot
>
> ### ** Examples
>
> data(mtcars)
> qq_plot(mtcars)
Error in eval(substitute(expr), data, enclos = parent.frame()) :
object 'x' not found
Calls: qq_plot ... to_basic.GeomAbline -> with -> with.default -> eval -> eval
Execution halted
Examples with CPU (user + system) or elapsed time > 5s
user system elapsed
dens_plot 7.117 0.358 6.716
hist_plot 5.558 0.151 6.691
Flavor: r-devel-linux-x86_64-debian-clang
Version: 0.1.2
Check: examples
Result: ERROR
Running examples in ‘AnalysisLin-Ex.R’ failed
The error most likely occurred in:
> base::assign(".ptime", proc.time(), pos = "CheckExEnv")
> ### Name: qq_plot
> ### Title: QQ Plots for Numerical Variables
> ### Aliases: qq_plot
>
> ### ** Examples
>
> data(mtcars)
> qq_plot(mtcars)
Error in eval(substitute(expr), data, enclos = parent.frame()) :
object 'x' not found
Calls: qq_plot ... to_basic.GeomAbline -> with -> with.default -> eval -> eval
Execution halted
Flavor: r-devel-linux-x86_64-debian-gcc
Version: 0.1.2
Check: examples
Result: ERROR
Running examples in ‘AnalysisLin-Ex.R’ failed
The error most likely occurred in:
> ### Name: qq_plot
> ### Title: QQ Plots for Numerical Variables
> ### Aliases: qq_plot
>
> ### ** Examples
>
> data(mtcars)
> qq_plot(mtcars)
Error in eval(substitute(expr), data, enclos = parent.frame()) :
object 'x' not found
Calls: qq_plot ... to_basic.GeomAbline -> with -> with.default -> eval -> eval
Execution halted
Flavors: r-devel-linux-x86_64-fedora-clang, r-devel-linux-x86_64-fedora-gcc, r-devel-windows-x86_64, r-release-windows-x86_64, r-oldrel-windows-x86_64
Version: 0.1.2
Check: examples
Result: ERROR
Running examples in ‘AnalysisLin-Ex.R’ failed
The error most likely occurred in:
> base::assign(".ptime", proc.time(), pos = "CheckExEnv")
> ### Name: qq_plot
> ### Title: QQ Plots for Numerical Variables
> ### Aliases: qq_plot
>
> ### ** Examples
>
> data(mtcars)
> qq_plot(mtcars)
Error in eval(substitute(expr), data, enclos = parent.frame()) :
object 'x' not found
Calls: qq_plot ... to_basic.GeomAbline -> with -> with.default -> eval -> eval
Execution halted
Examples with CPU (user + system) or elapsed time > 5s
user system elapsed
dens_plot 6.137 0.277 8.201
hist_plot 5.061 0.126 6.109
Flavor: r-patched-linux-x86_64
Version: 0.1.2
Check: examples
Result: ERROR
Running examples in ‘AnalysisLin-Ex.R’ failed
The error most likely occurred in:
> base::assign(".ptime", proc.time(), pos = "CheckExEnv")
> ### Name: qq_plot
> ### Title: QQ Plots for Numerical Variables
> ### Aliases: qq_plot
>
> ### ** Examples
>
> data(mtcars)
> qq_plot(mtcars)
Error in eval(substitute(expr), data, enclos = parent.frame()) :
object 'x' not found
Calls: qq_plot ... to_basic.GeomAbline -> with -> with.default -> eval -> eval
Execution halted
Examples with CPU (user + system) or elapsed time > 5s
user system elapsed
dens_plot 6.121 0.257 8.003
hist_plot 5.214 0.086 6.966
Flavor: r-release-linux-x86_64
These binaries (installable software) and packages are in development.
They may not be fully stable and should be used with caution. We make no claims about them.
Health stats visible at Monitor.