Last updated on 2025-05-03 22:49:47 CEST.
Flavor | Version | Tinstall | Tcheck | Ttotal | Status | Flags |
---|---|---|---|---|---|---|
r-devel-linux-x86_64-debian-clang | 1.0.1 | 2.44 | 25.87 | 28.31 | NOTE | |
r-devel-linux-x86_64-debian-gcc | 1.0.1 | 1.64 | 19.07 | 20.71 | NOTE | |
r-devel-linux-x86_64-fedora-clang | 1.0.1 | 42.75 | NOTE | |||
r-devel-linux-x86_64-fedora-gcc | 1.0.1 | 40.35 | NOTE | |||
r-devel-windows-x86_64 | 1.0.1 | 4.00 | 45.00 | 49.00 | NOTE | |
r-patched-linux-x86_64 | 1.0.1 | 2.35 | 24.28 | 26.63 | NOTE | |
r-release-linux-x86_64 | NOTE | |||||
r-release-macos-arm64 | 1.0.1 | 17.00 | NOTE | |||
r-release-macos-x86_64 | 1.0.1 | 34.00 | NOTE | |||
r-release-windows-x86_64 | 1.0.1 | 4.00 | 46.00 | 50.00 | NOTE | |
r-oldrel-macos-arm64 | 1.0.1 | 20.00 | NOTE | |||
r-oldrel-macos-x86_64 | 1.0.1 | 28.00 | NOTE | |||
r-oldrel-windows-x86_64 | 1.0.1 | 4.00 | 43.00 | 47.00 | NOTE |
Version: 1.0.1
Check: CRAN incoming feasibility
Result: NOTE
Maintainer: ‘W. E. Wansouwé <ericwansouwe@gmail.com>’
No Authors@R field in DESCRIPTION.
Please add one, modifying
Authors@R: c(person(given = c("W.", "E."),
family = "Wansouwé",
role = c("aut", "cre"),
email = "ericwansouwe@gmail.com"),
person(given = c("S.", "M."),
family = "Somé",
role = "aut"),
person(given = c("C.", "C."),
family = "Kokonendji",
role = "aut"))
as necessary.
The URL field contains the following bad parts:
www.r-project.org
The URL field should be a list of URLs separated by commas or
whitespace.
Flavors: r-devel-linux-x86_64-debian-clang, r-devel-linux-x86_64-debian-gcc
Version: 1.0.1
Check: Rd files
Result: NOTE
checkRd: (-1) plot.dke.fun.Rd:33: Lost braces; missing escapes or markup?
33 | \item{las}{ Numeric in {0,1,2,3}; the style of axis labels.
| ^
Flavors: r-devel-linux-x86_64-debian-clang, r-devel-linux-x86_64-debian-gcc, r-devel-linux-x86_64-fedora-clang, r-devel-linux-x86_64-fedora-gcc, r-devel-windows-x86_64, r-patched-linux-x86_64, r-release-linux-x86_64, r-release-macos-arm64, r-release-macos-x86_64, r-release-windows-x86_64, r-oldrel-macos-arm64, r-oldrel-macos-x86_64, r-oldrel-windows-x86_64
These binaries (installable software) and packages are in development.
They may not be fully stable and should be used with caution. We make no claims about them.
Health stats visible at Monitor.