Last updated on 2025-05-15 09:52:08 CEST.
Flavor | Version | Tinstall | Tcheck | Ttotal | Status | Flags |
---|---|---|---|---|---|---|
r-devel-linux-x86_64-debian-clang | 1.1.1 | 2.20 | 25.69 | 27.89 | NOTE | |
r-devel-linux-x86_64-debian-gcc | 1.1.1 | 1.60 | 19.36 | 20.96 | NOTE | |
r-devel-linux-x86_64-fedora-clang | 1.1.1 | 45.46 | OK | |||
r-devel-linux-x86_64-fedora-gcc | 1.1.1 | 42.29 | OK | |||
r-devel-windows-x86_64 | 1.1.1 | 3.00 | 50.00 | 53.00 | OK | |
r-patched-linux-x86_64 | 1.1.1 | 2.43 | 24.74 | 27.17 | OK | |
r-release-linux-x86_64 | 1.1.1 | 2.27 | 24.61 | 26.88 | OK | |
r-release-macos-arm64 | 1.1.1 | 21.00 | OK | |||
r-release-macos-x86_64 | 1.1.1 | 32.00 | OK | |||
r-release-windows-x86_64 | 1.1.1 | 4.00 | 50.00 | 54.00 | OK | |
r-oldrel-macos-arm64 | 1.1.1 | 22.00 | NOTE | |||
r-oldrel-macos-x86_64 | 1.1.1 | 25.00 | NOTE | |||
r-oldrel-windows-x86_64 | 1.1.1 | 3.00 | 53.00 | 56.00 | NOTE |
Version: 1.1.1
Check: CRAN incoming feasibility
Result: NOTE
Maintainer: ‘Dong Zhang <dzhang0716@126.com>’
No Authors@R field in DESCRIPTION.
Please add one, modifying
Authors@R: person(given = "Dong",
family = "Zhang",
role = c("aut", "cre"),
email = "dzhang0716@126.com")
as necessary.
Found the following (possibly) invalid file URIs:
URI: dzhang0716@126.com
From: man/rARS.Rd
URI: dzhang0716@126.com
From: man/rASS.Rd
URI: dzhang0716@126.com
From: man/rCCARS.Rd
URI: dzhang0716@126.com
From: man/rMARS.Rd
Flavors: r-devel-linux-x86_64-debian-clang, r-devel-linux-x86_64-debian-gcc
Version: 1.1.1
Check: LazyData
Result: NOTE
'LazyData' is specified without a 'data' directory
Flavors: r-oldrel-macos-arm64, r-oldrel-macos-x86_64, r-oldrel-windows-x86_64
These binaries (installable software) and packages are in development.
They may not be fully stable and should be used with caution. We make no claims about them.
Health stats visible at Monitor.