Last updated on 2025-02-23 19:50:59 CET.
Flavor | Version | Tinstall | Tcheck | Ttotal | Status | Flags |
---|---|---|---|---|---|---|
r-devel-linux-x86_64-debian-clang | 0.1.0 | 2.44 | 109.05 | 111.49 | NOTE | |
r-devel-linux-x86_64-debian-gcc | 0.1.0 | 1.54 | 65.43 | 66.97 | NOTE | |
r-devel-linux-x86_64-fedora-clang | 0.1.0 | 168.74 | NOTE | |||
r-devel-linux-x86_64-fedora-gcc | 0.1.0 | 213.99 | NOTE | |||
r-devel-macos-arm64 | 0.1.0 | 58.00 | NOTE | |||
r-devel-macos-x86_64 | 0.1.0 | 112.00 | NOTE | |||
r-devel-windows-x86_64 | 0.1.0 | 4.00 | 124.00 | 128.00 | NOTE | |
r-patched-linux-x86_64 | 0.1.0 | 2.57 | 119.71 | 122.28 | NOTE | |
r-release-linux-x86_64 | 0.1.0 | 2.31 | 123.79 | 126.10 | NOTE | |
r-release-macos-arm64 | 0.1.0 | 54.00 | NOTE | |||
r-release-macos-x86_64 | 0.1.0 | 86.00 | NOTE | |||
r-release-windows-x86_64 | 0.1.0 | 4.00 | 121.00 | 125.00 | NOTE | |
r-oldrel-macos-arm64 | 0.1.0 | 56.00 | OK | |||
r-oldrel-macos-x86_64 | 0.1.0 | 99.00 | OK | |||
r-oldrel-windows-x86_64 | 0.1.0 | 4.00 | 191.00 | 195.00 | OK |
Version: 0.1.0
Check: Rd files
Result: NOTE
checkRd: (-1) simulation_dgp.Rd:14: Lost braces; missing escapes or markup?
14 | \item{x_discrete}{TRUE if the distribution of the covariate is uniform on {-3.0, -2.9, ..., 3.0} and
| ^
checkRd: (-1) simulation_dgp.Rd:23: Lost braces
23 | \item{att_oracle}{the sample analog of E[D{Y(1) - Y(0)}|D=1]}
| ^
Flavors: r-devel-linux-x86_64-debian-clang, r-devel-linux-x86_64-debian-gcc, r-devel-linux-x86_64-fedora-clang, r-devel-linux-x86_64-fedora-gcc, r-devel-macos-arm64, r-devel-macos-x86_64, r-devel-windows-x86_64, r-patched-linux-x86_64, r-release-linux-x86_64, r-release-macos-arm64, r-release-macos-x86_64, r-release-windows-x86_64
These binaries (installable software) and packages are in development.
They may not be fully stable and should be used with caution. We make no claims about them.
Health stats visible at Monitor.