Last updated on 2025-05-15 13:50:54 CEST.
Flavor | Version | Tinstall | Tcheck | Ttotal | Status | Flags |
---|---|---|---|---|---|---|
r-devel-linux-x86_64-debian-clang | 0.1.0 | 2.42 | 111.73 | 114.15 | NOTE | |
r-devel-linux-x86_64-debian-gcc | 0.1.0 | 1.79 | 65.70 | 67.49 | NOTE | |
r-devel-linux-x86_64-fedora-clang | 0.1.0 | 170.34 | NOTE | |||
r-devel-linux-x86_64-fedora-gcc | 0.1.0 | 198.88 | NOTE | |||
r-devel-windows-x86_64 | 0.1.0 | 3.00 | 122.00 | 125.00 | NOTE | |
r-patched-linux-x86_64 | 0.1.0 | 2.12 | 116.50 | 118.62 | NOTE | |
r-release-linux-x86_64 | 0.1.0 | 2.42 | 116.98 | 119.40 | NOTE | |
r-release-macos-arm64 | 0.1.0 | 64.00 | NOTE | |||
r-release-macos-x86_64 | 0.1.0 | 118.00 | NOTE | |||
r-release-windows-x86_64 | 0.1.0 | 3.00 | 123.00 | 126.00 | NOTE | |
r-oldrel-macos-arm64 | 0.1.0 | 54.00 | NOTE | |||
r-oldrel-macos-x86_64 | 0.1.0 | 86.00 | NOTE | |||
r-oldrel-windows-x86_64 | 0.1.0 | 4.00 | 215.00 | 219.00 | NOTE |
Version: 0.1.0
Check: CRAN incoming feasibility
Result: NOTE
Maintainer: ‘Sokbae Lee <sl3841@columbia.edu>’
The Description field contains
Pooling Limited Information across Observations," <arXiv:2111.05243>.
Please refer to arXiv e-prints via their arXiv DOI <doi:10.48550/arXiv.YYMM.NNNNN>.
Flavors: r-devel-linux-x86_64-debian-clang, r-devel-linux-x86_64-debian-gcc
Version: 0.1.0
Check: Rd files
Result: NOTE
checkRd: (-1) simulation_dgp.Rd:14: Lost braces; missing escapes or markup?
14 | \item{x_discrete}{TRUE if the distribution of the covariate is uniform on {-3.0, -2.9, ..., 3.0} and
| ^
checkRd: (-1) simulation_dgp.Rd:23: Lost braces
23 | \item{att_oracle}{the sample analog of E[D{Y(1) - Y(0)}|D=1]}
| ^
Flavors: r-devel-linux-x86_64-debian-clang, r-devel-linux-x86_64-debian-gcc, r-devel-linux-x86_64-fedora-clang, r-devel-linux-x86_64-fedora-gcc, r-devel-windows-x86_64, r-patched-linux-x86_64, r-release-linux-x86_64, r-release-macos-arm64, r-release-macos-x86_64, r-release-windows-x86_64, r-oldrel-macos-arm64, r-oldrel-macos-x86_64, r-oldrel-windows-x86_64
These binaries (installable software) and packages are in development.
They may not be fully stable and should be used with caution. We make no claims about them.
Health stats visible at Monitor.