Last updated on 2024-05-02 04:00:06 CEST.
Flavor | Version | Tinstall | Tcheck | Ttotal | Status | Flags |
---|---|---|---|---|---|---|
r-devel-linux-x86_64-debian-clang | 0.6.2 | 6.86 | 225.07 | 231.93 | OK | |
r-devel-linux-x86_64-debian-gcc | 0.6.2 | 4.88 | 166.59 | 171.47 | OK | |
r-devel-linux-x86_64-fedora-clang | 0.6.2 | 285.91 | OK | |||
r-devel-linux-x86_64-fedora-gcc | 0.6.2 | 284.66 | OK | |||
r-devel-windows-x86_64 | 0.6.2 | 7.00 | 210.00 | 217.00 | OK | |
r-patched-linux-x86_64 | 0.6.2 | 6.55 | 212.69 | 219.24 | OK | |
r-release-linux-x86_64 | 0.6.2 | 8.04 | 214.96 | 223.00 | OK | |
r-release-macos-arm64 | 0.6.2 | 107.00 | ERROR | |||
r-release-macos-x86_64 | 0.6.2 | 226.00 | OK | |||
r-release-windows-x86_64 | 0.6.2 | 7.00 | 215.00 | 222.00 | OK | |
r-oldrel-macos-arm64 | 0.6.2 | 130.00 | ERROR | |||
r-oldrel-macos-x86_64 | 0.6.2 | 210.00 | OK | |||
r-oldrel-windows-x86_64 | 0.6.2 | 9.00 | 236.00 | 245.00 | OK |
Version: 0.6.2
Check: tests
Result: ERROR
Running ‘testthat.R’ [16s/21s]
Running the tests in ‘tests/testthat.R’ failed.
Last 13 lines of output:
`actual`: "2022-06-26 22:41:55" "2021-08-09 21:49:06"
`expected`: "2022-06-27 22:41:50" "2021-08-10 21:47:13"
── Failure ('test-06_calc_sun.R:95:3'): calc_ss_diff() ─────────────────────────
all(dplyr::select(diff, starts_with("t2")) < 48 * 60) is not TRUE
`actual`: FALSE
`expected`: TRUE
[ FAIL 3 | WARN 0 | SKIP 6 | PASS 488 ]
Deleting unused snapshots:
• 08_selections/sim-selection-weights2.svg
• 08_selections/sim-selection-weights3.svg
Error: Test failures
Execution halted
Flavor: r-release-macos-arm64
Version: 0.6.2
Check: tests
Result: ERROR
Running ‘testthat.R’ [18s/26s]
Running the tests in ‘tests/testthat.R’ failed.
Last 13 lines of output:
`actual`: "2022-06-26 22:41:55" "2021-08-09 21:49:06"
`expected`: "2022-06-27 22:41:50" "2021-08-10 21:47:13"
── Failure ('test-06_calc_sun.R:95:3'): calc_ss_diff() ─────────────────────────
all(dplyr::select(diff, starts_with("t2")) < 48 * 60) is not TRUE
`actual`: FALSE
`expected`: TRUE
[ FAIL 3 | WARN 0 | SKIP 6 | PASS 488 ]
Deleting unused snapshots:
• 08_selections/sim-selection-weights2.svg
• 08_selections/sim-selection-weights3.svg
Error: Test failures
Execution halted
Flavor: r-oldrel-macos-arm64
These binaries (installable software) and packages are in development.
They may not be fully stable and should be used with caution. We make no claims about them.
Health stats visible at Monitor.