Last updated on 2025-02-23 19:50:59 CET.
Flavor | Version | Tinstall | Tcheck | Ttotal | Status | Flags |
---|---|---|---|---|---|---|
r-devel-linux-x86_64-debian-clang | 0.2.4 | 7.71 | 229.82 | 237.53 | NOTE | |
r-devel-linux-x86_64-debian-gcc | 0.2.4 | 4.62 | 138.65 | 143.27 | NOTE | |
r-devel-linux-x86_64-fedora-clang | 0.2.4 | 410.80 | NOTE | |||
r-devel-linux-x86_64-fedora-gcc | 0.2.4 | 396.89 | NOTE | |||
r-devel-macos-arm64 | 0.2.4 | 92.00 | NOTE | |||
r-devel-macos-x86_64 | 0.2.4 | 200.00 | NOTE | |||
r-devel-windows-x86_64 | 0.2.4 | 10.00 | 212.00 | 222.00 | NOTE | |
r-patched-linux-x86_64 | 0.2.4 | 8.17 | 219.20 | 227.37 | NOTE | |
r-release-linux-x86_64 | 0.2.4 | 7.42 | 218.96 | 226.38 | NOTE | |
r-release-macos-arm64 | 0.2.4 | 87.00 | NOTE | |||
r-release-macos-x86_64 | 0.2.4 | 149.00 | NOTE | |||
r-release-windows-x86_64 | 0.2.4 | 9.00 | 207.00 | 216.00 | NOTE | |
r-oldrel-macos-arm64 | 0.2.4 | 100.00 | OK | |||
r-oldrel-macos-x86_64 | 0.2.4 | 173.00 | OK | |||
r-oldrel-windows-x86_64 | 0.2.4 | 11.00 | 282.00 | 293.00 | OK |
Version: 0.2.4
Check: Rd files
Result: NOTE
checkRd: (-1) recm.Rd:55: Lost braces; missing escapes or markup?
55 | {In all cases,} \eqn{x_{j,t-1}} {in} \eqn{ECT} {is replaced by} \eqn{x_{j,t} \;\;\;\;\; \forall \;\; q_{j} = 0}
| ^
checkRd: (-1) recm.Rd:55: Lost braces; missing escapes or markup?
55 | {In all cases,} \eqn{x_{j,t-1}} {in} \eqn{ECT} {is replaced by} \eqn{x_{j,t} \;\;\;\;\; \forall \;\; q_{j} = 0}
| ^
checkRd: (-1) recm.Rd:55: Lost braces; missing escapes or markup?
55 | {In all cases,} \eqn{x_{j,t-1}} {in} \eqn{ECT} {is replaced by} \eqn{x_{j,t} \;\;\;\;\; \forall \;\; q_{j} = 0}
| ^
checkRd: (-1) uecm.Rd:76: Lost braces; missing escapes or markup?
76 | {In addition,} \eqn{x_{j,t-1}} {and} \eqn{\Delta x_{j,t}} {cancel out
| ^
checkRd: (-1) uecm.Rd:76: Lost braces; missing escapes or markup?
76 | {In addition,} \eqn{x_{j,t-1}} {and} \eqn{\Delta x_{j,t}} {cancel out
| ^
checkRd: (-1) uecm.Rd:76-77: Lost braces
76 | {In addition,} \eqn{x_{j,t-1}} {and} \eqn{\Delta x_{j,t}} {cancel out
| ^
Flavors: r-devel-linux-x86_64-debian-clang, r-devel-linux-x86_64-debian-gcc, r-devel-linux-x86_64-fedora-clang, r-devel-linux-x86_64-fedora-gcc, r-devel-macos-arm64, r-devel-macos-x86_64, r-devel-windows-x86_64, r-patched-linux-x86_64, r-release-linux-x86_64, r-release-macos-arm64, r-release-macos-x86_64, r-release-windows-x86_64
These binaries (installable software) and packages are in development.
They may not be fully stable and should be used with caution. We make no claims about them.
Health stats visible at Monitor.