CRAN Package Check Results for Package AHSurv

Last updated on 2025-05-17 15:50:36 CEST.

Flavor Version Tinstall Tcheck Ttotal Status Flags
r-devel-linux-x86_64-debian-clang 0.1.0 11.61 91.81 103.42 NOTE
r-devel-linux-x86_64-debian-gcc 0.1.0 8.46 65.82 74.28 NOTE
r-devel-linux-x86_64-fedora-clang 0.1.0 157.68 NOTE
r-devel-linux-x86_64-fedora-gcc 0.1.0 163.35 NOTE
r-devel-windows-x86_64 0.1.0 13.00 105.00 118.00 NOTE
r-patched-linux-x86_64 0.1.0 12.42 86.62 99.04 NOTE
r-release-linux-x86_64 0.1.0 9.07 85.95 95.02 NOTE
r-release-macos-arm64 0.1.0 44.00 NOTE
r-release-macos-x86_64 0.1.0 85.00 NOTE
r-release-windows-x86_64 0.1.0 13.00 105.00 118.00 NOTE
r-oldrel-macos-arm64 0.1.0 41.00 NOTE
r-oldrel-macos-x86_64 0.1.0 67.00 NOTE
r-oldrel-windows-x86_64 0.1.0 17.00 127.00 144.00 NOTE

Check Details

Version: 0.1.0
Check: CRAN incoming feasibility
Result: NOTE Maintainer: ‘Abdisalam Hassan Muse <abdisalam.h.muse@gmail.com>’ No Authors@R field in DESCRIPTION. Please add one, modifying Authors@R: c(person(given = "Authors@R.", family = "c)", role = "aut", comment = "\"aut\", \"ctb\",\"cre\""), person(family = "person)", role = "aut", comment = "\"ctb\""), person(family = "person)", role = "aut", comment = "\"ctb\""), person(given = "person)", family = ")", role = "aut", comment = "\"ctb\""), person(given = c("Abdisalam", "Hassan"), family = "Muse", role = "cre", email = "abdisalam.h.muse@gmail.com")) as necessary. Flavors: r-devel-linux-x86_64-debian-clang, r-devel-linux-x86_64-debian-gcc

Version: 0.1.0
Check: Rd files
Result: NOTE checkRd: (-1) AEHMLE.Rd:42-45: Lost braces 42 | \item{basehaz}{: {baseline hazard structure including baseline | ^ checkRd: (-1) AHMLE.Rd:41-43: Lost braces 41 | \item{basehaz}{: {baseline hazard structure including baseline | ^ Flavors: r-devel-linux-x86_64-debian-clang, r-devel-linux-x86_64-debian-gcc, r-devel-linux-x86_64-fedora-clang, r-devel-linux-x86_64-fedora-gcc, r-devel-windows-x86_64, r-patched-linux-x86_64, r-release-linux-x86_64, r-release-macos-arm64, r-release-macos-x86_64, r-release-windows-x86_64, r-oldrel-macos-arm64, r-oldrel-macos-x86_64, r-oldrel-windows-x86_64

These binaries (installable software) and packages are in development.
They may not be fully stable and should be used with caution. We make no claims about them.
Health stats visible at Monitor.