Last updated on 2025-02-23 19:50:59 CET.
Flavor | Version | Tinstall | Tcheck | Ttotal | Status | Flags |
---|---|---|---|---|---|---|
r-devel-linux-x86_64-debian-clang | 1.2-14 | 8.79 | 246.23 | 255.02 | NOTE | |
r-devel-linux-x86_64-debian-gcc | 1.2-14 | 7.04 | 207.52 | 214.56 | NOTE | |
r-devel-linux-x86_64-fedora-clang | 1.2-14 | 428.06 | NOTE | |||
r-devel-linux-x86_64-fedora-gcc | 1.2-14 | 430.20 | NOTE | |||
r-devel-macos-arm64 | 1.2-14 | 142.00 | OK | |||
r-devel-macos-x86_64 | 1.2-14 | 277.00 | NOTE | |||
r-devel-windows-x86_64 | 1.2-14 | 11.00 | 364.00 | 375.00 | NOTE | |
r-patched-linux-x86_64 | 1.2-14 | 12.19 | 235.62 | 247.81 | OK | |
r-release-linux-x86_64 | 1.2-14 | 8.24 | 236.30 | 244.54 | OK | |
r-release-macos-arm64 | 1.2-14 | 111.00 | OK | |||
r-release-macos-x86_64 | 1.2-14 | 184.00 | OK | |||
r-release-windows-x86_64 | 1.2-14 | 11.00 | 356.00 | 367.00 | OK | |
r-oldrel-macos-arm64 | 1.2-14 | 136.00 | OK | |||
r-oldrel-macos-x86_64 | 1.2-14 | 208.00 | OK | |||
r-oldrel-windows-x86_64 | 1.2-14 | 14.00 | 395.00 | 409.00 | OK |
Version: 1.2-14
Check: tests
Result: NOTE
Running ‘Ch-Basics.R’ [2s/3s]
Comparing ‘Ch-Basics.Rout’ to ‘Ch-Basics.Rout.save’ ... OK
Running ‘Ch-Intro.R’ [3s/3s]
Comparing ‘Ch-Intro.Rout’ to ‘Ch-Intro.Rout.save’ ... OK
Running ‘Ch-LinearRegression.R’ [6s/6s]
Comparing ‘Ch-LinearRegression.Rout’ to ‘Ch-LinearRegression.Rout.save’ ...46,51c46,51
< Min. : 2 Min. : 20 Min. : 0.00522
< 1st Qu.: 52 1st Qu.: 134 1st Qu.: 0.46449
< Median : 122 Median : 282 Median : 1.32051
< Mean : 197 Mean : 418 Mean : 2.54846
< 3rd Qu.: 268 3rd Qu.: 541 3rd Qu.: 3.44017
< Max. :1098 Max. :2120 Max. :24.45946
---
> Min. : 2 Min. : 20 Min. : 0.005
> 1st Qu.: 52 1st Qu.: 134 1st Qu.: 0.464
> Median : 122 Median : 282 Median : 1.321
> Mean : 197 Mean : 418 Mean : 2.548
> 3rd Qu.: 268 3rd Qu.: 541 3rd Qu.: 3.440
> Max. :1098 Max. :2120 Max. :24.459
886c886
< -0.619068 -0.025568 0.000000 -0.000134 0.033201 0.641027
---
> -0.6191 -0.0256 0.0000 -0.0001 0.0332 0.6410
Running ‘Ch-Microeconometrics.R’ [3s/5s]
Comparing ‘Ch-Microeconometrics.Rout’ to ‘Ch-Microeconometrics.Rout.save’ ... OK
Running ‘Ch-Programming.R’ [30s/39s]
Comparing ‘Ch-Programming.Rout’ to ‘Ch-Programming.Rout.save’ ... OK
Running ‘Ch-TimeSeries.R’ [5s/8s]
Comparing ‘Ch-TimeSeries.Rout’ to ‘Ch-TimeSeries.Rout.save’ ... OK
Running ‘Ch-Validation.R’ [48s/69s]
Comparing ‘Ch-Validation.Rout’ to ‘Ch-Validation.Rout.save’ ... OK
Flavor: r-devel-linux-x86_64-debian-clang
Version: 1.2-14
Check: tests
Result: NOTE
Running ‘Ch-Basics.R’ [2s/2s]
Comparing ‘Ch-Basics.Rout’ to ‘Ch-Basics.Rout.save’ ... OK
Running ‘Ch-Intro.R’ [2s/3s]
Comparing ‘Ch-Intro.Rout’ to ‘Ch-Intro.Rout.save’ ... OK
Running ‘Ch-LinearRegression.R’ [4s/5s]
Comparing ‘Ch-LinearRegression.Rout’ to ‘Ch-LinearRegression.Rout.save’ ...46,51c46,51
< Min. : 2 Min. : 20 Min. : 0.00522
< 1st Qu.: 52 1st Qu.: 134 1st Qu.: 0.46449
< Median : 122 Median : 282 Median : 1.32051
< Mean : 197 Mean : 418 Mean : 2.54846
< 3rd Qu.: 268 3rd Qu.: 541 3rd Qu.: 3.44017
< Max. :1098 Max. :2120 Max. :24.45946
---
> Min. : 2 Min. : 20 Min. : 0.005
> 1st Qu.: 52 1st Qu.: 134 1st Qu.: 0.464
> Median : 122 Median : 282 Median : 1.321
> Mean : 197 Mean : 418 Mean : 2.548
> 3rd Qu.: 268 3rd Qu.: 541 3rd Qu.: 3.440
> Max. :1098 Max. :2120 Max. :24.459
886c886
< -0.619068 -0.025568 0.000000 -0.000134 0.033201 0.641027
---
> -0.6191 -0.0256 0.0000 -0.0001 0.0332 0.6410
Running ‘Ch-Microeconometrics.R’ [3s/4s]
Comparing ‘Ch-Microeconometrics.Rout’ to ‘Ch-Microeconometrics.Rout.save’ ... OK
Running ‘Ch-Programming.R’ [17s/20s]
Comparing ‘Ch-Programming.Rout’ to ‘Ch-Programming.Rout.save’ ... OK
Running ‘Ch-TimeSeries.R’ [3s/4s]
Comparing ‘Ch-TimeSeries.Rout’ to ‘Ch-TimeSeries.Rout.save’ ... OK
Running ‘Ch-Validation.R’ [63s/74s]
Comparing ‘Ch-Validation.Rout’ to ‘Ch-Validation.Rout.save’ ... OK
Flavor: r-devel-linux-x86_64-debian-gcc
Version: 1.2-14
Check: tests
Result: NOTE
Running ‘Ch-Basics.R’
Comparing ‘Ch-Basics.Rout’ to ‘Ch-Basics.Rout.save’ ... OK
Running ‘Ch-Intro.R’ [4s/10s]
Comparing ‘Ch-Intro.Rout’ to ‘Ch-Intro.Rout.save’ ... OK
Running ‘Ch-LinearRegression.R’ [9s/28s]
Comparing ‘Ch-LinearRegression.Rout’ to ‘Ch-LinearRegression.Rout.save’ ...46,51c46,51
< Min. : 2 Min. : 20 Min. : 0.00522
< 1st Qu.: 52 1st Qu.: 134 1st Qu.: 0.46449
< Median : 122 Median : 282 Median : 1.32051
< Mean : 197 Mean : 418 Mean : 2.54846
< 3rd Qu.: 268 3rd Qu.: 541 3rd Qu.: 3.44017
< Max. :1098 Max. :2120 Max. :24.45946
---
> Min. : 2 Min. : 20 Min. : 0.005
> 1st Qu.: 52 1st Qu.: 134 1st Qu.: 0.464
> Median : 122 Median : 282 Median : 1.321
> Mean : 197 Mean : 418 Mean : 2.548
> 3rd Qu.: 268 3rd Qu.: 541 3rd Qu.: 3.440
> Max. :1098 Max. :2120 Max. :24.459
886c886
< -0.619068 -0.025568 0.000000 -0.000134 0.033201 0.641027
---
> -0.6191 -0.0256 0.0000 -0.0001 0.0332 0.6410
Running ‘Ch-Microeconometrics.R’ [6s/20s]
Comparing ‘Ch-Microeconometrics.Rout’ to ‘Ch-Microeconometrics.Rout.save’ ... OK
Running ‘Ch-Programming.R’ [50s/131s]
Comparing ‘Ch-Programming.Rout’ to ‘Ch-Programming.Rout.save’ ... OK
Running ‘Ch-TimeSeries.R’ [9s/16s]
Comparing ‘Ch-TimeSeries.Rout’ to ‘Ch-TimeSeries.Rout.save’ ... OK
Running ‘Ch-Validation.R’ [84s/160s]
Comparing ‘Ch-Validation.Rout’ to ‘Ch-Validation.Rout.save’ ... OK
Flavor: r-devel-linux-x86_64-fedora-clang
Version: 1.2-14
Check: tests
Result: NOTE
Running ‘Ch-Basics.R’
Comparing ‘Ch-Basics.Rout’ to ‘Ch-Basics.Rout.save’ ... OK
Running ‘Ch-Intro.R’ [5s/12s]
Comparing ‘Ch-Intro.Rout’ to ‘Ch-Intro.Rout.save’ ... OK
Running ‘Ch-LinearRegression.R’ [9s/23s]
Comparing ‘Ch-LinearRegression.Rout’ to ‘Ch-LinearRegression.Rout.save’ ...46,51c46,51
< Min. : 2 Min. : 20 Min. : 0.00522
< 1st Qu.: 52 1st Qu.: 134 1st Qu.: 0.46449
< Median : 122 Median : 282 Median : 1.32051
< Mean : 197 Mean : 418 Mean : 2.54846
< 3rd Qu.: 268 3rd Qu.: 541 3rd Qu.: 3.44017
< Max. :1098 Max. :2120 Max. :24.45946
---
> Min. : 2 Min. : 20 Min. : 0.005
> 1st Qu.: 52 1st Qu.: 134 1st Qu.: 0.464
> Median : 122 Median : 282 Median : 1.321
> Mean : 197 Mean : 418 Mean : 2.548
> 3rd Qu.: 268 3rd Qu.: 541 3rd Qu.: 3.440
> Max. :1098 Max. :2120 Max. :24.459
886c886
< -0.619068 -0.025568 0.000000 -0.000134 0.033201 0.641027
---
> -0.6191 -0.0256 0.0000 -0.0001 0.0332 0.6410
Running ‘Ch-Microeconometrics.R’ [5s/14s]
Comparing ‘Ch-Microeconometrics.Rout’ to ‘Ch-Microeconometrics.Rout.save’ ... OK
Running ‘Ch-Programming.R’ [55s/136s]
Comparing ‘Ch-Programming.Rout’ to ‘Ch-Programming.Rout.save’ ... OK
Running ‘Ch-TimeSeries.R’ [9s/21s]
Comparing ‘Ch-TimeSeries.Rout’ to ‘Ch-TimeSeries.Rout.save’ ... OK
Running ‘Ch-Validation.R’ [72s/193s]
Comparing ‘Ch-Validation.Rout’ to ‘Ch-Validation.Rout.save’ ... OK
Flavor: r-devel-linux-x86_64-fedora-gcc
Version: 1.2-14
Check: tests
Result: NOTE
Running ‘Ch-Basics.R’ [1s/2s]
Comparing ‘Ch-Basics.Rout’ to ‘Ch-Basics.Rout.save’ ... OK
Running ‘Ch-Intro.R’ [2s/2s]
Comparing ‘Ch-Intro.Rout’ to ‘Ch-Intro.Rout.save’ ... OK
Running ‘Ch-LinearRegression.R’ [4s/6s]
Comparing ‘Ch-LinearRegression.Rout’ to ‘Ch-LinearRegression.Rout.save’ ...46,51c46,51
< Min. : 2 Min. : 20 Min. : 0.00522
< 1st Qu.: 52 1st Qu.: 134 1st Qu.: 0.46449
< Median : 122 Median : 282 Median : 1.32051
< Mean : 197 Mean : 418 Mean : 2.54846
< 3rd Qu.: 268 3rd Qu.: 541 3rd Qu.: 3.44017
< Max. :1098 Max. :2120 Max. :24.45946
---
> Min. : 2 Min. : 20 Min. : 0.005
> 1st Qu.: 52 1st Qu.: 134 1st Qu.: 0.464
> Median : 122 Median : 282 Median : 1.321
> Mean : 197 Mean : 418 Mean : 2.548
> 3rd Qu.: 268 3rd Qu.: 541 3rd Qu.: 3.440
> Max. :1098 Max. :2120 Max. :24.459
886c886
< -0.619068 -0.025568 0.000000 -0.000134 0.033201 0.641027
---
> -0.6191 -0.0256 0.0000 -0.0001 0.0332 0.6410
Running ‘Ch-Microeconometrics.R’ [2s/3s]
Comparing ‘Ch-Microeconometrics.Rout’ to ‘Ch-Microeconometrics.Rout.save’ ... OK
Running ‘Ch-Programming.R’ [17s/23s]
Comparing ‘Ch-Programming.Rout’ to ‘Ch-Programming.Rout.save’ ... OK
Running ‘Ch-TimeSeries.R’ [3s/4s]
Comparing ‘Ch-TimeSeries.Rout’ to ‘Ch-TimeSeries.Rout.save’ ... OK
Running ‘Ch-Validation.R’ [59s/83s]
Comparing ‘Ch-Validation.Rout’ to ‘Ch-Validation.Rout.save’ ... OK
Flavor: r-devel-macos-x86_64
Version: 1.2-14
Check: tests
Result: NOTE
Running 'Ch-Basics.R' [2s]
Comparing 'Ch-Basics.Rout' to 'Ch-Basics.Rout.save' ... OK
Running 'Ch-Intro.R' [2s]
Comparing 'Ch-Intro.Rout' to 'Ch-Intro.Rout.save' ... OK
Running 'Ch-LinearRegression.R' [6s]
Comparing 'Ch-LinearRegression.Rout' to 'Ch-LinearRegression.Rout.save' ...46,51c46,51
< Min. : 2 Min. : 20 Min. : 0.00522
< 1st Qu.: 52 1st Qu.: 134 1st Qu.: 0.46449
< Median : 122 Median : 282 Median : 1.32051
< Mean : 197 Mean : 418 Mean : 2.54846
< 3rd Qu.: 268 3rd Qu.: 541 3rd Qu.: 3.44017
< Max. :1098 Max. :2120 Max. :24.45946
---
> Min. : 2 Min. : 20 Min. : 0.005
> 1st Qu.: 52 1st Qu.: 134 1st Qu.: 0.464
> Median : 122 Median : 282 Median : 1.321
> Mean : 197 Mean : 418 Mean : 2.548
> 3rd Qu.: 268 3rd Qu.: 541 3rd Qu.: 3.440
> Max. :1098 Max. :2120 Max. :24.459
886c886
< -0.619068 -0.025568 0.000000 -0.000134 0.033201 0.641027
---
> -0.6191 -0.0256 0.0000 -0.0001 0.0332 0.6410
Running 'Ch-Microeconometrics.R' [3s]
Comparing 'Ch-Microeconometrics.Rout' to 'Ch-Microeconometrics.Rout.save' ... OK
Running 'Ch-Programming.R' [22s]
Comparing 'Ch-Programming.Rout' to 'Ch-Programming.Rout.save' ... OK
Running 'Ch-TimeSeries.R' [5s]
Comparing 'Ch-TimeSeries.Rout' to 'Ch-TimeSeries.Rout.save' ... OK
Running 'Ch-Validation.R' [75s]
Comparing 'Ch-Validation.Rout' to 'Ch-Validation.Rout.save' ... OK
Flavor: r-devel-windows-x86_64
These binaries (installable software) and packages are in development.
They may not be fully stable and should be used with caution. We make no claims about them.
Health stats visible at Monitor.