Last updated on 2025-02-23 19:50:59 CET.
Flavor | Version | Tinstall | Tcheck | Ttotal | Status | Flags |
---|---|---|---|---|---|---|
r-devel-linux-x86_64-debian-clang | 0.1.4 | 2.69 | 20.75 | 23.44 | NOTE | |
r-devel-linux-x86_64-debian-gcc | 0.1.4 | 1.64 | 16.30 | 17.94 | NOTE | |
r-devel-linux-x86_64-fedora-clang | 0.1.4 | 39.77 | NOTE | |||
r-devel-linux-x86_64-fedora-gcc | 0.1.4 | 37.61 | NOTE | |||
r-devel-macos-arm64 | 0.1.4 | 19.00 | NOTE | |||
r-devel-macos-x86_64 | 0.1.4 | 28.00 | NOTE | |||
r-devel-windows-x86_64 | 0.1.4 | 4.00 | 43.00 | 47.00 | NOTE | |
r-patched-linux-x86_64 | 0.1.4 | 2.12 | 12.57 | 14.69 | NOTE | |
r-release-linux-x86_64 | 0.1.4 | 2.36 | 12.49 | 14.85 | NOTE | |
r-release-macos-arm64 | 0.1.4 | 24.00 | NOTE | |||
r-release-macos-x86_64 | 0.1.4 | 22.00 | NOTE | |||
r-release-windows-x86_64 | 0.1.4 | 4.00 | 42.00 | 46.00 | NOTE | |
r-oldrel-macos-arm64 | 0.1.4 | 17.00 | OK | |||
r-oldrel-macos-x86_64 | 0.1.4 | 22.00 | OK | |||
r-oldrel-windows-x86_64 | 0.1.4 | 4.00 | 41.00 | 45.00 | OK |
Version: 0.1.4
Check: Rd files
Result: NOTE
checkRd: (-1) fitaep.Rd:14: Lost braces
14 | \item A sequence of goodness-of-fit measures consist of Akaike Information Criterion (\code{AIC}), Consistent Akaike Information Criterion (\code{CAIC}), Bayesian Information Criterion (\code{BIC}), Hannan-Quinn information criterion (\code{HQIC}), Anderson-Darling (\code{AD}), Cram\'{e}er-von Misses (\code{CVM}), Kolmogorov-Smirnov (\code{KS}), and log-likelihood (\code{log-likelihood}) statistics.
| ^
Flavors: r-devel-linux-x86_64-debian-clang, r-devel-linux-x86_64-debian-gcc, r-devel-linux-x86_64-fedora-clang, r-devel-linux-x86_64-fedora-gcc, r-devel-macos-arm64, r-devel-macos-x86_64, r-devel-windows-x86_64, r-patched-linux-x86_64, r-release-linux-x86_64, r-release-macos-arm64, r-release-macos-x86_64, r-release-windows-x86_64
These binaries (installable software) and packages are in development.
They may not be fully stable and should be used with caution. We make no claims about them.
Health stats visible at Monitor.