Last updated on 2025-11-19 09:48:54 CET.
| Flavor | Version | Tinstall | Tcheck | Ttotal | Status | Flags |
|---|---|---|---|---|---|---|
| r-devel-linux-x86_64-debian-clang | 5.7.0 | 9.25 | 86.46 | 95.71 | OK | |
| r-devel-linux-x86_64-debian-gcc | 5.7.0 | 6.77 | 64.00 | 70.77 | OK | |
| r-devel-linux-x86_64-fedora-clang | 5.7.0 | 20.00 | 127.39 | 147.39 | OK | |
| r-devel-linux-x86_64-fedora-gcc | 5.7.0 | 50.00 | 117.36 | 167.36 | OK | |
| r-devel-windows-x86_64 | 5.7.0 | 17.00 | 94.00 | 111.00 | NOTE | |
| r-patched-linux-x86_64 | 5.7.0 | 10.27 | 82.87 | 93.14 | OK | |
| r-release-linux-x86_64 | 5.7.0 | 9.05 | 82.60 | 91.65 | OK | |
| r-release-macos-arm64 | 5.7.0 | 4.00 | 50.00 | 54.00 | OK | |
| r-release-macos-x86_64 | 5.7.0 | 14.00 | 96.00 | 110.00 | OK | |
| r-release-windows-x86_64 | 5.7.0 | 11.00 | 92.00 | 103.00 | OK | |
| r-oldrel-macos-arm64 | 5.7.0 | 4.00 | 53.00 | 57.00 | OK | |
| r-oldrel-macos-x86_64 | 5.7.0 | 10.00 | 92.00 | 102.00 | OK | |
| r-oldrel-windows-x86_64 | 5.7.0 | 15.00 | 113.00 | 128.00 | OK |
Version: 5.7.0
Check: Rd files
Result: NOTE
checkRd: (-1) vtree.Rd:506-510: Only 16 columns allowed in this table (row 1 has 14)
checkRd: (-1) vtree.Rd:506-510: Only 16 columns allowed in this table (row 2 has 14)
checkRd: (-1) vtree.Rd:506-510: Only 16 columns allowed in this table (row 3 has 14)
Flavor: r-devel-windows-x86_64
These binaries (installable software) and packages are in development.
They may not be fully stable and should be used with caution. We make no claims about them.
Health stats visible at Monitor.