Last updated on 2025-11-19 05:48:59 CET.
| Flavor | Version | Tinstall | Tcheck | Ttotal | Status | Flags |
|---|---|---|---|---|---|---|
| r-devel-linux-x86_64-debian-clang | 4.59.0 | 39.12 | 369.98 | 409.10 | NOTE | |
| r-devel-linux-x86_64-debian-gcc | 4.60.0 | 26.98 | 231.03 | 258.01 | OK | |
| r-devel-linux-x86_64-fedora-clang | 4.60.0 | 198.00 | 436.42 | 634.42 | NOTE | |
| r-devel-linux-x86_64-fedora-gcc | 4.60.0 | 216.00 | 322.77 | 538.77 | NOTE | |
| r-devel-windows-x86_64 | 4.59.0 | 60.00 | 447.00 | 507.00 | NOTE | |
| r-patched-linux-x86_64 | 4.59.0 | 55.16 | 305.19 | 360.35 | OK | |
| r-release-linux-x86_64 | 4.59.0 | 35.66 | 307.94 | 343.60 | OK | |
| r-release-macos-arm64 | 4.59.0 | 16.00 | 106.00 | 122.00 | OK | |
| r-release-macos-x86_64 | 4.60.0 | 67.00 | 392.00 | 459.00 | OK | |
| r-release-windows-x86_64 | 4.59.0 | 47.00 | 447.00 | 494.00 | OK | |
| r-oldrel-macos-arm64 | 4.59.0 | 17.00 | 111.00 | 128.00 | NOTE | |
| r-oldrel-macos-x86_64 | 4.60.0 | 68.00 | 229.00 | 297.00 | NOTE | |
| r-oldrel-windows-x86_64 | 4.59.0 | 1.00 | 9.00 | 10.00 | ERROR |
Version: 4.59.0
Check: Rd files
Result: NOTE
checkRd: (-1) power.ACE.test.Rd:84: height/width attributes should be in pixels
checkRd: (-1) umxACE.Rd:105: height/width attributes should be in pixels
checkRd: (-1) umxACE.Rd:114: height/width attributes should be in pixels
checkRd: (-1) umxACEcov.Rd:82: height/width attributes should be in pixels
checkRd: (-1) umxACEv.Rd:104: height/width attributes should be in pixels
checkRd: (-1) umxCP.Rd:117: height/width attributes should be in pixels
checkRd: (-1) umxDiffMZ.Rd:48: height/width attributes should be in pixels
checkRd: (-1) umxDiffMZ.Rd:54: height/width attributes should be in pixels
checkRd: (-1) umxDiscTwin.Rd:54: height/width attributes should be in pixels
checkRd: (-1) umxDiscTwin.Rd:64: height/width attributes should be in pixels
checkRd: (-1) umxDoC.Rd:69: height/width attributes should be in pixels
checkRd: (-1) umxEFA.Rd:74: height/width attributes should be in pixels
checkRd: (-1) umxGxE.Rd:76: height/width attributes should be in pixels
checkRd: (-1) umxIP.Rd:101: height/width attributes should be in pixels
checkRd: (-1) umxPower.Rd:60: height/width attributes should be in pixels
checkRd: (-1) umxSimplex.Rd:78: height/width attributes should be in pixels
checkRd: (-1) umxTwoStage.Rd:54: height/width attributes should be in pixels
Flavor: r-devel-linux-x86_64-debian-clang
Version: 4.60.0
Check: dependencies in R code
Result: NOTE
Namespace in Imports field not imported from: ‘psychTools’
All declared Imports should be used.
Flavors: r-devel-linux-x86_64-fedora-clang, r-devel-linux-x86_64-fedora-gcc
Version: 4.59.0
Check: Rd files
Result: NOTE
checkRd: (-1) power.ACE.test.Rd:84: height/width attributes should be in pixels
checkRd: (-1) umxACE.Rd:105: height/width attributes should be in pixels
checkRd: (-1) umxACE.Rd:114: height/width attributes should be in pixels
checkRd: (-1) umxACEcov.Rd:82: height/width attributes should be in pixels
checkRd: (-1) umxACEv.Rd:104: height/width attributes should be in pixels
checkRd: (-1) umxCP.Rd:117: height/width attributes should be in pixels
checkRd: (-1) umxDiffMZ.Rd:48: height/width attributes should be in pixels
checkRd: (-1) umxDiffMZ.Rd:54: height/width attributes should be in pixels
checkRd: (-1) umxDiscTwin.Rd:54: height/width attributes should be in pixels
checkRd: (-1) umxDiscTwin.Rd:64: height/width attributes should be in pixels
checkRd: (-1) umxDoC.Rd:69: height/width attributes should be in pixels
checkRd: (-1) umxEFA.Rd:74: height/width attributes should be in pixels
checkRd: (-1) umxGxE.Rd:76: height/width attributes should be in pixels
checkRd: (-1) umxIP.Rd:101: height/width attributes should be in pixels
checkRd: (-1) umxLav2RAM.Rd:104-111: Only 4 columns allowed in this table (row 1 has 3)
checkRd: (-1) umxLav2RAM.Rd:104-111: Only 4 columns allowed in this table (row 2 has 3)
checkRd: (-1) umxLav2RAM.Rd:104-111: Only 4 columns allowed in this table (row 3 has 3)
checkRd: (-1) umxLav2RAM.Rd:104-111: Only 4 columns allowed in this table (row 4 has 3)
checkRd: (-1) umxLav2RAM.Rd:104-111: Only 4 columns allowed in this table (row 5 has 3)
checkRd: (-1) umxLav2RAM.Rd:104-111: Only 4 columns allowed in this table (row 6 has 3)
checkRd: (-1) umxPower.Rd:60: height/width attributes should be in pixels
checkRd: (-1) umxSimplex.Rd:78: height/width attributes should be in pixels
checkRd: (-1) umxTwoStage.Rd:54: height/width attributes should be in pixels
Flavor: r-devel-windows-x86_64
Version: 4.59.0
Check: installed package size
Result: NOTE
installed size is 7.0Mb
sub-directories of 1Mb or more:
R 2.1Mb
help 4.4Mb
Flavor: r-oldrel-macos-arm64
Version: 4.60.0
Check: installed package size
Result: NOTE
installed size is 7.6Mb
sub-directories of 1Mb or more:
R 2.0Mb
help 5.1Mb
Flavor: r-oldrel-macos-x86_64
Version: 4.59.0
Check: package dependencies
Result: ERROR
Package required but not available: 'OpenMx'
See section 'The DESCRIPTION file' in the 'Writing R Extensions'
manual.
Flavor: r-oldrel-windows-x86_64
These binaries (installable software) and packages are in development.
They may not be fully stable and should be used with caution. We make no claims about them.
Health stats visible at Monitor.