Last updated on 2025-11-19 05:48:59 CET.
| Flavor | Version | Tinstall | Tcheck | Ttotal | Status | Flags |
|---|---|---|---|---|---|---|
| r-devel-linux-x86_64-debian-clang | 1.70.8 | 109.82 | 94.86 | 204.68 | OK | |
| r-devel-linux-x86_64-debian-gcc | 1.70.8 | 66.64 | 67.30 | 133.94 | OK | |
| r-devel-linux-x86_64-fedora-clang | 1.70.8 | 208.00 | 168.33 | 376.33 | OK | |
| r-devel-linux-x86_64-fedora-gcc | 1.70.8 | 136.00 | 228.52 | 364.52 | OK | |
| r-devel-windows-x86_64 | 1.70.8 | 124.00 | 154.00 | 278.00 | OK | |
| r-patched-linux-x86_64 | 1.70.7 | 104.58 | 90.86 | 195.44 | ERROR | |
| r-release-linux-x86_64 | 1.70.8 | 101.19 | 90.05 | 191.24 | OK | |
| r-release-macos-arm64 | 1.70.8 | 39.00 | 85.00 | 124.00 | OK | |
| r-release-macos-x86_64 | 1.70.8 | 39.00 | 115.00 | 154.00 | OK | |
| r-release-windows-x86_64 | 1.70.8 | 116.00 | 136.00 | 252.00 | OK | |
| r-oldrel-macos-arm64 | 1.70.8 | 35.00 | 57.00 | 92.00 | NOTE | |
| r-oldrel-macos-x86_64 | 1.70.8 | 36.00 | 104.00 | 140.00 | NOTE | |
| r-oldrel-windows-x86_64 | 1.70.8 | 108.00 | 152.00 | 260.00 | OK |
Version: 1.70.7
Check: re-building of vignette outputs
Result: ERROR
Error(s) in re-building vignettes:
...
--- re-building ‘Example_abc.Rmd’ using rmarkdown
Quitting from Example_abc.Rmd:12-23 [setup]
~~~~~~~~~~~~~~~~~~~~~~~~~~~~~~~~~~~~~~~~~~~~~~~~~~~~~~~~~~~~~~~~~~~~~~~~~~~~~~~~
<error/rlang_error>
Error in `library()`:
! there is no package called 'abcrf'
---
Backtrace:
▆
1. └─base::library(abcrf)
~~~~~~~~~~~~~~~~~~~~~~~~~~~~~~~~~~~~~~~~~~~~~~~~~~~~~~~~~~~~~~~~~~~~~~~~~~~~~~~~
Error: processing vignette 'Example_abc.Rmd' failed with diagnostics:
there is no package called 'abcrf'
--- failed re-building ‘Example_abc.Rmd’
--- re-building ‘Example_data.Rmd’ using rmarkdown
[WARNING] Deprecated: --highlight-style. Use --syntax-highlighting instead.
--- finished re-building ‘Example_data.Rmd’
--- re-building ‘Getting_started.Rmd’ using rmarkdown
[WARNING] Deprecated: --highlight-style. Use --syntax-highlighting instead.
--- finished re-building ‘Getting_started.Rmd’
--- re-building ‘Speed_improvement.Rmd’ using rmarkdown
[WARNING] Deprecated: --highlight-style. Use --syntax-highlighting instead.
--- finished re-building ‘Speed_improvement.Rmd’
SUMMARY: processing the following file failed:
‘Example_abc.Rmd’
Error: Vignette re-building failed.
Execution halted
Flavor: r-patched-linux-x86_64
Version: 1.70.8
Check: installed package size
Result: NOTE
installed size is 8.7Mb
sub-directories of 1Mb or more:
doc 2.8Mb
libs 5.3Mb
Flavors: r-oldrel-macos-arm64, r-oldrel-macos-x86_64
These binaries (installable software) and packages are in development.
They may not be fully stable and should be used with caution. We make no claims about them.
Health stats visible at Monitor.