Last updated on 2025-11-19 18:48:51 CET.
| Flavor | Version | Tinstall | Tcheck | Ttotal | Status | Flags |
|---|---|---|---|---|---|---|
| r-devel-linux-x86_64-debian-clang | 0.16.3 | 698.81 | 425.02 | 1123.83 | OK | |
| r-devel-linux-x86_64-debian-gcc | 0.16.3 | 625.04 | 293.38 | 918.42 | OK | |
| r-devel-linux-x86_64-fedora-clang | 0.16.3 | 1140.00 | 423.81 | 1563.81 | OK | |
| r-devel-linux-x86_64-fedora-gcc | 0.16.3 | 2460.00 | -266.58 | 2193.42 | OK | |
| r-devel-windows-x86_64 | 0.16.3 | 985.00 | 586.00 | 1571.00 | NOTE | |
| r-patched-linux-x86_64 | 0.16.3 | 910.63 | 380.96 | 1291.59 | OK | |
| r-release-linux-x86_64 | 0.16.3 | 885.45 | 382.61 | 1268.06 | OK | |
| r-release-macos-arm64 | 0.16.3 | OK | ||||
| r-release-macos-x86_64 | 0.16.3 | 600.00 | 193.00 | 793.00 | OK | |
| r-release-windows-x86_64 | 0.16.3 | 750.00 | 449.00 | 1199.00 | OK | |
| r-oldrel-macos-arm64 | 0.16.3 | NOTE | ||||
| r-oldrel-macos-x86_64 | 0.16.3 | 597.00 | 248.00 | 845.00 | NOTE | |
| r-oldrel-windows-x86_64 | 0.16.3 | 1120.00 | 715.00 | 1835.00 | NOTE |
Version: 0.16.3
Check: whether startup messages can be suppressed
Result: NOTE
Torch libraries are installed but loading them was unsuccessful.
It looks like this package (or a package it requires) has a startup
message which cannot be suppressed: see ?packageStartupMessage.
Flavors: r-devel-windows-x86_64, r-oldrel-windows-x86_64
Version: 0.16.3
Check: installed package size
Result: NOTE
installed size is 117.0Mb
sub-directories of 1Mb or more:
R 6.2Mb
help 1.7Mb
include 1.9Mb
libs 106.9Mb
Flavors: r-oldrel-macos-arm64, r-oldrel-macos-x86_64, r-oldrel-windows-x86_64
These binaries (installable software) and packages are in development.
They may not be fully stable and should be used with caution. We make no claims about them.
Health stats visible at Monitor.