Last updated on 2025-11-19 09:48:50 CET.
| Flavor | Version | Tinstall | Tcheck | Ttotal | Status | Flags |
|---|---|---|---|---|---|---|
| r-devel-linux-x86_64-debian-clang | 1.2.3 | 4.45 | 50.05 | 54.50 | OK | |
| r-devel-linux-x86_64-debian-gcc | 1.2.3 | 3.13 | 37.99 | 41.12 | OK | |
| r-devel-linux-x86_64-fedora-clang | 1.2.3 | 11.00 | 71.24 | 82.24 | OK | |
| r-devel-linux-x86_64-fedora-gcc | 1.2.3 | 21.00 | 74.57 | 95.57 | OK | |
| r-devel-windows-x86_64 | 1.2.3 | 7.00 | 75.00 | 82.00 | NOTE | |
| r-patched-linux-x86_64 | 1.2.3 | 4.69 | 46.47 | 51.16 | OK | |
| r-release-linux-x86_64 | 1.2.3 | 4.45 | 46.52 | 50.97 | OK | |
| r-release-macos-arm64 | 1.2.3 | 2.00 | 63.00 | 65.00 | OK | |
| r-release-macos-x86_64 | 1.2.3 | 4.00 | 82.00 | 86.00 | OK | |
| r-release-windows-x86_64 | 1.2.3 | 6.00 | 74.00 | 80.00 | OK | |
| r-oldrel-macos-arm64 | 1.2.3 | 2.00 | 36.00 | 38.00 | OK | |
| r-oldrel-macos-x86_64 | 1.2.3 | 6.00 | 86.00 | 92.00 | OK | |
| r-oldrel-windows-x86_64 | 1.2.3 | 8.00 | 85.00 | 93.00 | OK |
Version: 1.2.3
Check: Rd files
Result: NOTE
checkRd: (-1) BoxM.F.Rd:19-37: Only 13 columns allowed in this table (row 1 has 2)
checkRd: (-1) BoxM.F.Rd:19-37: Only 13 columns allowed in this table (row 2 has 2)
checkRd: (-1) BoxM.F.Rd:19-37: Only 13 columns allowed in this table (row 3 has 2)
checkRd: (-1) BoxM.F.Rd:19-37: Only 13 columns allowed in this table (row 4 has 2)
checkRd: (-1) BoxM.F.Rd:19-37: Only 13 columns allowed in this table (row 5 has 2)
checkRd: (-1) BoxM.F.Rd:19-37: Only 13 columns allowed in this table (row 6 has 2)
checkRd: (-1) BoxM.F.Rd:19-37: Only 13 columns allowed in this table (row 7 has 2)
checkRd: (-1) BoxM.F.Rd:19-37: Only 13 columns allowed in this table (row 8 has 2)
checkRd: (-1) BoxM.F.Rd:19-37: Only 13 columns allowed in this table (row 9 has 2)
checkRd: (-1) BoxM.F.Rd:19-37: Only 13 columns allowed in this table (row 10 has 2)
checkRd: (-1) BoxM.F.Rd:19-37: Only 13 columns allowed in this table (row 11 has 2)
checkRd: (-1) BoxM.F.Rd:19-37: Only 13 columns allowed in this table (row 12 has 2)
checkRd: (-1) BoxM.F.Rd:19-37: Only 13 columns allowed in this table (row 13 has 2)
checkRd: (-1) Hotelling.mat.Rd:22-37: Only 5 columns allowed in this table (row 1 has 3)
checkRd: (-1) Hotelling.mat.Rd:22-37: Only 5 columns allowed in this table (row 2 has 3)
checkRd: (-1) Hotelling.mat.Rd:22-37: Only 5 columns allowed in this table (row 3 has 3)
checkRd: (-1) Hotelling.mat.Rd:22-37: Only 5 columns allowed in this table (row 4 has 3)
checkRd: (-1) Hotelling.mat.Rd:22-37: Only 5 columns allowed in this table (row 5 has 3)
checkRd: (-1) Hotelling.mat.Rd:22-37: Only 5 columns allowed in this table (row 6 has 3)
checkRd: (-1) LeveneT2.Rd:32-58: Only 12 columns allowed in this table (row 1 has 2)
checkRd: (-1) LeveneT2.Rd:32-58: Only 12 columns allowed in this table (row 2 has 2)
checkRd: (-1) LeveneT2.Rd:32-58: Only 12 columns allowed in this table (row 3 has 2)
checkRd: (-1) LeveneT2.Rd:32-58: Only 12 columns allowed in this table (row 4 has 2)
checkRd: (-1) LeveneT2.Rd:32-58: Only 12 columns allowed in this table (row 5 has 2)
checkRd: (-1) LeveneT2.Rd:32-58: Only 12 columns allowed in this table (row 6 has 2)
checkRd: (-1) LeveneT2.Rd:32-58: Only 12 columns allowed in this table (row 7 has 2)
checkRd: (-1) LeveneT2.Rd:32-58: Only 12 columns allowed in this table (row 8 has 2)
checkRd: (-1) LeveneT2.Rd:32-58: Only 12 columns allowed in this table (row 9 has 2)
checkRd: (-1) LeveneT2.Rd:32-58: Only 12 columns allowed in this table (row 10 has 2)
checkRd: (-1) LeveneT2.Rd:32-58: Only 12 columns allowed in this table (row 11 has 2)
checkRd: (-1) Levenetests2s.mv.Rd:46-85: Only 9 columns allowed in this table (row 1 has 2)
checkRd: (-1) Levenetests2s.mv.Rd:46-85: Only 9 columns allowed in this table (row 2 has 2)
checkRd: (-1) Levenetests2s.mv.Rd:46-85: Only 9 columns allowed in this table (row 3 has 2)
checkRd: (-1) Levenetests2s.mv.Rd:46-85: Only 9 columns allowed in this table (row 4 has 2)
checkRd: (-1) Levenetests2s.mv.Rd:46-85: Only 9 columns allowed in this table (row 5 has 2)
checkRd: (-1) Levenetests2s.mv.Rd:46-85: Only 9 columns allowed in this table (row 6 has 2)
checkRd: (-1) Levenetests2s.mv.Rd:46-85: Only 9 columns allowed in this table (row 7 has 2)
checkRd: (-1) Levenetests2s.mv.Rd:46-85: Only 9 columns allowed in this table (row 8 has 2)
checkRd: (-1) Levenetests2s.mv.Rd:46-85: Only 9 columns allowed in this table (row 9 has 2)
checkRd: (-1) Levenetests2s.mv.Rd:46-85: Only 9 columns allowed in this table (row 10 has 2)
checkRd: (-1) Levenetests2s.mv.Rd:46-85: Only 9 columns allowed in this table (row 11 has 2)
checkRd: (-1) Levenetests2s.mv.Rd:46-85: Only 9 columns allowed in this table (row 12 has 2)
checkRd: (-1) Levenetests2s.mv.Rd:46-85: Only 9 columns allowed in this table (row 13 has 2)
checkRd: (-1) OnewayMANOVA.Rd:18-39: Only 10 columns allowed in this table (row 1 has 2)
checkRd: (-1) OnewayMANOVA.Rd:18-39: Only 10 columns allowed in this table (row 2 has 2)
checkRd: (-1) OnewayMANOVA.Rd:18-39: Only 10 columns allowed in this table (row 3 has 2)
checkRd: (-1) OnewayMANOVA.Rd:18-39: Only 10 columns allowed in this table (row 4 has 2)
checkRd: (-1) OnewayMANOVA.Rd:18-39: Only 10 columns allowed in this table (row 5 has 2)
checkRd: (-1) OnewayMANOVA.Rd:18-39: Only 10 columns allowed in this table (row 6 has 2)
checkRd: (-1) OnewayMANOVA.Rd:18-39: Only 10 columns allowed in this table (row 7 has 2)
checkRd: (-1) OnewayMANOVA.Rd:18-39: Only 10 columns allowed in this table (row 8 has 2)
checkRd: (-1) OnewayMANOVA.Rd:18-39: Only 10 columns allowed in this table (row 9 has 2)
checkRd: (-1) OnewayMANOVA.Rd:18-39: Only 10 columns allowed in this table (row 10 has 2)
checkRd: (-1) Penrose.dist.Rd:19-44: Only 12 columns allowed in this table (row 1 has 2)
checkRd: (-1) Penrose.dist.Rd:19-44: Only 12 columns allowed in this table (row 2 has 2)
checkRd: (-1) Penrose.dist.Rd:19-44: Only 12 columns allowed in this table (row 3 has 2)
checkRd: (-1) Penrose.dist.Rd:19-44: Only 12 columns allowed in this table (row 4 has 2)
checkRd: (-1) Penrose.dist.Rd:19-44: Only 12 columns allowed in this table (row 5 has 2)
checkRd: (-1) Penrose.dist.Rd:19-44: Only 12 columns allowed in this table (row 6 has 2)
checkRd: (-1) Penrose.dist.Rd:19-44: Only 12 columns allowed in this table (row 7 has 2)
checkRd: (-1) Penrose.dist.Rd:19-44: Only 12 columns allowed in this table (row 8 has 2)
checkRd: (-1) Penrose.dist.Rd:19-44: Only 12 columns allowed in this table (row 9 has 2)
checkRd: (-1) Penrose.dist.Rd:19-44: Only 12 columns allowed in this table (row 10 has 2)
checkRd: (-1) Penrose.dist.Rd:19-44: Only 12 columns allowed in this table (row 11 has 2)
checkRd: (-1) Penrose.dist.Rd:19-44: Only 12 columns allowed in this table (row 12 has 2)
checkRd: (-1) VanValen.Rd:32-66: Only 15 columns allowed in this table (row 1 has 2)
checkRd: (-1) VanValen.Rd:32-66: Only 15 columns allowed in this table (row 2 has 2)
checkRd: (-1) VanValen.Rd:32-66: Only 15 columns allowed in this table (row 3 has 2)
checkRd: (-1) VanValen.Rd:32-66: Only 15 columns allowed in this table (row 4 has 2)
checkRd: (-1) VanValen.Rd:32-66: Only 15 columns allowed in this table (row 5 has 2)
checkRd: (-1) VanValen.Rd:32-66: Only 15 columns allowed in this table (row 6 has 2)
checkRd: (-1) VanValen.Rd:32-66: Only 15 columns allowed in this table (row 7 has 2)
checkRd: (-1) VanValen.Rd:32-66: Only 15 columns allowed in this table (row 8 has 2)
checkRd: (-1) VanValen.Rd:32-66: Only 15 columns allowed in this table (row 9 has 2)
checkRd: (-1) VanValen.Rd:32-66: Only 15 columns allowed in this table (row 10 has 2)
checkRd: (-1) VanValen.Rd:32-66: Only 15 columns allowed in this table (row 11 has 2)
checkRd: (-1) VanValen.Rd:32-66: Only 15 columns allowed in this table (row 12 has 2)
checkRd: (-1) VanValen.Rd:32-66: Only 15 columns allowed in this table (row 13 has 2)
checkRd: (-1) VanValen.Rd:32-66: Only 15 columns allowed in this table (row 14 has 2)
checkRd: (-1) VanValen.Rd:32-66: Only 15 columns allowed in this table (row 15 has 2)
checkRd: (-1) ttests2s.mv.Rd:45-74: Only 12 columns allowed in this table (row 1 has 2)
checkRd: (-1) ttests2s.mv.Rd:45-74: Only 12 columns allowed in this table (row 2 has 2)
checkRd: (-1) ttests2s.mv.Rd:45-74: Only 12 columns allowed in this table (row 3 has 2)
checkRd: (-1) ttests2s.mv.Rd:45-74: Only 12 columns allowed in this table (row 4 has 2)
checkRd: (-1) ttests2s.mv.Rd:45-74: Only 12 columns allowed in this table (row 5 has 2)
checkRd: (-1) ttests2s.mv.Rd:45-74: Only 12 columns allowed in this table (row 6 has 2)
checkRd: (-1) ttests2s.mv.Rd:45-74: Only 12 columns allowed in this table (row 7 has 2)
checkRd: (-1) ttests2s.mv.Rd:45-74: Only 12 columns allowed in this table (row 8 has 2)
checkRd: (-1) ttests2s.mv.Rd:45-74: Only 12 columns allowed in this table (row 9 has 2)
checkRd: (-1) ttests2s.mv.Rd:45-74: Only 12 columns allowed in this table (row 10 has 2)
checkRd: (-1) ttests2s.mv.Rd:45-74: Only 12 columns allowed in this table (row 11 has 2)
checkRd: (-1) ttests2s.mv.Rd:45-74: Only 12 columns allowed in this table (row 12 has 2)
Flavor: r-devel-windows-x86_64
These binaries (installable software) and packages are in development.
They may not be fully stable and should be used with caution. We make no claims about them.
Health stats visible at Monitor.