Last updated on 2025-11-19 13:50:23 CET.
| Flavor | Version | Tinstall | Tcheck | Ttotal | Status | Flags |
|---|---|---|---|---|---|---|
| r-devel-linux-x86_64-debian-clang | 1.1.5 | 17.36 | 54.02 | 71.38 | OK | |
| r-devel-linux-x86_64-debian-gcc | 1.1.5 | 13.17 | 39.31 | 52.48 | OK | |
| r-devel-linux-x86_64-fedora-clang | 1.1.5 | 34.00 | 80.83 | 114.83 | OK | |
| r-devel-linux-x86_64-fedora-gcc | 1.1.5 | 106.00 | 25.73 | 131.73 | OK | |
| r-devel-windows-x86_64 | 1.1.5 | 29.00 | 84.00 | 113.00 | ERROR | |
| r-patched-linux-x86_64 | 1.1.5 | 19.85 | 49.57 | 69.42 | OK | |
| r-release-linux-x86_64 | 1.1.5 | 18.27 | 50.43 | 68.70 | OK | |
| r-release-macos-arm64 | 1.1.5 | OK | ||||
| r-release-macos-x86_64 | 1.1.5 | 30.00 | 118.00 | 148.00 | OK | |
| r-release-windows-x86_64 | 1.1.5 | 25.00 | 79.00 | 104.00 | OK | |
| r-oldrel-macos-arm64 | 1.1.5 | OK | ||||
| r-oldrel-macos-x86_64 | 1.1.5 | 36.00 | 161.00 | 197.00 | OK | |
| r-oldrel-windows-x86_64 | 1.1.5 | 29.00 | 101.00 | 130.00 | OK |
Version: 1.1.5
Check: tests
Result: ERROR
Running 'testthat.R' [6s]
Running the tests in 'tests/testthat.R' failed.
Complete output:
> library(testthat)
> library(simRestore)
>
> test_check("simRestore")
[ FAIL 2 | WARN 0 | SKIP 0 | PASS 79 ]
══ Failed tests ════════════════════════════════════════════════════════════════
── Failure ('test-optimize_static.R:21:3'): simple optimization ────────────────
vx$final_freq is not strictly less than 0.999. Difference: NaN
── Failure ('test-optimize_static.R:22:3'): simple optimization ────────────────
length(vx$results$t) not equal to 5.
1/1 mismatches
[1] 4 - 5 == -1
[ FAIL 2 | WARN 0 | SKIP 0 | PASS 79 ]
Error: Test failures
Execution halted
Flavor: r-devel-windows-x86_64
These binaries (installable software) and packages are in development.
They may not be fully stable and should be used with caution. We make no claims about them.
Health stats visible at Monitor.