Last updated on 2025-11-19 11:53:25 CET.
| Flavor | Version | Tinstall | Tcheck | Ttotal | Status | Flags |
|---|---|---|---|---|---|---|
| r-devel-linux-x86_64-debian-clang | 0.1.0 | 1.43 | 20.39 | 21.82 | ERROR | |
| r-devel-linux-x86_64-debian-gcc | 0.1.0 | 1.41 | 16.90 | 18.31 | ERROR | |
| r-devel-linux-x86_64-fedora-clang | 0.1.0 | 31.21 | ERROR | |||
| r-devel-linux-x86_64-fedora-gcc | 0.1.0 | 30.94 | ERROR | |||
| r-devel-windows-x86_64 | 0.1.0 | 4.00 | 37.00 | 41.00 | OK | |
| r-patched-linux-x86_64 | 0.1.0 | 1.55 | 18.19 | 19.74 | NOTE | |
| r-release-linux-x86_64 | 0.1.0 | 1.56 | 18.22 | 19.78 | ERROR | |
| r-release-macos-arm64 | 0.1.0 | 1.00 | 26.00 | 27.00 | OK | |
| r-release-macos-x86_64 | 0.1.0 | 1.00 | 33.00 | 34.00 | OK | |
| r-release-windows-x86_64 | 0.1.0 | 4.00 | 37.00 | 41.00 | OK | |
| r-oldrel-macos-arm64 | 0.1.0 | 1.00 | 19.00 | 20.00 | NOTE | |
| r-oldrel-macos-x86_64 | 0.1.0 | 1.00 | 27.00 | 28.00 | NOTE | |
| r-oldrel-windows-x86_64 | 0.1.0 | 3.00 | 41.00 | 44.00 | NOTE |
Version: 0.1.0
Check: tests
Result: ERROR
Running ‘testthat.R’ [1s/1s]
Running the tests in ‘tests/testthat.R’ failed.
Complete output:
> library(testthat)
> library(shinyShortcut)
>
> test_check("shinyShortcut")
Saving _problems/test-shinyShortcut-31.R
[ FAIL 1 | WARN 0 | SKIP 0 | PASS 0 ]
══ Failed tests ════════════════════════════════════════════════════════════════
── Error ('test-shinyShortcut.R:5:3'): ShinyShorcut returns the correct files ──
<lifecycle_error_deprecated/defunctError/rlang_error/error/condition>
Error: `with_mock()` was deprecated in testthat 3.2.0 and is now defunct.
ℹ Please use `with_mocked_bindings()` instead.
Backtrace:
▆
1. └─testthat::with_mock(...) at test-shinyShortcut.R:5:3
2. └─lifecycle::deprecate_stop("3.2.0", "with_mock()", "with_mocked_bindings()")
3. └─lifecycle:::deprecate_stop0(msg)
4. └─rlang::cnd_signal(...)
[ FAIL 1 | WARN 0 | SKIP 0 | PASS 0 ]
Error:
! Test failures.
Execution halted
Flavors: r-devel-linux-x86_64-debian-clang, r-devel-linux-x86_64-debian-gcc, r-release-linux-x86_64
Version: 0.1.0
Check: for non-standard things in the check directory
Result: NOTE
Found the following files/directories:
‘.shiny_run’ ‘shinyShortcut.desktop’
Flavors: r-devel-linux-x86_64-debian-clang, r-devel-linux-x86_64-debian-gcc, r-devel-linux-x86_64-fedora-clang, r-devel-linux-x86_64-fedora-gcc, r-patched-linux-x86_64, r-release-linux-x86_64
Version: 0.1.0
Check: tests
Result: ERROR
Running ‘testthat.R’
Running the tests in ‘tests/testthat.R’ failed.
Complete output:
> library(testthat)
> library(shinyShortcut)
>
> test_check("shinyShortcut")
Saving _problems/test-shinyShortcut-31.R
[ FAIL 1 | WARN 0 | SKIP 0 | PASS 0 ]
══ Failed tests ════════════════════════════════════════════════════════════════
── Error ('test-shinyShortcut.R:5:3'): ShinyShorcut returns the correct files ──
<lifecycle_error_deprecated/defunctError/rlang_error/error/condition>
Error: `with_mock()` was deprecated in testthat 3.2.0 and is now defunct.
ℹ Please use `with_mocked_bindings()` instead.
Backtrace:
▆
1. └─testthat::with_mock(...) at test-shinyShortcut.R:5:3
2. └─lifecycle::deprecate_stop("3.2.0", "with_mock()", "with_mocked_bindings()")
3. └─lifecycle:::deprecate_stop0(msg)
4. └─rlang::cnd_signal(...)
[ FAIL 1 | WARN 0 | SKIP 0 | PASS 0 ]
Error:
! Test failures.
Execution halted
Flavors: r-devel-linux-x86_64-fedora-clang, r-devel-linux-x86_64-fedora-gcc
Version: 0.1.0
Check: LazyData
Result: NOTE
'LazyData' is specified without a 'data' directory
Flavors: r-oldrel-macos-arm64, r-oldrel-macos-x86_64, r-oldrel-windows-x86_64
These binaries (installable software) and packages are in development.
They may not be fully stable and should be used with caution. We make no claims about them.
Health stats visible at Monitor.