Last updated on 2025-11-19 05:48:55 CET.
| Flavor | Version | Tinstall | Tcheck | Ttotal | Status | Flags |
|---|---|---|---|---|---|---|
| r-devel-linux-x86_64-debian-clang | 0.1.4 | 181.31 | 271.20 | 452.51 | ERROR | |
| r-devel-linux-x86_64-debian-gcc | 0.1.4 | 134.42 | 187.41 | 321.83 | ERROR | |
| r-devel-linux-x86_64-fedora-clang | 0.1.4 | 275.00 | 515.50 | 790.50 | ERROR | |
| r-devel-linux-x86_64-fedora-gcc | 0.1.4 | 528.00 | 317.44 | 845.44 | ERROR | |
| r-devel-windows-x86_64 | 0.1.4 | 429.00 | 281.00 | 710.00 | OK | |
| r-patched-linux-x86_64 | 0.1.4 | 202.47 | 257.22 | 459.69 | OK | |
| r-release-linux-x86_64 | 0.1.4 | 200.97 | 259.88 | 460.85 | ERROR | |
| r-release-macos-arm64 | 0.1.4 | 74.00 | 117.00 | 191.00 | OK | |
| r-release-macos-x86_64 | 0.1.4 | 101.00 | 270.00 | 371.00 | OK | |
| r-release-windows-x86_64 | 0.1.4 | 325.00 | 283.00 | 608.00 | OK | |
| r-oldrel-macos-arm64 | 0.1.4 | 70.00 | 125.00 | 195.00 | NOTE | |
| r-oldrel-macos-x86_64 | 0.1.4 | 105.00 | 281.00 | 386.00 | NOTE | |
| r-oldrel-windows-x86_64 | 0.1.4 | 330.00 | 352.00 | 682.00 | NOTE |
Version: 0.1.4
Check: tests
Result: ERROR
Running ‘testthat.R’ [182s/255s]
Running the tests in ‘tests/testthat.R’ failed.
Complete output:
> library(testthat)
>
> test_check("scorematchingad")
Loading required package: scorematchingad
The Jacobian of the Hessian was non-zero for row 1 of xmat and dynmat
Saving _problems/test-vMF-102.R
Saving _problems/test-vMF-102.R
[ FAIL 2 | WARN 0 | SKIP 18 | PASS 427 ]
══ Skipped tests (18) ══════════════════════════════════════════════════════════
• Fixing many of the elements doesn't improve smdbjgrad (1): 'test-FB.R:117:3'
• Hardcoded and closed methods both fail on this. But not on the microbiome
data (1): 'test-cppad_closed.R:60:3'
• On CRAN (15): 'test-Bingham.R:76:3', 'test-Bingham.R:97:3', 'test-FB.R:48:3',
'test-FB.R:139:3', 'test-Windham-Microdata.R:1:1', 'test-Windham.R:2:3',
'test-closed-dirichlet.R:1:1', 'test-closed-ppi-Ralr.R:2:3',
'test-closed-ppi-sphere-simplex.R:171:3', 'test-gengamma_alr.R:25:3',
'test-ppi-difficultAL.R:1:1', 'test-ppi-microdata.R:9:1',
'test-ppi-microdata.R:64:1', 'test-ppi_mmmm.R:1:1', 'test-rppi.R:10:3'
• Only for research. (1): 'test-FB.R:97:3'
══ Failed tests ════════════════════════════════════════════════════════════════
── Failure ('test-vMF.R:102:3'): vMF matches for simulated weights, ignoring SE, which shouldn't match ──
Expected `dir3_m` to equal `vMF_m(Y)`.
Differences:
`actual`: -0.579 0.722 -0.380
`expected`: -0.384 0.824 -0.417
Backtrace:
▆
1. ├─testthat::expect_error(expect_equal(dir3_m, vMF_m(Y)), "not equal to") at test-vMF.R:102:3
2. │ └─testthat:::expect_condition_matching_(...)
3. │ └─testthat:::quasi_capture(...)
4. │ ├─testthat (local) .capture(...)
5. │ │ └─base::withCallingHandlers(...)
6. │ └─rlang::eval_bare(quo_get_expr(.quo), quo_get_env(.quo))
7. └─testthat::expect_equal(dir3_m, vMF_m(Y))
── Failure ('test-vMF.R:102:3'): vMF matches for simulated weights, ignoring SE, which shouldn't match ──
Expected `expect_equal(dir3_m, vMF_m(Y))` to throw a error.
[ FAIL 2 | WARN 0 | SKIP 18 | PASS 427 ]
Error:
! Test failures.
Execution halted
Flavor: r-devel-linux-x86_64-debian-clang
Version: 0.1.4
Check: tests
Result: ERROR
Running ‘testthat.R’ [125s/158s]
Running the tests in ‘tests/testthat.R’ failed.
Complete output:
> library(testthat)
>
> test_check("scorematchingad")
Loading required package: scorematchingad
The Jacobian of the Hessian was non-zero for row 1 of xmat and dynmat
Saving _problems/test-vMF-102.R
Saving _problems/test-vMF-102.R
[ FAIL 2 | WARN 0 | SKIP 18 | PASS 427 ]
══ Skipped tests (18) ══════════════════════════════════════════════════════════
• Fixing many of the elements doesn't improve smdbjgrad (1): 'test-FB.R:117:3'
• Hardcoded and closed methods both fail on this. But not on the microbiome
data (1): 'test-cppad_closed.R:60:3'
• On CRAN (15): 'test-Bingham.R:76:3', 'test-Bingham.R:97:3', 'test-FB.R:48:3',
'test-FB.R:139:3', 'test-Windham-Microdata.R:1:1', 'test-Windham.R:2:3',
'test-closed-dirichlet.R:1:1', 'test-closed-ppi-Ralr.R:2:3',
'test-closed-ppi-sphere-simplex.R:171:3', 'test-gengamma_alr.R:25:3',
'test-ppi-difficultAL.R:1:1', 'test-ppi-microdata.R:9:1',
'test-ppi-microdata.R:64:1', 'test-ppi_mmmm.R:1:1', 'test-rppi.R:10:3'
• Only for research. (1): 'test-FB.R:97:3'
══ Failed tests ════════════════════════════════════════════════════════════════
── Failure ('test-vMF.R:102:3'): vMF matches for simulated weights, ignoring SE, which shouldn't match ──
Expected `dir3_m` to equal `vMF_m(Y)`.
Differences:
`actual`: -0.579 0.722 -0.380
`expected`: -0.384 0.824 -0.417
Backtrace:
▆
1. ├─testthat::expect_error(expect_equal(dir3_m, vMF_m(Y)), "not equal to") at test-vMF.R:102:3
2. │ └─testthat:::expect_condition_matching_(...)
3. │ └─testthat:::quasi_capture(...)
4. │ ├─testthat (local) .capture(...)
5. │ │ └─base::withCallingHandlers(...)
6. │ └─rlang::eval_bare(quo_get_expr(.quo), quo_get_env(.quo))
7. └─testthat::expect_equal(dir3_m, vMF_m(Y))
── Failure ('test-vMF.R:102:3'): vMF matches for simulated weights, ignoring SE, which shouldn't match ──
Expected `expect_equal(dir3_m, vMF_m(Y))` to throw a error.
[ FAIL 2 | WARN 0 | SKIP 18 | PASS 427 ]
Error:
! Test failures.
Execution halted
Flavor: r-devel-linux-x86_64-debian-gcc
Version: 0.1.4
Check: tests
Result: ERROR
Running ‘testthat.R’ [304s/390s]
Running the tests in ‘tests/testthat.R’ failed.
Complete output:
> library(testthat)
>
> test_check("scorematchingad")
Loading required package: scorematchingad
The Jacobian of the Hessian was non-zero for row 1 of xmat and dynmat
Saving _problems/test-vMF-102.R
Saving _problems/test-vMF-102.R
[ FAIL 2 | WARN 0 | SKIP 18 | PASS 427 ]
══ Skipped tests (18) ══════════════════════════════════════════════════════════
• Fixing many of the elements doesn't improve smdbjgrad (1): 'test-FB.R:117:3'
• Hardcoded and closed methods both fail on this. But not on the microbiome
data (1): 'test-cppad_closed.R:60:3'
• On CRAN (15): 'test-Bingham.R:76:3', 'test-Bingham.R:97:3', 'test-FB.R:48:3',
'test-FB.R:139:3', 'test-Windham-Microdata.R:1:1', 'test-Windham.R:2:3',
'test-closed-dirichlet.R:1:1', 'test-closed-ppi-Ralr.R:2:3',
'test-closed-ppi-sphere-simplex.R:171:3', 'test-gengamma_alr.R:25:3',
'test-ppi-difficultAL.R:1:1', 'test-ppi-microdata.R:9:1',
'test-ppi-microdata.R:64:1', 'test-ppi_mmmm.R:1:1', 'test-rppi.R:10:3'
• Only for research. (1): 'test-FB.R:97:3'
══ Failed tests ════════════════════════════════════════════════════════════════
── Failure ('test-vMF.R:102:3'): vMF matches for simulated weights, ignoring SE, which shouldn't match ──
Expected `dir3_m` to equal `vMF_m(Y)`.
Differences:
`actual`: -0.579 0.722 -0.380
`expected`: -0.384 0.824 -0.417
Backtrace:
▆
1. ├─testthat::expect_error(expect_equal(dir3_m, vMF_m(Y)), "not equal to") at test-vMF.R:102:3
2. │ └─testthat:::expect_condition_matching_(...)
3. │ └─testthat:::quasi_capture(...)
4. │ ├─testthat (local) .capture(...)
5. │ │ └─base::withCallingHandlers(...)
6. │ └─rlang::eval_bare(quo_get_expr(.quo), quo_get_env(.quo))
7. └─testthat::expect_equal(dir3_m, vMF_m(Y))
── Failure ('test-vMF.R:102:3'): vMF matches for simulated weights, ignoring SE, which shouldn't match ──
Expected `expect_equal(dir3_m, vMF_m(Y))` to throw a error.
[ FAIL 2 | WARN 0 | SKIP 18 | PASS 427 ]
Error:
! Test failures.
Execution halted
Flavor: r-devel-linux-x86_64-fedora-clang
Version: 0.1.4
Check: tests
Result: ERROR
Running ‘testthat.R’ [5m/14m]
Running the tests in ‘tests/testthat.R’ failed.
Complete output:
> library(testthat)
>
> test_check("scorematchingad")
Loading required package: scorematchingad
The Jacobian of the Hessian was non-zero for row 1 of xmat and dynmat
Saving _problems/test-vMF-102.R
Saving _problems/test-vMF-102.R
[ FAIL 2 | WARN 0 | SKIP 18 | PASS 427 ]
══ Skipped tests (18) ══════════════════════════════════════════════════════════
• Fixing many of the elements doesn't improve smdbjgrad (1): 'test-FB.R:117:3'
• Hardcoded and closed methods both fail on this. But not on the microbiome
data (1): 'test-cppad_closed.R:60:3'
• On CRAN (15): 'test-Bingham.R:76:3', 'test-Bingham.R:97:3', 'test-FB.R:48:3',
'test-FB.R:139:3', 'test-Windham-Microdata.R:1:1', 'test-Windham.R:2:3',
'test-closed-dirichlet.R:1:1', 'test-closed-ppi-Ralr.R:2:3',
'test-closed-ppi-sphere-simplex.R:171:3', 'test-gengamma_alr.R:25:3',
'test-ppi-difficultAL.R:1:1', 'test-ppi-microdata.R:9:1',
'test-ppi-microdata.R:64:1', 'test-ppi_mmmm.R:1:1', 'test-rppi.R:10:3'
• Only for research. (1): 'test-FB.R:97:3'
══ Failed tests ════════════════════════════════════════════════════════════════
── Failure ('test-vMF.R:102:3'): vMF matches for simulated weights, ignoring SE, which shouldn't match ──
Expected `dir3_m` to equal `vMF_m(Y)`.
Differences:
`actual`: -0.579 0.722 -0.380
`expected`: -0.384 0.824 -0.417
Backtrace:
▆
1. ├─testthat::expect_error(expect_equal(dir3_m, vMF_m(Y)), "not equal to") at test-vMF.R:102:3
2. │ └─testthat:::expect_condition_matching_(...)
3. │ └─testthat:::quasi_capture(...)
4. │ ├─testthat (local) .capture(...)
5. │ │ └─base::withCallingHandlers(...)
6. │ └─rlang::eval_bare(quo_get_expr(.quo), quo_get_env(.quo))
7. └─testthat::expect_equal(dir3_m, vMF_m(Y))
── Failure ('test-vMF.R:102:3'): vMF matches for simulated weights, ignoring SE, which shouldn't match ──
Expected `expect_equal(dir3_m, vMF_m(Y))` to throw a error.
[ FAIL 2 | WARN 0 | SKIP 18 | PASS 427 ]
Error:
! Test failures.
Execution halted
Flavor: r-devel-linux-x86_64-fedora-gcc
Version: 0.1.4
Check: tests
Result: ERROR
Running ‘testthat.R’ [181s/221s]
Running the tests in ‘tests/testthat.R’ failed.
Complete output:
> library(testthat)
>
> test_check("scorematchingad")
Loading required package: scorematchingad
The Jacobian of the Hessian was non-zero for row 1 of xmat and dynmat
Saving _problems/test-vMF-102.R
Saving _problems/test-vMF-102.R
[ FAIL 2 | WARN 0 | SKIP 18 | PASS 427 ]
══ Skipped tests (18) ══════════════════════════════════════════════════════════
• Fixing many of the elements doesn't improve smdbjgrad (1): 'test-FB.R:117:3'
• Hardcoded and closed methods both fail on this. But not on the microbiome
data (1): 'test-cppad_closed.R:60:3'
• On CRAN (15): 'test-Bingham.R:76:3', 'test-Bingham.R:97:3', 'test-FB.R:48:3',
'test-FB.R:139:3', 'test-Windham-Microdata.R:1:1', 'test-Windham.R:2:3',
'test-closed-dirichlet.R:1:1', 'test-closed-ppi-Ralr.R:2:3',
'test-closed-ppi-sphere-simplex.R:171:3', 'test-gengamma_alr.R:25:3',
'test-ppi-difficultAL.R:1:1', 'test-ppi-microdata.R:9:1',
'test-ppi-microdata.R:64:1', 'test-ppi_mmmm.R:1:1', 'test-rppi.R:10:3'
• Only for research. (1): 'test-FB.R:97:3'
══ Failed tests ════════════════════════════════════════════════════════════════
── Failure ('test-vMF.R:102:3'): vMF matches for simulated weights, ignoring SE, which shouldn't match ──
Expected `dir3_m` to equal `vMF_m(Y)`.
Differences:
`actual`: -0.579 0.722 -0.380
`expected`: -0.384 0.824 -0.417
Backtrace:
▆
1. ├─testthat::expect_error(expect_equal(dir3_m, vMF_m(Y)), "not equal to") at test-vMF.R:102:3
2. │ └─testthat:::expect_condition_matching_(...)
3. │ └─testthat:::quasi_capture(...)
4. │ ├─testthat (local) .capture(...)
5. │ │ └─base::withCallingHandlers(...)
6. │ └─rlang::eval_bare(quo_get_expr(.quo), quo_get_env(.quo))
7. └─testthat::expect_equal(dir3_m, vMF_m(Y))
── Failure ('test-vMF.R:102:3'): vMF matches for simulated weights, ignoring SE, which shouldn't match ──
Expected `expect_equal(dir3_m, vMF_m(Y))` to throw a error.
[ FAIL 2 | WARN 0 | SKIP 18 | PASS 427 ]
Error:
! Test failures.
Execution halted
Flavor: r-release-linux-x86_64
Version: 0.1.4
Check: installed package size
Result: NOTE
installed size is 32.7Mb
sub-directories of 1Mb or more:
cppad 9.4Mb
include 4.6Mb
libs 18.1Mb
Flavors: r-oldrel-macos-arm64, r-oldrel-macos-x86_64, r-oldrel-windows-x86_64
These binaries (installable software) and packages are in development.
They may not be fully stable and should be used with caution. We make no claims about them.
Health stats visible at Monitor.