Last updated on 2025-11-19 03:49:59 CET.
| Flavor | Version | Tinstall | Tcheck | Ttotal | Status | Flags |
|---|---|---|---|---|---|---|
| r-devel-linux-x86_64-debian-clang | 1.14.4 | 1.90 | 25.51 | 27.41 | ERROR | |
| r-devel-linux-x86_64-debian-gcc | 1.14.4 | 1.59 | 20.57 | 22.16 | ERROR | |
| r-devel-linux-x86_64-fedora-clang | 1.14.4 | 41.23 | ERROR | |||
| r-devel-linux-x86_64-fedora-gcc | 1.14.4 | 56.84 | ERROR | |||
| r-devel-windows-x86_64 | 1.14.4 | 6.00 | 45.00 | 51.00 | OK | |
| r-patched-linux-x86_64 | 1.14.4 | 2.21 | 23.97 | 26.18 | OK | |
| r-release-linux-x86_64 | 1.14.4 | 1.81 | 23.83 | 25.64 | ERROR | |
| r-release-macos-arm64 | 1.14.4 | 1.00 | 41.00 | 42.00 | OK | |
| r-release-macos-x86_64 | 1.14.4 | 2.00 | 52.00 | 54.00 | OK | |
| r-release-windows-x86_64 | 1.14.4 | 3.00 | 44.00 | 47.00 | OK | |
| r-oldrel-macos-arm64 | 1.14.4 | 1.00 | 23.00 | 24.00 | OK | |
| r-oldrel-macos-x86_64 | 1.14.4 | 2.00 | 44.00 | 46.00 | OK | |
| r-oldrel-windows-x86_64 | 1.14.4 | 5.00 | 51.00 | 56.00 | OK |
Version: 1.14.4
Check: tests
Result: ERROR
Running ‘testthat.R’ [2s/2s]
Running the tests in ‘tests/testthat.R’ failed.
Complete output:
> library(testthat)
> library(rosetteApi)
>
> test_check("rosetteApi")
Saving _problems/test_api-8.R
Saving _problems/test_api-19.R
[ FAIL 2 | WARN 0 | SKIP 0 | PASS 13 ]
══ Failed tests ════════════════════════════════════════════════════════════════
── Error ('test_api.R:3:3'): httr::GET function mocks correctly ────────────────
<lifecycle_error_deprecated/defunctError/rlang_error/error/condition>
Error: `with_mock()` was deprecated in testthat 3.2.0 and is now defunct.
ℹ Please use `with_mocked_bindings()` instead.
Backtrace:
▆
1. └─testthat::with_mock(...) at test_api.R:3:3
2. └─lifecycle::deprecate_stop("3.2.0", "with_mock()", "with_mocked_bindings()")
3. └─lifecycle:::deprecate_stop0(msg)
4. └─rlang::cnd_signal(...)
── Error ('test_api.R:14:3'): httr::POST functions mock correctly ──────────────
<lifecycle_error_deprecated/defunctError/rlang_error/error/condition>
Error: `with_mock()` was deprecated in testthat 3.2.0 and is now defunct.
ℹ Please use `with_mocked_bindings()` instead.
Backtrace:
▆
1. └─testthat::with_mock(...) at test_api.R:14:3
2. └─lifecycle::deprecate_stop("3.2.0", "with_mock()", "with_mocked_bindings()")
3. └─lifecycle:::deprecate_stop0(msg)
4. └─rlang::cnd_signal(...)
[ FAIL 2 | WARN 0 | SKIP 0 | PASS 13 ]
Error:
! Test failures.
Execution halted
Flavor: r-devel-linux-x86_64-debian-clang
Version: 1.14.4
Check: tests
Result: ERROR
Running ‘testthat.R’ [1s/1s]
Running the tests in ‘tests/testthat.R’ failed.
Complete output:
> library(testthat)
> library(rosetteApi)
>
> test_check("rosetteApi")
Saving _problems/test_api-8.R
Saving _problems/test_api-19.R
[ FAIL 2 | WARN 0 | SKIP 0 | PASS 13 ]
══ Failed tests ════════════════════════════════════════════════════════════════
── Error ('test_api.R:3:3'): httr::GET function mocks correctly ────────────────
<lifecycle_error_deprecated/defunctError/rlang_error/error/condition>
Error: `with_mock()` was deprecated in testthat 3.2.0 and is now defunct.
ℹ Please use `with_mocked_bindings()` instead.
Backtrace:
▆
1. └─testthat::with_mock(...) at test_api.R:3:3
2. └─lifecycle::deprecate_stop("3.2.0", "with_mock()", "with_mocked_bindings()")
3. └─lifecycle:::deprecate_stop0(msg)
4. └─rlang::cnd_signal(...)
── Error ('test_api.R:14:3'): httr::POST functions mock correctly ──────────────
<lifecycle_error_deprecated/defunctError/rlang_error/error/condition>
Error: `with_mock()` was deprecated in testthat 3.2.0 and is now defunct.
ℹ Please use `with_mocked_bindings()` instead.
Backtrace:
▆
1. └─testthat::with_mock(...) at test_api.R:14:3
2. └─lifecycle::deprecate_stop("3.2.0", "with_mock()", "with_mocked_bindings()")
3. └─lifecycle:::deprecate_stop0(msg)
4. └─rlang::cnd_signal(...)
[ FAIL 2 | WARN 0 | SKIP 0 | PASS 13 ]
Error:
! Test failures.
Execution halted
Flavor: r-devel-linux-x86_64-debian-gcc
Version: 1.14.4
Check: tests
Result: ERROR
Running ‘testthat.R’
Running the tests in ‘tests/testthat.R’ failed.
Complete output:
> library(testthat)
> library(rosetteApi)
>
> test_check("rosetteApi")
Saving _problems/test_api-8.R
Saving _problems/test_api-19.R
[ FAIL 2 | WARN 0 | SKIP 0 | PASS 13 ]
══ Failed tests ════════════════════════════════════════════════════════════════
── Error ('test_api.R:3:3'): httr::GET function mocks correctly ────────────────
<lifecycle_error_deprecated/defunctError/rlang_error/error/condition>
Error: `with_mock()` was deprecated in testthat 3.2.0 and is now defunct.
ℹ Please use `with_mocked_bindings()` instead.
Backtrace:
▆
1. └─testthat::with_mock(...) at test_api.R:3:3
2. └─lifecycle::deprecate_stop("3.2.0", "with_mock()", "with_mocked_bindings()")
3. └─lifecycle:::deprecate_stop0(msg)
4. └─rlang::cnd_signal(...)
── Error ('test_api.R:14:3'): httr::POST functions mock correctly ──────────────
<lifecycle_error_deprecated/defunctError/rlang_error/error/condition>
Error: `with_mock()` was deprecated in testthat 3.2.0 and is now defunct.
ℹ Please use `with_mocked_bindings()` instead.
Backtrace:
▆
1. └─testthat::with_mock(...) at test_api.R:14:3
2. └─lifecycle::deprecate_stop("3.2.0", "with_mock()", "with_mocked_bindings()")
3. └─lifecycle:::deprecate_stop0(msg)
4. └─rlang::cnd_signal(...)
[ FAIL 2 | WARN 0 | SKIP 0 | PASS 13 ]
Error:
! Test failures.
Execution halted
Flavors: r-devel-linux-x86_64-fedora-clang, r-devel-linux-x86_64-fedora-gcc
Version: 1.14.4
Check: tests
Result: ERROR
Running ‘testthat.R’ [1s/2s]
Running the tests in ‘tests/testthat.R’ failed.
Complete output:
> library(testthat)
> library(rosetteApi)
>
> test_check("rosetteApi")
Saving _problems/test_api-8.R
Saving _problems/test_api-19.R
[ FAIL 2 | WARN 0 | SKIP 0 | PASS 13 ]
══ Failed tests ════════════════════════════════════════════════════════════════
── Error ('test_api.R:3:3'): httr::GET function mocks correctly ────────────────
<lifecycle_error_deprecated/defunctError/rlang_error/error/condition>
Error: `with_mock()` was deprecated in testthat 3.2.0 and is now defunct.
ℹ Please use `with_mocked_bindings()` instead.
Backtrace:
▆
1. └─testthat::with_mock(...) at test_api.R:3:3
2. └─lifecycle::deprecate_stop("3.2.0", "with_mock()", "with_mocked_bindings()")
3. └─lifecycle:::deprecate_stop0(msg)
4. └─rlang::cnd_signal(...)
── Error ('test_api.R:14:3'): httr::POST functions mock correctly ──────────────
<lifecycle_error_deprecated/defunctError/rlang_error/error/condition>
Error: `with_mock()` was deprecated in testthat 3.2.0 and is now defunct.
ℹ Please use `with_mocked_bindings()` instead.
Backtrace:
▆
1. └─testthat::with_mock(...) at test_api.R:14:3
2. └─lifecycle::deprecate_stop("3.2.0", "with_mock()", "with_mocked_bindings()")
3. └─lifecycle:::deprecate_stop0(msg)
4. └─rlang::cnd_signal(...)
[ FAIL 2 | WARN 0 | SKIP 0 | PASS 13 ]
Error:
! Test failures.
Execution halted
Flavor: r-release-linux-x86_64
These binaries (installable software) and packages are in development.
They may not be fully stable and should be used with caution. We make no claims about them.
Health stats visible at Monitor.