Last updated on 2025-11-20 13:50:14 CET.
| Flavor | Version | Tinstall | Tcheck | Ttotal | Status | Flags |
|---|---|---|---|---|---|---|
| r-devel-linux-x86_64-debian-clang | 2.2.5 | 61.88 | 251.34 | 313.22 | NOTE | |
| r-devel-linux-x86_64-debian-gcc | 2.2.5 | 47.09 | 190.47 | 237.56 | NOTE | |
| r-devel-linux-x86_64-fedora-clang | 2.2.5 | 108.00 | 385.79 | 493.79 | NOTE | |
| r-devel-linux-x86_64-fedora-gcc | 2.2.5 | 176.00 | 356.03 | 532.03 | NOTE | |
| r-devel-windows-x86_64 | 2.2.5 | 70.00 | 305.00 | 375.00 | OK | |
| r-patched-linux-x86_64 | 2.2.5 | 63.21 | 265.51 | 328.72 | OK | |
| r-release-linux-x86_64 | 2.2.5 | 63.78 | 267.83 | 331.61 | OK | |
| r-release-macos-arm64 | 2.2.5 | OK | ||||
| r-release-macos-x86_64 | 2.2.5 | 45.00 | 341.00 | 386.00 | OK | |
| r-release-windows-x86_64 | 2.2.5 | 63.00 | 304.00 | 367.00 | OK | |
| r-oldrel-macos-arm64 | 2.2.5 | NOTE | ||||
| r-oldrel-macos-x86_64 | 2.2.5 | 53.00 | 322.00 | 375.00 | NOTE | |
| r-oldrel-windows-x86_64 | 2.2.5 | 82.00 | 392.00 | 474.00 | OK |
Version: 2.2.5
Check: HTML version of manual
Result: NOTE
Found the following HTML validation problems:
resemble.html:604:1 (dissimilarity.Rd:168): Warning: <script> anchor "MathJax-script" already defined
resemble.html:960:1 (f_diss.Rd:34): Warning: <script> anchor "MathJax-script" already defined
resemble.html:2349:1 (local_fit.Rd:48): Warning: <script> anchor "MathJax-script" already defined
resemble.html:2593:1 (mbl.Rd:303): Warning: <script> anchor "MathJax-script" already defined
resemble.html:3328:1 (mbl_control.Rd:67): Warning: <script> anchor "MathJax-script" already defined
resemble.html:4318:1 (ortho_diss.Rd:161): Warning: <script> anchor "MathJax-script" already defined
resemble.html:4654:1 (ortho_projection.Rd:177): Warning: <script> anchor "MathJax-script" already defined
resemble.html:5840:1 (search_neighbors.Rd:202): Warning: <script> anchor "MathJax-script" already defined
resemble.html:6251:1 (sid.Rd:86): Warning: <script> anchor "MathJax-script" already defined
resemble.html:6482:1 (sim_eval.Rd:36): Warning: <script> anchor "MathJax-script" already defined
Flavors: r-devel-linux-x86_64-debian-clang, r-devel-linux-x86_64-debian-gcc, r-devel-linux-x86_64-fedora-clang, r-devel-linux-x86_64-fedora-gcc
Version: 2.2.5
Check: installed package size
Result: NOTE
installed size is 9.5Mb
sub-directories of 1Mb or more:
doc 1.9Mb
libs 7.0Mb
Flavors: r-oldrel-macos-arm64, r-oldrel-macos-x86_64
These binaries (installable software) and packages are in development.
They may not be fully stable and should be used with caution. We make no claims about them.
Health stats visible at Monitor.