CRAN Package Check Results for Package predictsr

Last updated on 2025-11-19 11:53:21 CET.

Flavor Version Tinstall Tcheck Ttotal Status Flags
r-devel-linux-x86_64-debian-clang 0.1.1 2.93 105.40 108.33 OK
r-devel-linux-x86_64-debian-gcc 0.1.1 1.86 68.82 70.68 OK
r-devel-linux-x86_64-fedora-clang 0.1.1 171.81 OK
r-devel-linux-x86_64-fedora-gcc 0.1.1 182.44 OK
r-devel-windows-x86_64 0.1.1 5.00 138.00 143.00 OK
r-patched-linux-x86_64 0.1.1 2.35 33.67 36.02 ERROR
r-release-linux-x86_64 0.1.1 2.47 97.14 99.61 OK
r-release-macos-arm64 0.1.1 1.00 103.00 104.00 OK
r-release-macos-x86_64 0.1.1 2.00 186.00 188.00 OK
r-release-windows-x86_64 0.1.1 5.00 135.00 140.00 OK
r-oldrel-macos-arm64 0.1.1 1.00 101.00 102.00 OK
r-oldrel-macos-x86_64 0.1.1 2.00 145.00 147.00 OK
r-oldrel-windows-x86_64 0.1.1 6.00 60.00 66.00 OK

Check Details

Version: 0.1.1
Check: re-building of vignette outputs
Result: ERROR Error(s) in re-building vignettes: ... --- re-building ‘predictsr.Rmd’ using rmarkdown ERROR [2025-11-12 17:59:06] Status request failed: returning empty list ERROR [2025-11-12 17:59:06] Download unsuccessful: check your connection and try again Quitting from predictsr.Rmd:74-77 [unnamed-chunk-3] ~~~~~~~~~~~~~~~~~~~~~~~~~~~~~~~~~~~~~~~~~~~~~~~~~~~~~~~~~~~~~~~~~~~~~~~~~~~~~~~~ <error/rlang_error> Error in `download.file()`: ! cannot open URL 'https://data.nhm.ac.uk/downloads/direct/6feb616ade928d5a8d9fd4450cabad8c3153af99.zip' --- Backtrace: ▆ 1. └─predictsr::GetSitelevelSummaries(extract = c(2016, 2022)) 2. └─predictsr:::.RequestRDSDataFrame(status_json) 3. └─utils::download.file(data_zip_url, temp_zip, quiet = TRUE) ~~~~~~~~~~~~~~~~~~~~~~~~~~~~~~~~~~~~~~~~~~~~~~~~~~~~~~~~~~~~~~~~~~~~~~~~~~~~~~~~ Error: processing vignette 'predictsr.Rmd' failed with diagnostics: cannot open URL 'https://data.nhm.ac.uk/downloads/direct/6feb616ade928d5a8d9fd4450cabad8c3153af99.zip' --- failed re-building ‘predictsr.Rmd’ SUMMARY: processing the following file failed: ‘predictsr.Rmd’ Error: Vignette re-building failed. Execution halted Flavor: r-patched-linux-x86_64

These binaries (installable software) and packages are in development.
They may not be fully stable and should be used with caution. We make no claims about them.
Health stats visible at Monitor.