Last updated on 2025-11-19 15:49:54 CET.
| Flavor | Version | Tinstall | Tcheck | Ttotal | Status | Flags |
|---|---|---|---|---|---|---|
| r-devel-linux-x86_64-debian-clang | 2.3-4 | 6.67 | 81.62 | 88.29 | NOTE | |
| r-devel-linux-x86_64-debian-gcc | 2.3-4 | 4.82 | 57.75 | 62.57 | NOTE | |
| r-devel-linux-x86_64-fedora-clang | 2.3-4 | 15.00 | 120.76 | 135.76 | NOTE | |
| r-devel-linux-x86_64-fedora-gcc | 2.3-4 | 13.00 | 110.29 | 123.29 | NOTE | |
| r-devel-windows-x86_64 | 2.3-4 | 11.00 | 100.00 | 111.00 | NOTE | |
| r-patched-linux-x86_64 | 2.3-4 | 8.07 | 75.65 | 83.72 | NOTE | |
| r-release-linux-x86_64 | 2.3-4 | 6.25 | 74.11 | 80.36 | NOTE | |
| r-release-macos-arm64 | 2.3-4 | OK | ||||
| r-release-macos-x86_64 | 2.3-4 | 5.00 | 64.00 | 69.00 | OK | |
| r-release-windows-x86_64 | 2.3-4 | 10.00 | 110.00 | 120.00 | NOTE | |
| r-oldrel-macos-arm64 | 2.3-4 | OK | ||||
| r-oldrel-macos-x86_64 | 2.3-4 | 5.00 | 77.00 | 82.00 | OK | |
| r-oldrel-windows-x86_64 | 2.3-4 | 13.00 | 118.00 | 131.00 | OK |
Version: 2.3-4
Check: differences from ‘prabclus-Ex.Rout’ to ‘prabclus-Ex.Rout.save’
Result: NOTE
2c2
< Package 'mclust' version 6.1.2
---
> Package 'mclust' version 6.1.1
Flavors: r-devel-linux-x86_64-debian-clang, r-devel-linux-x86_64-debian-gcc, r-devel-linux-x86_64-fedora-clang, r-devel-linux-x86_64-fedora-gcc, r-devel-windows-x86_64, r-patched-linux-x86_64, r-release-linux-x86_64, r-release-windows-x86_64
Version: 2.3-4
Check: tests
Result: NOTE
Running ‘donttestexamples.R’ [2s/3s]
Running ‘prabclustests.R’ [13s/18s]
Comparing ‘prabclustests.Rout’ to ‘prabclustests.Rout.save’ ...4c4
< Package 'mclust' version 6.1.2
---
> Package 'mclust' version 6.1.1
Flavor: r-devel-linux-x86_64-debian-clang
Version: 2.3-4
Check: tests
Result: NOTE
Running ‘donttestexamples.R’ [1s/2s]
Running ‘prabclustests.R’ [9s/11s]
Comparing ‘prabclustests.Rout’ to ‘prabclustests.Rout.save’ ...4c4
< Package 'mclust' version 6.1.2
---
> Package 'mclust' version 6.1.1
Flavor: r-devel-linux-x86_64-debian-gcc
Version: 2.3-4
Check: tests
Result: NOTE
Running ‘donttestexamples.R’
Running ‘prabclustests.R’ [21s/22s]
Comparing ‘prabclustests.Rout’ to ‘prabclustests.Rout.save’ ...4c4
< Package 'mclust' version 6.1.2
---
> Package 'mclust' version 6.1.1
108,110c108
< Simulation run 1OMP: Warning #96: Cannot form a team with 24 threads, using 2 instead.
< OMP: Hint Consider unsetting KMP_DEVICE_THREAD_LIMIT (KMP_ALL_THREADS), KMP_TEAMS_THREAD_LIMIT, and OMP_THREAD_LIMIT (if any are set).
< statistics value= 0.2931
---
> Simulation run 1 statistics value= 0.2931
Flavor: r-devel-linux-x86_64-fedora-clang
Version: 2.3-4
Check: tests
Result: NOTE
Running ‘donttestexamples.R’
Running ‘prabclustests.R’ [21s/26s]
Comparing ‘prabclustests.Rout’ to ‘prabclustests.Rout.save’ ...4c4
< Package 'mclust' version 6.1.2
---
> Package 'mclust' version 6.1.1
Flavor: r-devel-linux-x86_64-fedora-gcc
Version: 2.3-4
Check: tests
Result: NOTE
Running 'donttestexamples.R' [2s]
Running 'prabclustests.R' [11s]
Comparing 'prabclustests.Rout' to 'prabclustests.Rout.save' ...4c4
< Package 'mclust' version 6.1.2
---
> Package 'mclust' version 6.1.1
Flavors: r-devel-windows-x86_64, r-release-windows-x86_64
Version: 2.3-4
Check: tests
Result: NOTE
Running ‘donttestexamples.R’ [2s/2s]
Running ‘prabclustests.R’ [13s/17s]
Comparing ‘prabclustests.Rout’ to ‘prabclustests.Rout.save’ ...4c4
< Package 'mclust' version 6.1.2
---
> Package 'mclust' version 6.1.1
Flavor: r-patched-linux-x86_64
Version: 2.3-4
Check: tests
Result: NOTE
Running ‘donttestexamples.R’ [2s/3s]
Running ‘prabclustests.R’ [12s/18s]
Comparing ‘prabclustests.Rout’ to ‘prabclustests.Rout.save’ ...4c4
< Package 'mclust' version 6.1.2
---
> Package 'mclust' version 6.1.1
Flavor: r-release-linux-x86_64
These binaries (installable software) and packages are in development.
They may not be fully stable and should be used with caution. We make no claims about them.
Health stats visible at Monitor.