Last updated on 2025-11-19 11:53:21 CET.
| Flavor | Version | Tinstall | Tcheck | Ttotal | Status | Flags |
|---|---|---|---|---|---|---|
| r-devel-linux-x86_64-debian-clang | 0.9 | 1.78 | 21.59 | 23.37 | OK | |
| r-devel-linux-x86_64-debian-gcc | 0.9 | 1.44 | 17.34 | 18.78 | OK | |
| r-devel-linux-x86_64-fedora-clang | 0.9 | 34.76 | OK | |||
| r-devel-linux-x86_64-fedora-gcc | 0.9 | 32.22 | OK | |||
| r-devel-windows-x86_64 | 0.9 | 4.00 | 45.00 | 49.00 | OK | |
| r-patched-linux-x86_64 | 0.9 | 1.74 | 20.53 | 22.27 | OK | |
| r-release-linux-x86_64 | 0.9 | 1.61 | 20.53 | 22.14 | OK | |
| r-release-macos-arm64 | 0.9 | 1.00 | 18.00 | 19.00 | OK | |
| r-release-macos-x86_64 | 0.9 | 3.00 | 35.00 | 38.00 | OK | |
| r-release-windows-x86_64 | 0.9 | 2.00 | 46.00 | 48.00 | OK | |
| r-oldrel-macos-arm64 | 0.9 | 1.00 | 18.00 | 19.00 | OK | |
| r-oldrel-macos-x86_64 | 0.9 | 1.00 | 28.00 | 29.00 | OK | |
| r-oldrel-windows-x86_64 | 0.9 | 3.00 | 48.00 | 51.00 | ERROR |
Version: 0.9
Check: package dependencies
Result: NOTE
Package suggested but not available for checking: 'MBESS'
Flavor: r-oldrel-windows-x86_64
Version: 0.9
Check: examples
Result: ERROR
Running examples in 'pplot-Ex.R' failed
The error most likely occurred in:
> ### Name: pplot.t.test
> ### Title: Generate p-plot from a series of data points
> ### Aliases: pplot.t.test
> ### Keywords: utilities
>
> ### ** Examples
>
> # Show p-plot for significant test (the simulation
> # has a power of > 88% to return a significant
> # effect).
> testdata <- rnorm(64, mean = 0.4, sd = 1)
> pplot.t.test(testdata)
Warning in pplot.t.test(testdata) :
Package 'MBESS' is not installed but required for computing confidence intervals for effect sizes (for plottype >= 2).
Error in pplot.t.test(testdata) :
Execution halted
Flavor: r-oldrel-windows-x86_64
These binaries (installable software) and packages are in development.
They may not be fully stable and should be used with caution. We make no claims about them.
Health stats visible at Monitor.