CRAN Package Check Results for Package poolr

Last updated on 2025-11-19 05:48:49 CET.

Flavor Version Tinstall Tcheck Ttotal Status Flags
r-devel-linux-x86_64-debian-clang 1.2-0 2.90 206.80 209.70 NOTE
r-devel-linux-x86_64-debian-gcc 1.2-0 1.91 139.34 141.25 NOTE
r-devel-linux-x86_64-fedora-clang 1.2-0 371.72 NOTE
r-devel-linux-x86_64-fedora-gcc 1.2-0 369.11 NOTE
r-devel-windows-x86_64 1.2-0 7.00 254.00 261.00 OK
r-patched-linux-x86_64 1.2-0 3.75 196.94 200.69 OK
r-release-linux-x86_64 1.2-0 2.48 199.17 201.65 OK
r-release-macos-arm64 1.2-0 1.00 105.00 106.00 OK
r-release-macos-x86_64 1.2-0 2.00 202.00 204.00 OK
r-release-windows-x86_64 1.2-0 6.00 266.00 272.00 OK
r-oldrel-macos-arm64 1.2-0 1.00 104.00 105.00 OK
r-oldrel-macos-x86_64 1.2-0 2.00 212.00 214.00 OK
r-oldrel-windows-x86_64 1.2-0 6.00 290.00 296.00 OK

Check Details

Version: 1.2-0
Check: HTML version of manual
Result: NOTE Found the following HTML validation problems: poolr.html:179:44 (binomtest.Rd:4): Warning: <script> anchor "MathJax-script" already defined poolr.html:377:48 (bonferroni.Rd:4): Warning: <script> anchor "MathJax-script" already defined poolr.html:575:134 (empirical.Rd:4): Warning: <script> anchor "MathJax-script" already defined poolr.html:686:42 (fisher.Rd:4): Warning: <script> anchor "MathJax-script" already defined poolr.html:932:56 (invchisq.Rd:4): Warning: <script> anchor "MathJax-script" already defined poolr.html:1150:43 (meff.Rd:4): Warning: <script> anchor "MathJax-script" already defined poolr.html:1288:162 (mvnconv.Rd:4): Warning: <script> anchor "MathJax-script" already defined poolr.html:1385:84 (mvnlookup.Rd:5): Warning: <script> anchor "MathJax-script" already defined poolr.html:1515:44 (stouffer.Rd:4): Warning: <script> anchor "MathJax-script" already defined poolr.html:1734:43 (tippett.Rd:4): Warning: <script> anchor "MathJax-script" already defined Flavors: r-devel-linux-x86_64-debian-clang, r-devel-linux-x86_64-debian-gcc, r-devel-linux-x86_64-fedora-clang, r-devel-linux-x86_64-fedora-gcc

These binaries (installable software) and packages are in development.
They may not be fully stable and should be used with caution. We make no claims about them.
Health stats visible at Monitor.