Last updated on 2025-10-16 13:50:02 CEST.
Flavor | Version | Tinstall | Tcheck | Ttotal | Status | Flags |
---|---|---|---|---|---|---|
r-devel-linux-x86_64-debian-gcc | 1.0.4 | 2.20 | 23.67 | 25.87 | OK | |
r-devel-linux-x86_64-fedora-clang | 1.0.4 | 52.01 | OK | |||
r-devel-linux-x86_64-fedora-gcc | 1.0.4 | 63.91 | OK | |||
r-patched-linux-x86_64 | 1.0.4 | 2.66 | 28.06 | 30.72 | OK | |
r-release-macos-x86_64 | 1.0.4 | 77.00 | OK | |||
r-oldrel-macos-arm64 | 1.0.3 | 23.00 | NOTE | |||
r-oldrel-macos-x86_64 | 1.0.4 | 74.00 | OK |
Version: 1.0.3
Check: package vignettes
Result: NOTE
Package vignette with \VignetteEngine{} not specifying an engine package:
‘pacviz.Rmd’
Engines should be specified as \VignetteEngine{PKG::ENG}.
Flavor: r-oldrel-macos-arm64
These binaries (installable software) and packages are in development.
They may not be fully stable and should be used with caution. We make no claims about them.
Health stats visible at Monitor.