Last updated on 2025-11-19 07:49:53 CET.
| Flavor | Version | Tinstall | Tcheck | Ttotal | Status | Flags |
|---|---|---|---|---|---|---|
| r-devel-linux-x86_64-debian-gcc | 0.1.2 | 1.44 | 19.52 | 20.96 | OK | |
| r-devel-linux-x86_64-fedora-clang | 0.1.2 | 39.15 | OK | |||
| r-devel-linux-x86_64-fedora-gcc | 0.1.2 | 10.00 | 27.11 | 37.11 | OK | |
| r-release-macos-arm64 | 0.1.2 | ERROR | ||||
| r-release-macos-x86_64 | 0.1.2 | 3.00 | 46.00 | 49.00 | OK | |
| r-oldrel-macos-x86_64 | 0.1.2 | 3.00 | 54.00 | 57.00 | OK |
Version: 0.1.2
Check: examples
Result: ERROR
Running examples in ‘nycOpenData-Ex.R’ failed
The error most likely occurred in:
> ### Name: nyc_311
> ### Title: NYC 311 Service Requests
> ### Aliases: nyc_311
>
> ### ** Examples
>
>
> # Quick example (fetch 10 rows)
> small_sample <- nyc_311(limit = 10)
Error in curl::curl_fetch_memory(url, handle = handle) :
Timeout was reached [data.cityofnewyork.us]:
Resolving timed out after 10003 milliseconds
Calls: nyc_311 ... request_fetch.write_memory -> <Anonymous> -> raise_libcurl_error
Execution halted
Flavor: r-release-macos-arm64
These binaries (installable software) and packages are in development.
They may not be fully stable and should be used with caution. We make no claims about them.
Health stats visible at Monitor.