CRAN Package Check Results for Package modsem

Last updated on 2025-11-19 09:48:42 CET.

Flavor Version Tinstall Tcheck Ttotal Status Flags
r-devel-linux-x86_64-debian-clang 1.0.13 94.02 272.08 366.10 OK
r-devel-linux-x86_64-debian-gcc 1.0.13 64.45 194.42 258.87 OK
r-devel-linux-x86_64-fedora-clang 1.0.14 124.00 549.19 673.19 OK
r-devel-linux-x86_64-fedora-gcc 1.0.14 222.00 469.40 691.40 OK
r-devel-windows-x86_64 1.0.13 104.00 244.00 348.00 OK
r-patched-linux-x86_64 1.0.13 93.47 314.81 408.28 OK
r-release-linux-x86_64 1.0.13 88.55 314.57 403.12 OK
r-release-macos-arm64 1.0.13 34.00 131.00 165.00 OK
r-release-macos-x86_64 1.0.14 46.00 293.00 339.00 OK
r-release-windows-x86_64 1.0.13 110.00 239.00 349.00 OK
r-oldrel-macos-arm64 1.0.13 33.00 122.00 155.00 NOTE
r-oldrel-macos-x86_64 1.0.14 51.00 290.00 341.00 NOTE
r-oldrel-windows-x86_64 1.0.13 129.00 317.00 446.00 OK

Check Details

Version: 1.0.13
Check: installed package size
Result: NOTE installed size is 9.7Mb sub-directories of 1Mb or more: libs 7.2Mb Flavor: r-oldrel-macos-arm64

Version: 1.0.14
Check: installed package size
Result: NOTE installed size is 10.1Mb sub-directories of 1Mb or more: libs 7.2Mb Flavor: r-oldrel-macos-x86_64

These binaries (installable software) and packages are in development.
They may not be fully stable and should be used with caution. We make no claims about them.
Health stats visible at Monitor.