Last updated on 2025-11-19 05:48:44 CET.
| Flavor | Version | Tinstall | Tcheck | Ttotal | Status | Flags |
|---|---|---|---|---|---|---|
| r-devel-linux-x86_64-debian-clang | 0.1.2 | 49.32 | 343.92 | 393.24 | NOTE | |
| r-devel-linux-x86_64-debian-gcc | 0.1.2 | 34.25 | 194.49 | 228.74 | NOTE | |
| r-devel-linux-x86_64-fedora-clang | 0.1.2 | 88.00 | 578.20 | 666.20 | NOTE | |
| r-devel-linux-x86_64-fedora-gcc | 0.1.2 | 147.00 | 457.70 | 604.70 | NOTE | |
| r-devel-windows-x86_64 | 0.1.2 | 59.00 | 300.00 | 359.00 | OK | |
| r-patched-linux-x86_64 | 0.1.2 | 49.63 | 296.40 | 346.03 | OK | |
| r-release-linux-x86_64 | 0.1.2 | 50.08 | 298.41 | 348.49 | OK | |
| r-release-macos-arm64 | 0.1.2 | 25.00 | 216.00 | 241.00 | OK | |
| r-release-macos-x86_64 | 0.1.2 | 36.00 | 351.00 | 387.00 | OK | |
| r-release-windows-x86_64 | 0.1.2 | 54.00 | 297.00 | 351.00 | OK | |
| r-oldrel-macos-arm64 | 0.1.2 | 18.00 | 171.00 | 189.00 | NOTE | |
| r-oldrel-macos-x86_64 | 0.1.2 | 51.00 | 519.00 | 570.00 | NOTE | |
| r-oldrel-windows-x86_64 | 0.1.2 | 65.00 | 430.00 | 495.00 | OK |
Version: 0.1.2
Check: HTML version of manual
Result: NOTE
Found the following HTML validation problems:
mlrv.html:820:59 (gcv_cov.Rd:24): Warning: <script> anchor "MathJax-script" already defined
mlrv.html:891:1 (heter_covariate.Rd:37): Warning: <script> anchor "MathJax-script" already defined
mlrv.html:1040:1 (heter_gradient.Rd:24): Warning: <script> anchor "MathJax-script" already defined
Flavors: r-devel-linux-x86_64-debian-clang, r-devel-linux-x86_64-debian-gcc, r-devel-linux-x86_64-fedora-clang, r-devel-linux-x86_64-fedora-gcc
Version: 0.1.2
Check: installed package size
Result: NOTE
installed size is 6.0Mb
sub-directories of 1Mb or more:
libs 5.7Mb
Flavors: r-oldrel-macos-arm64, r-oldrel-macos-x86_64
These binaries (installable software) and packages are in development.
They may not be fully stable and should be used with caution. We make no claims about them.
Health stats visible at Monitor.