Last updated on 2025-11-22 17:49:35 CET.
| Flavor | Version | Tinstall | Tcheck | Ttotal | Status | Flags |
|---|---|---|---|---|---|---|
| r-devel-linux-x86_64-debian-clang | 2025.6.23 | 5.06 | 352.54 | 357.60 | NOTE | |
| r-devel-linux-x86_64-debian-gcc | 2025.11.19 | 4.05 | 230.11 | 234.16 | OK | |
| r-devel-linux-x86_64-fedora-clang | 2025.11.19 | 40.00 | 494.82 | 534.82 | OK | |
| r-devel-linux-x86_64-fedora-gcc | 2025.11.19 | 34.00 | 506.55 | 540.55 | OK | |
| r-devel-windows-x86_64 | 2025.6.23 | 9.00 | 280.00 | 289.00 | OK | |
| r-patched-linux-x86_64 | 2025.6.23 | 5.64 | 334.56 | 340.20 | OK | |
| r-release-linux-x86_64 | 2025.6.23 | 4.22 | 331.41 | 335.63 | OK | |
| r-release-macos-arm64 | 2025.11.19 | 4.00 | ERROR | |||
| r-release-macos-x86_64 | 2025.11.19 | 13.00 | ERROR | |||
| r-release-windows-x86_64 | 2025.6.23 | 8.00 | 272.00 | 280.00 | OK | |
| r-oldrel-macos-arm64 | 2025.11.19 | 9.00 | ERROR | |||
| r-oldrel-macos-x86_64 | 2025.11.19 | 21.00 | ERROR | |||
| r-oldrel-windows-x86_64 | 2025.6.23 | 10.00 | 386.00 | 396.00 | OK |
Version: 2025.6.23
Check: HTML version of manual
Result: NOTE
Found the following HTML validation problems:
mlr3resampling.html:664:1 (ResamplingSameOtherSizesCV.Rd:137): Warning: <a> anchor "method-Resampling-new" already defined
mlr3resampling.html:714:1 (ResamplingSameOtherSizesCV.Rd:175): Warning: <a> anchor "method-Resampling-train_set" already defined
mlr3resampling.html:751:1 (ResamplingSameOtherSizesCV.Rd:196): Warning: <a> anchor "method-Resampling-test_set" already defined
mlr3resampling.html:910:1 (ResamplingVariableSizeTrainCV.Rd:76): Warning: <a> anchor "method-Resampling-new" already defined
mlr3resampling.html:960:1 (ResamplingVariableSizeTrainCV.Rd:114): Warning: <a> anchor "method-Resampling-train_set" already defined
mlr3resampling.html:997:1 (ResamplingVariableSizeTrainCV.Rd:135): Warning: <a> anchor "method-Resampling-test_set" already defined
Flavor: r-devel-linux-x86_64-debian-clang
Version: 2025.11.19
Check: package dependencies
Result: ERROR
Package required but not available: ‘pbdMPI’
See section ‘The DESCRIPTION file’ in the ‘Writing R Extensions’
manual.
Flavors: r-release-macos-arm64, r-release-macos-x86_64, r-oldrel-macos-arm64, r-oldrel-macos-x86_64
These binaries (installable software) and packages are in development.
They may not be fully stable and should be used with caution. We make no claims about them.
Health stats visible at Monitor.