Last updated on 2024-05-23 15:59:50 CEST.
Flavor | Version | Tinstall | Tcheck | Ttotal | Status | Flags |
---|---|---|---|---|---|---|
r-devel-linux-x86_64-debian-clang | 0.9.6 | 9.17 | 105.62 | 114.79 | NOTE | |
r-devel-linux-x86_64-debian-gcc | 0.9.6 | 6.60 | 79.27 | 85.87 | NOTE | |
r-devel-linux-x86_64-fedora-clang | 0.9.6 | 142.36 | NOTE | |||
r-devel-linux-x86_64-fedora-gcc | 0.9.6 | 151.98 | NOTE | |||
r-devel-windows-x86_64 | 0.9.6 | 8.00 | 108.00 | 116.00 | NOTE | |
r-patched-linux-x86_64 | 0.9.6 | 9.91 | 100.53 | 110.44 | NOTE | |
r-release-linux-x86_64 | 0.9.6 | 8.48 | 101.02 | 109.50 | NOTE | |
r-release-macos-arm64 | 0.9.6 | 54.00 | NOTE | |||
r-release-windows-x86_64 | 0.9.6 | 9.00 | 108.00 | 117.00 | NOTE | |
r-oldrel-macos-arm64 | 0.9.6 | 55.00 | OK | |||
r-oldrel-macos-x86_64 | 0.9.6 | 86.00 | OK | |||
r-oldrel-windows-x86_64 | 0.9.6 | 11.00 | 121.00 | 132.00 | OK |
Version: 0.9.6
Check: Rd files
Result: NOTE
checkRd: (-1) vectors3d.Rd:86: Lost braces
86 | \code{\link{arrows3d}}, code{\link[rgl]{texts3d}}, code{\link[rgl]{rgl.material}}
| ^
checkRd: (-1) vectors3d.Rd:86: Lost braces
86 | \code{\link{arrows3d}}, code{\link[rgl]{texts3d}}, code{\link[rgl]{rgl.material}}
| ^
Flavors: r-devel-linux-x86_64-debian-clang, r-devel-linux-x86_64-debian-gcc, r-devel-linux-x86_64-fedora-clang, r-devel-linux-x86_64-fedora-gcc, r-devel-windows-x86_64, r-patched-linux-x86_64, r-release-linux-x86_64, r-release-macos-arm64, r-release-windows-x86_64
These binaries (installable software) and packages are in development.
They may not be fully stable and should be used with caution. We make no claims about them.
Health stats visible at Monitor.