Last updated on 2025-11-19 13:50:12 CET.
| Flavor | Version | Tinstall | Tcheck | Ttotal | Status | Flags |
|---|---|---|---|---|---|---|
| r-devel-linux-x86_64-debian-clang | 2.1.4 | 4.66 | 46.33 | 50.99 | OK | |
| r-devel-linux-x86_64-debian-gcc | 2.1.4 | 3.32 | 36.57 | 39.89 | OK | |
| r-devel-linux-x86_64-fedora-clang | 2.1.4 | 20.00 | 56.55 | 76.55 | WARN | |
| r-devel-linux-x86_64-fedora-gcc | 2.1.4 | 15.00 | 67.92 | 82.92 | WARN | |
| r-devel-windows-x86_64 | 2.1.4 | 11.00 | 75.00 | 86.00 | OK | |
| r-patched-linux-x86_64 | 2.1.4 | 4.96 | 42.62 | 47.58 | OK | |
| r-release-linux-x86_64 | 2.1.4 | 4.62 | 42.42 | 47.04 | OK | |
| r-release-macos-arm64 | 2.1.4 | OK | ||||
| r-release-macos-x86_64 | 2.1.4 | 9.00 | 83.00 | 92.00 | OK | |
| r-release-windows-x86_64 | 2.1.4 | 9.00 | 75.00 | 84.00 | OK | |
| r-oldrel-macos-arm64 | 2.1.4 | OK | ||||
| r-oldrel-macos-x86_64 | 2.1.4 | 14.00 | 132.00 | 146.00 | OK | |
| r-oldrel-windows-x86_64 | 2.1.4 | 10.00 | 82.00 | 92.00 | OK |
Version: 2.1.4
Check: re-building of vignette outputs
Result: WARN
Error(s) in re-building vignettes:
--- re-building ‘lmPerm.Rnw’ using Sweave
Error: processing vignette 'lmPerm.Rnw' failed with diagnostics:
Running 'texi2dvi' on 'lmPerm.tex' failed.
LaTeX errors:
! Missing $ inserted.
<inserted text>
$
l.1169
! Emergency stop.
<inserted text>
$
l.1169
! ==> Fatal error occurred, no output PDF file produced!
--- failed re-building ‘lmPerm.Rnw’
SUMMARY: processing the following file failed:
‘lmPerm.Rnw’
Error: Vignette re-building failed.
Execution halted
Flavors: r-devel-linux-x86_64-fedora-clang, r-devel-linux-x86_64-fedora-gcc
These binaries (installable software) and packages are in development.
They may not be fully stable and should be used with caution. We make no claims about them.
Health stats visible at Monitor.