Last updated on 2025-11-20 09:48:31 CET.
| Flavor | Version | Tinstall | Tcheck | Ttotal | Status | Flags |
|---|---|---|---|---|---|---|
| r-devel-linux-x86_64-debian-clang | 1.0.5 | 142.20 | 181.18 | 323.38 | ERROR | |
| r-devel-linux-x86_64-debian-gcc | 1.0.5 | 151.16 | 133.96 | 285.12 | ERROR | |
| r-devel-linux-x86_64-fedora-clang | 1.0.5 | 480.00 | 23.88 | 503.88 | ERROR | |
| r-devel-linux-x86_64-fedora-gcc | 1.0.5 | 1080.00 | -349.58 | 730.42 | ERROR | |
| r-devel-windows-x86_64 | 1.0.5 | 208.00 | 261.00 | 469.00 | OK | |
| r-patched-linux-x86_64 | 1.0.5 | 213.04 | 170.63 | 383.67 | ERROR | |
| r-release-linux-x86_64 | 1.0.5 | 208.66 | 173.07 | 381.73 | ERROR | |
| r-release-macos-arm64 | 1.0.5 | OK | ||||
| r-release-macos-x86_64 | 1.0.5 | 114.00 | 169.00 | 283.00 | OK | |
| r-release-windows-x86_64 | 1.0.5 | 201.00 | 253.00 | 454.00 | OK | |
| r-oldrel-macos-arm64 | 1.0.5 | NOTE | ||||
| r-oldrel-macos-x86_64 | 1.0.5 | 125.00 | 171.00 | 296.00 | NOTE | |
| r-oldrel-windows-x86_64 | 1.0.5 | 244.00 | 329.00 | 573.00 | NOTE |
Version: 1.0.5
Check: tests
Result: ERROR
Running ‘testthat.R’ [28s/35s]
Running the tests in ‘tests/testthat.R’ failed.
Complete output:
> library(testthat)
> library(imager)
Loading required package: magrittr
Attaching package: 'magrittr'
The following objects are masked from 'package:testthat':
equals, is_less_than, not
Attaching package: 'imager'
The following object is masked from 'package:magrittr':
add
The following objects are masked from 'package:stats':
convolve, spectrum
The following object is masked from 'package:graphics':
frame
The following object is masked from 'package:base':
save.image
>
> test_check("imager")
Saving _problems/test_load_save_videos-15.R
[ FAIL 1 | WARN 0 | SKIP 0 | PASS 19 ]
══ Failed tests ════════════════════════════════════════════════════════════════
── Error ('test_load_save_videos.R:15:13'): load_and_save_videos ───────────────
Error in `expect(file_test("-f", ff), TRUE)`: `failure_message` must be a character vector, not `TRUE`.
Backtrace:
▆
1. └─testthat::expect(failure_message = TRUE) at test_load_save_videos.R:15:13
2. └─testthat:::check_character(failure_message)
3. └─testthat:::stop_input_type(...)
4. └─rlang::abort(message, ..., call = call, arg = arg)
[ FAIL 1 | WARN 0 | SKIP 0 | PASS 19 ]
Error:
! Test failures.
Execution halted
Flavor: r-devel-linux-x86_64-debian-clang
Version: 1.0.5
Check: tests
Result: ERROR
Running ‘testthat.R’ [27s/35s]
Running the tests in ‘tests/testthat.R’ failed.
Complete output:
> library(testthat)
> library(imager)
Loading required package: magrittr
Attaching package: 'magrittr'
The following objects are masked from 'package:testthat':
equals, is_less_than, not
Attaching package: 'imager'
The following object is masked from 'package:magrittr':
add
The following objects are masked from 'package:stats':
convolve, spectrum
The following object is masked from 'package:graphics':
frame
The following object is masked from 'package:base':
save.image
>
> test_check("imager")
Saving _problems/test_load_save_videos-15.R
[ FAIL 1 | WARN 0 | SKIP 0 | PASS 19 ]
══ Failed tests ════════════════════════════════════════════════════════════════
── Error ('test_load_save_videos.R:15:13'): load_and_save_videos ───────────────
Error in `expect(file_test("-f", ff), TRUE)`: `failure_message` must be a character vector, not `TRUE`.
Backtrace:
▆
1. └─testthat::expect(failure_message = TRUE) at test_load_save_videos.R:15:13
2. └─testthat:::check_character(failure_message)
3. └─testthat:::stop_input_type(...)
4. └─rlang::abort(message, ..., call = call, arg = arg)
[ FAIL 1 | WARN 0 | SKIP 0 | PASS 19 ]
Error:
! Test failures.
Execution halted
Flavor: r-devel-linux-x86_64-debian-gcc
Version: 1.0.5
Check: tests
Result: ERROR
Running ‘testthat.R’ [48s/79s]
Running the tests in ‘tests/testthat.R’ failed.
Complete output:
> library(testthat)
> library(imager)
Loading required package: magrittr
Attaching package: 'magrittr'
The following objects are masked from 'package:testthat':
equals, is_less_than, not
Attaching package: 'imager'
The following object is masked from 'package:magrittr':
add
The following objects are masked from 'package:stats':
convolve, spectrum
The following object is masked from 'package:graphics':
frame
The following object is masked from 'package:base':
save.image
>
> test_check("imager")
Saving _problems/test_load_save_videos-15.R
[ FAIL 1 | WARN 0 | SKIP 0 | PASS 19 ]
══ Failed tests ════════════════════════════════════════════════════════════════
── Error ('test_load_save_videos.R:15:13'): load_and_save_videos ───────────────
Error in `expect(file_test("-f", ff), TRUE)`: `failure_message` must be a character vector, not `TRUE`.
Backtrace:
▆
1. └─testthat::expect(failure_message = TRUE) at test_load_save_videos.R:15:13
2. └─testthat:::check_character(failure_message)
3. └─testthat:::stop_input_type(...)
4. └─rlang::abort(message, ..., call = call, arg = arg)
[ FAIL 1 | WARN 0 | SKIP 0 | PASS 19 ]
Error:
! Test failures.
Execution halted
Flavor: r-devel-linux-x86_64-fedora-clang
Version: 1.0.5
Check: tests
Result: ERROR
Running ‘testthat.R’ [72s/197s]
Running the tests in ‘tests/testthat.R’ failed.
Complete output:
> library(testthat)
> library(imager)
Loading required package: magrittr
Attaching package: 'magrittr'
The following objects are masked from 'package:testthat':
equals, is_less_than, not
Attaching package: 'imager'
The following object is masked from 'package:magrittr':
add
The following objects are masked from 'package:stats':
convolve, spectrum
The following object is masked from 'package:graphics':
frame
The following object is masked from 'package:base':
save.image
>
> test_check("imager")
Saving _problems/test_load_save_videos-15.R
[ FAIL 1 | WARN 0 | SKIP 0 | PASS 19 ]
══ Failed tests ════════════════════════════════════════════════════════════════
── Error ('test_load_save_videos.R:15:13'): load_and_save_videos ───────────────
Error in `expect(file_test("-f", ff), TRUE)`: `failure_message` must be a character vector, not `TRUE`.
Backtrace:
▆
1. └─testthat::expect(failure_message = TRUE) at test_load_save_videos.R:15:13
2. └─testthat:::check_character(failure_message)
3. └─testthat:::stop_input_type(...)
4. └─rlang::abort(message, ..., call = call, arg = arg)
[ FAIL 1 | WARN 0 | SKIP 0 | PASS 19 ]
Error:
! Test failures.
Execution halted
Flavor: r-devel-linux-x86_64-fedora-gcc
Version: 1.0.5
Check: tests
Result: ERROR
Running ‘testthat.R’ [39s/50s]
Running the tests in ‘tests/testthat.R’ failed.
Complete output:
> library(testthat)
> library(imager)
Loading required package: magrittr
Attaching package: 'magrittr'
The following objects are masked from 'package:testthat':
equals, is_less_than, not
Attaching package: 'imager'
The following object is masked from 'package:magrittr':
add
The following objects are masked from 'package:stats':
convolve, spectrum
The following object is masked from 'package:graphics':
frame
The following object is masked from 'package:base':
save.image
>
> test_check("imager")
Saving _problems/test_load_save_videos-15.R
[ FAIL 1 | WARN 0 | SKIP 0 | PASS 19 ]
══ Failed tests ════════════════════════════════════════════════════════════════
── Error ('test_load_save_videos.R:15:13'): load_and_save_videos ───────────────
Error in `expect(file_test("-f", ff), TRUE)`: `failure_message` must be a character vector, not `TRUE`.
Backtrace:
▆
1. └─testthat::expect(failure_message = TRUE) at test_load_save_videos.R:15:13
2. └─testthat:::check_character(failure_message)
3. └─testthat:::stop_input_type(...)
4. └─rlang::abort(message, ..., call = call, arg = arg)
[ FAIL 1 | WARN 0 | SKIP 0 | PASS 19 ]
Error:
! Test failures.
Execution halted
Flavor: r-patched-linux-x86_64
Version: 1.0.5
Check: tests
Result: ERROR
Running ‘testthat.R’ [38s/49s]
Running the tests in ‘tests/testthat.R’ failed.
Complete output:
> library(testthat)
> library(imager)
Loading required package: magrittr
Attaching package: 'magrittr'
The following objects are masked from 'package:testthat':
equals, is_less_than, not
Attaching package: 'imager'
The following object is masked from 'package:magrittr':
add
The following objects are masked from 'package:stats':
convolve, spectrum
The following object is masked from 'package:graphics':
frame
The following object is masked from 'package:base':
save.image
>
> test_check("imager")
Saving _problems/test_load_save_videos-15.R
[ FAIL 1 | WARN 0 | SKIP 0 | PASS 19 ]
══ Failed tests ════════════════════════════════════════════════════════════════
── Error ('test_load_save_videos.R:15:13'): load_and_save_videos ───────────────
Error in `expect(file_test("-f", ff), TRUE)`: `failure_message` must be a character vector, not `TRUE`.
Backtrace:
▆
1. └─testthat::expect(failure_message = TRUE) at test_load_save_videos.R:15:13
2. └─testthat:::check_character(failure_message)
3. └─testthat:::stop_input_type(...)
4. └─rlang::abort(message, ..., call = call, arg = arg)
[ FAIL 1 | WARN 0 | SKIP 0 | PASS 19 ]
Error:
! Test failures.
Execution halted
Flavor: r-release-linux-x86_64
Version: 1.0.5
Check: installed package size
Result: NOTE
installed size is 28.6Mb
sub-directories of 1Mb or more:
data 1.4Mb
doc 3.7Mb
extdata 1.0Mb
include 3.3Mb
libs 18.5Mb
Flavors: r-oldrel-macos-arm64, r-oldrel-macos-x86_64, r-oldrel-windows-x86_64
These binaries (installable software) and packages are in development.
They may not be fully stable and should be used with caution. We make no claims about them.
Health stats visible at Monitor.