Last updated on 2025-11-19 09:48:38 CET.
| Flavor | Version | Tinstall | Tcheck | Ttotal | Status | Flags |
|---|---|---|---|---|---|---|
| r-devel-linux-x86_64-debian-clang | 0.23 | 12.75 | 116.69 | 129.44 | NOTE | --no-tests --no-vignettes |
| r-devel-linux-x86_64-debian-gcc | 0.23 | 8.74 | 85.98 | 94.72 | NOTE | --no-tests --no-vignettes |
| r-devel-linux-x86_64-fedora-clang | 0.23 | 59.00 | 554.48 | 613.48 | OK | |
| r-devel-linux-x86_64-fedora-gcc | 0.23 | 28.00 | 789.48 | 817.48 | OK | |
| r-devel-windows-x86_64 | 0.23 | 18.00 | 158.00 | 176.00 | OK | --no-vignettes |
| r-patched-linux-x86_64 | 0.23 | 11.45 | 108.61 | 120.06 | OK | --no-tests --no-vignettes |
| r-release-linux-x86_64 | 0.23 | 11.45 | 109.14 | 120.59 | OK | --no-tests --no-vignettes |
| r-release-macos-arm64 | 0.23 | 6.00 | 468.00 | 474.00 | OK | |
| r-release-macos-x86_64 | 0.23 | 8.00 | 563.00 | 571.00 | OK | |
| r-release-windows-x86_64 | 0.23 | 15.00 | 284.00 | 299.00 | OK | --no-vignettes |
| r-oldrel-macos-arm64 | 0.23 | 6.00 | 293.00 | 299.00 | OK | |
| r-oldrel-macos-x86_64 | 0.23 | 9.00 | 540.00 | 549.00 | OK | |
| r-oldrel-windows-x86_64 | 0.23 | 1.00 | 10.00 | 11.00 | ERROR | --no-vignettes |
Version: 0.23
Flags: --no-tests --no-vignettes
Check: CRAN incoming feasibility
Result: NOTE
Maintainer: ‘Joshua N. Pritikin <jpritikin@pobox.com>’
Package CITATION file contains call(s) to old-style citEntry(). Please
use bibentry() instead.
Flavors: r-devel-linux-x86_64-debian-clang, r-devel-linux-x86_64-debian-gcc
Version: 0.23
Flags: --no-vignettes
Check: package dependencies
Result: ERROR
Package required but not available: 'OpenMx'
See section 'The DESCRIPTION file' in the 'Writing R Extensions'
manual.
Flavor: r-oldrel-windows-x86_64
These binaries (installable software) and packages are in development.
They may not be fully stable and should be used with caution. We make no claims about them.
Health stats visible at Monitor.