Last updated on 2024-05-11 11:48:18 CEST.
Flavor | Version | Tinstall | Tcheck | Ttotal | Status | Flags |
---|---|---|---|---|---|---|
r-devel-linux-x86_64-debian-clang | 2.1-1 | 26.67 | 239.83 | 266.50 | NOTE | |
r-devel-linux-x86_64-debian-gcc | 2.1-1 | 21.29 | 175.15 | 196.44 | NOTE | |
r-devel-linux-x86_64-fedora-clang | 2.1-1 | 352.54 | NOTE | |||
r-devel-linux-x86_64-fedora-gcc | 2.1-1 | 439.96 | NOTE | |||
r-devel-windows-x86_64 | 2.1-1 | 37.00 | 260.00 | 297.00 | NOTE | |
r-patched-linux-x86_64 | 2.1-1 | 28.66 | 223.32 | 251.98 | NOTE | |
r-release-linux-x86_64 | 2.1-1 | 23.75 | 224.42 | 248.17 | NOTE | |
r-release-macos-arm64 | 2.1-1 | 106.00 | NOTE | |||
r-release-windows-x86_64 | 2.1-1 | 35.00 | 254.00 | 289.00 | NOTE | |
r-oldrel-macos-arm64 | 2.1-1 | 112.00 | OK | |||
r-oldrel-macos-x86_64 | 2.1-1 | 203.00 | OK | |||
r-oldrel-windows-x86_64 | 2.1-1 | 38.00 | 341.00 | 379.00 | OK |
Version: 2.1-1
Check: Rd files
Result: NOTE
checkRd: (-1) jura.Rd:29: Lost braces; missing escapes or markup?
29 | \item{Cd}{ mg cadmium kg^{-1} topsoil }
| ^
checkRd: (-1) jura.Rd:30: Lost braces; missing escapes or markup?
30 | \item{Co}{ mg cobalt kg^{-1} topsoil }
| ^
checkRd: (-1) jura.Rd:31: Lost braces; missing escapes or markup?
31 | \item{Cr}{ mg chromium kg^{-1} topsoil }
| ^
checkRd: (-1) jura.Rd:32: Lost braces; missing escapes or markup?
32 | \item{Cu}{ mg copper kg^{-1} topsoil }
| ^
checkRd: (-1) jura.Rd:33: Lost braces; missing escapes or markup?
33 | \item{Ni}{ mg nickel kg^{-1} topsoil }
| ^
checkRd: (-1) jura.Rd:34: Lost braces; missing escapes or markup?
34 | \item{Pb}{ mg lead kg^{-1} topsoil }
| ^
checkRd: (-1) jura.Rd:35: Lost braces; missing escapes or markup?
35 | \item{Zn}{ mg zinc kg^{-1} topsoil }
| ^
checkRd: (-1) variogramST.Rd:49: Lost braces; missing escapes or markup?
49 | time lag $t$, the pseudo cross variogram $(Z_i(s)-Z_{i+t}(s+h))^2$ is averaged over all time
| ^
checkRd: (-1) variogramST.Rd:50: Lost braces; missing escapes or markup?
50 | lagged observation sets $Z_i$ and $Z_{i+t}$ available (weighted by the number of pairs involved).
| ^
Flavors: r-devel-linux-x86_64-debian-clang, r-devel-linux-x86_64-debian-gcc, r-devel-linux-x86_64-fedora-clang, r-devel-linux-x86_64-fedora-gcc, r-devel-windows-x86_64, r-patched-linux-x86_64, r-release-linux-x86_64, r-release-macos-arm64, r-release-windows-x86_64
These binaries (installable software) and packages are in development.
They may not be fully stable and should be used with caution. We make no claims about them.
Health stats visible at Monitor.