Last updated on 2024-05-23 17:51:49 CEST.
Flavor | Version | Tinstall | Tcheck | Ttotal | Status | Flags |
---|---|---|---|---|---|---|
r-devel-linux-x86_64-debian-clang | 1.1.0 | 197.99 | 61.50 | 259.49 | NOTE | |
r-devel-linux-x86_64-debian-gcc | 1.1.0 | 137.21 | 45.36 | 182.57 | NOTE | |
r-devel-linux-x86_64-fedora-clang | 1.1.0 | 402.29 | NOTE | |||
r-devel-linux-x86_64-fedora-gcc | 1.1.0 | 401.08 | NOTE | |||
r-devel-windows-x86_64 | 1.1.0 | 203.00 | 89.00 | 292.00 | NOTE | |
r-patched-linux-x86_64 | 1.1.0 | 175.48 | 57.54 | 233.02 | NOTE | |
r-release-linux-x86_64 | 1.1.0 | 161.84 | 58.09 | 219.93 | NOTE | |
r-release-macos-arm64 | 1.1.0 | 68.00 | NOTE | |||
r-release-macos-x86_64 | 1.1.0 | 105.00 | NOTE | |||
r-release-windows-x86_64 | 1.1.0 | 208.00 | 95.00 | 303.00 | NOTE | |
r-oldrel-macos-arm64 | 1.1.0 | 73.00 | NOTE | |||
r-oldrel-macos-x86_64 | 1.1.0 | 107.00 | NOTE | |||
r-oldrel-windows-x86_64 | 1.1.0 | 241.00 | 105.00 | 346.00 | NOTE |
Version: 1.1.0
Check: for GNU extensions in Makefiles
Result: NOTE
GNU make is a SystemRequirements.
Flavors: r-devel-linux-x86_64-debian-clang, r-devel-linux-x86_64-debian-gcc, r-devel-linux-x86_64-fedora-clang, r-devel-linux-x86_64-fedora-gcc, r-devel-windows-x86_64, r-patched-linux-x86_64, r-release-linux-x86_64, r-release-macos-arm64, r-release-macos-x86_64, r-release-windows-x86_64, r-oldrel-macos-arm64, r-oldrel-macos-x86_64, r-oldrel-windows-x86_64
Version: 1.1.0
Check: data for non-ASCII characters
Result: NOTE
Note: found 553 marked UTF-8 strings
Flavors: r-devel-linux-x86_64-fedora-clang, r-devel-linux-x86_64-fedora-gcc
Version: 1.1.0
Check: installed package size
Result: NOTE
installed size is 7.5Mb
sub-directories of 1Mb or more:
libs 7.2Mb
Flavors: r-release-macos-arm64, r-release-macos-x86_64, r-oldrel-macos-arm64, r-oldrel-macos-x86_64
These binaries (installable software) and packages are in development.
They may not be fully stable and should be used with caution. We make no claims about them.
Health stats visible at Monitor.