Last updated on 2024-05-10 00:55:02 CEST.
Flavor | Version | Tinstall | Tcheck | Ttotal | Status | Flags |
---|---|---|---|---|---|---|
r-devel-linux-x86_64-debian-clang | 0.37 | 15.51 | 124.15 | 139.66 | NOTE | |
r-devel-linux-x86_64-debian-gcc | 0.37 | 11.54 | 87.96 | 99.50 | NOTE | |
r-devel-linux-x86_64-fedora-clang | 0.37 | 178.92 | NOTE | |||
r-devel-linux-x86_64-fedora-gcc | 0.37 | 178.56 | NOTE | |||
r-devel-windows-x86_64 | 0.37 | 12.00 | 140.00 | 152.00 | NOTE | |
r-patched-linux-x86_64 | 0.37 | 18.41 | 117.40 | 135.81 | NOTE | |
r-release-linux-x86_64 | 0.37 | 12.92 | 113.43 | 126.35 | NOTE | |
r-release-macos-arm64 | 0.37 | 51.00 | NOTE | |||
r-release-windows-x86_64 | 0.37 | 13.00 | 140.00 | 153.00 | NOTE | |
r-oldrel-macos-arm64 | 0.37 | 50.00 | OK | |||
r-oldrel-macos-x86_64 | 0.37 | 120.00 | OK | |||
r-oldrel-windows-x86_64 | 0.37 | 15.00 | 148.00 | 163.00 | OK |
Version: 0.37
Check: Rd files
Result: NOTE
checkRd: (-1) vargaugeiis.Rd:22: Lost braces
22 | \details{The function computes the variance of the Gauge (false-positive rate of outliers in impulse indicator saturation) for a given level of significance of selection (\code{t.pval}) and sample size ({\code{T}) based on Jiao and Pretis (2019). This is an auxilliary function used within the \code{\link{outliertest}} function.}}
| ^
Flavors: r-devel-linux-x86_64-debian-clang, r-devel-linux-x86_64-debian-gcc, r-devel-linux-x86_64-fedora-clang, r-devel-linux-x86_64-fedora-gcc, r-devel-windows-x86_64, r-patched-linux-x86_64, r-release-linux-x86_64, r-release-macos-arm64, r-release-windows-x86_64
These binaries (installable software) and packages are in development.
They may not be fully stable and should be used with caution. We make no claims about them.
Health stats visible at Monitor.