Last updated on 2025-11-21 01:49:57 CET.
| Flavor | Version | Tinstall | Tcheck | Ttotal | Status | Flags |
|---|---|---|---|---|---|---|
| r-devel-linux-x86_64-debian-clang | 0.1.8 | 13.94 | 183.75 | 197.69 | NOTE | |
| r-devel-linux-x86_64-debian-gcc | 0.1.8 | 9.24 | 130.02 | 139.26 | NOTE | |
| r-devel-linux-x86_64-fedora-clang | 0.1.8 | 33.00 | 258.66 | 291.66 | NOTE | |
| r-devel-linux-x86_64-fedora-gcc | 0.1.8 | 58.00 | 245.96 | 303.96 | NOTE | |
| r-devel-windows-x86_64 | 0.1.8 | 17.00 | 249.00 | 266.00 | OK | |
| r-patched-linux-x86_64 | 0.1.8 | 12.30 | 169.89 | 182.19 | OK | |
| r-release-linux-x86_64 | 0.1.8 | 13.51 | 168.59 | 182.10 | OK | |
| r-release-macos-arm64 | 0.1.8 | OK | ||||
| r-release-macos-x86_64 | 0.1.8 | 11.00 | 142.00 | 153.00 | OK | |
| r-release-windows-x86_64 | 0.1.8 | 14.00 | 257.00 | 271.00 | OK | |
| r-oldrel-macos-arm64 | 0.1.8 | OK | ||||
| r-oldrel-macos-x86_64 | 0.1.8 | 8.00 | 110.00 | 118.00 | OK | |
| r-oldrel-windows-x86_64 | 0.1.8 | 20.00 | 270.00 | 290.00 | OK |
Version: 0.1.8
Check: DESCRIPTION meta-information
Result: NOTE
Author field differs from that derived from Authors@R
Author: ‘J. Aravind [aut, cre] (<https://orcid.org/0000-0002-4791-442X>), S. Vimala Devi [aut], J. Radhamani [aut], Sherry Rachel Jacob [aut], Kalyani Srinivasan [aut], ICAR-NBGPR [cph] (www.nbpgr.ernet.in)’
Authors@R: ‘J. Aravind [aut, cre] (ORCID: <https://orcid.org/0000-0002-4791-442X>), S. Vimala Devi [aut], J. Radhamani [aut], Sherry Rachel Jacob [aut], Kalyani Srinivasan [aut], ICAR-NBGPR [cph] (url: www.nbpgr.ernet.in)’
Flavors: r-devel-linux-x86_64-debian-clang, r-devel-linux-x86_64-debian-gcc
Version: 0.1.8
Check: HTML version of manual
Result: NOTE
Found the following HTML validation problems:
germinationmetrics.html:272:1 (EmergenceRateIndex.Rd:53): Warning: <script> anchor "MathJax-script" already defined
germinationmetrics.html:513:2 (FirstGermTime.Rd:54): Warning: <script> anchor "MathJax-script" already defined
germinationmetrics.html:716:63 (FourPHFfit.Rd:84): Warning: <script> anchor "MathJax-script" already defined
germinationmetrics.html:1154:30 (GermIndex.Rd:39): Warning: <script> anchor "MathJax-script" already defined
germinationmetrics.html:1344:14 (GermPercent.Rd:38): Warning: <script> anchor "MathJax-script" already defined
germinationmetrics.html:1430:2 (GermSpeed.Rd:72): Warning: <script> anchor "MathJax-script" already defined
germinationmetrics.html:1678:2 (GermSynchrony.Rd:36): Warning: <script> anchor "MathJax-script" already defined
germinationmetrics.html:1797:1 (GermValue.Rd:51): Warning: <script> anchor "MathJax-script" already defined
germinationmetrics.html:1997:2 (MeanGermPercent.Rd:43): Warning: <script> anchor "MathJax-script" already defined
germinationmetrics.html:2139:2 (MeanGermRate.Rd:70): Warning: <script> anchor "MathJax-script" already defined
germinationmetrics.html:2351:1 (MeanGermTime.Rd:53): Warning: <script> anchor "MathJax-script" already defined
germinationmetrics.html:2531:24 (TimsonsIndex.Rd:54): Warning: <script> anchor "MathJax-script" already defined
germinationmetrics.html:2785:34 (WeightGermPercent.Rd:28): Warning: <script> anchor "MathJax-script" already defined
germinationmetrics.html:2996:59 (germination.indices.Rd:245): Warning: <script> anchor "MathJax-script" already defined
germinationmetrics.html:3523:22 (plot.FourPHFfit.Rd:65): Warning: <script> anchor "MathJax-script" already defined
germinationmetrics.html:3676:11 (plot.FourPHFfit.bulk.Rd:63): Warning: <script> anchor "MathJax-script" already defined
germinationmetrics.html:3818:61 (t50.Rd:28): Warning: <script> anchor "MathJax-script" already defined
Flavors: r-devel-linux-x86_64-debian-clang, r-devel-linux-x86_64-debian-gcc, r-devel-linux-x86_64-fedora-clang, r-devel-linux-x86_64-fedora-gcc
These binaries (installable software) and packages are in development.
They may not be fully stable and should be used with caution. We make no claims about them.
Health stats visible at Monitor.