Last updated on 2025-11-20 13:50:03 CET.
| Flavor | Version | Tinstall | Tcheck | Ttotal | Status | Flags |
|---|---|---|---|---|---|---|
| r-devel-linux-x86_64-debian-clang | 0.9.2 | 346.49 | 1339.49 | 1685.98 | ERROR | |
| r-devel-linux-x86_64-debian-gcc | 0.9.2 | 221.91 | 811.06 | 1032.97 | ERROR | |
| r-devel-linux-x86_64-fedora-clang | 0.9.2 | 840.00 | 1935.16 | 2775.16 | OK | |
| r-devel-linux-x86_64-fedora-gcc | 0.9.2 | 840.00 | 1625.14 | 2465.14 | OK | |
| r-devel-windows-x86_64 | 0.9.2 | 383.00 | 1212.00 | 1595.00 | OK | |
| r-patched-linux-x86_64 | 0.9.2 | 357.95 | 1229.65 | 1587.60 | ERROR | |
| r-release-linux-x86_64 | 0.9.2 | 335.31 | 1238.18 | 1573.49 | ERROR | |
| r-release-macos-arm64 | 0.9.2 | OK | ||||
| r-release-macos-x86_64 | 0.9.2 | 322.00 | 1284.00 | 1606.00 | OK | |
| r-release-windows-x86_64 | 0.9.2 | 359.00 | 1226.00 | 1585.00 | OK | |
| r-oldrel-macos-arm64 | 0.9.2 | NOTE | ||||
| r-oldrel-macos-x86_64 | 0.9.2 | 332.00 | 1253.00 | 1585.00 | NOTE | |
| r-oldrel-windows-x86_64 | 0.9.2 | 484.00 | 1636.00 | 2120.00 | NOTE |
Version: 0.9.2
Check: whether the namespace can be loaded with stated dependencies
Result: NOTE
Warning in XML::xmlParse(xsdFile, isSchema = TRUE, xinclude = TRUE, error = function(msg, :
NULL value for external reference
A namespace must be able to be loaded with just the base namespace
loaded: otherwise if the namespace gets loaded by a saved object, the
session will be unable to start.
Probably some imports need to be declared in the NAMESPACE file.
Flavors: r-devel-linux-x86_64-debian-clang, r-devel-linux-x86_64-debian-gcc, r-patched-linux-x86_64, r-release-linux-x86_64
Version: 0.9.2
Check: tests
Result: ERROR
Running ‘test-all.R’ [97s/121s]
Running the tests in ‘tests/test-all.R’ failed.
Complete output:
> library(testthat)
> library(geometa)
Loading ISO 19139 XML schemas...
Loading ISO 19115-3 XML schemas...
Loading ISO 19139 codelists...
Warning message:
In XML::xmlParse(xsdFile, isSchema = TRUE, xinclude = TRUE, error = function(msg, :
NULL value for external reference
> test_check("geometa")
Unsupported encoding: native.enc
[geometa][INFO] Object 'ISOBaseBoolean' is VALID according to ISO 19139 XML schemas!
Unsupported encoding: native.enc
[geometa][INFO] Object 'ISOBaseBoolean' is VALID according to ISO 19139 XML schemas!
Unsupported encoding: native.enc
[geometa][INFO] Object 'ISOBaseBoolean' is VALID according to ISO 19139 XML schemas!
Unsupported encoding: native.enc
[geometa][INFO] Object 'ISOBaseBoolean' is VALID according to ISO 19139 XML schemas!
Unsupported encoding: native.enc
Saving _problems/test_ISOBaseBoolean-50.R
Unsupported encoding: native.enc
Saving _problems/test_ISOBaseCharacterString-16.R
Unsupported encoding: native.enc
Saving _problems/test_ISOBaseCharacterString-32.R
Unsupported encoding: native.enc
Saving _problems/test_ISOBaseDate-16.R
Unsupported encoding: native.enc
Saving _problems/test_ISOBaseDateTime-16.R
Unsupported encoding: native.enc
Saving _problems/test_ISOBaseDateTime-34.R
Unsupported encoding: native.enc
Saving _problems/test_ISOBaseDateTime-52.R
Unsupported encoding: native.enc
Saving _problems/test_ISOBaseDecimal-16.R
Unsupported encoding: native.enc
Saving _problems/test_ISOBaseInteger-15.R
Unsupported encoding: native.enc
Saving _problems/test_ISOBaseInteger-31.R
Unsupported encoding: native.enc
Saving _problems/test_ISOBaseReal-16.R
Unsupported encoding: native.enc
Saving _problems/test_ISOContact-185.R
Unsupported encoding: native.enc
Saving _problems/test_ISODate-18.R
Unsupported encoding: native.enc
Saving _problems/test_ISOFileName-14.R
[ FAIL 14 | WARN 0 | SKIP 311 | PASS 29 ]
══ Skipped tests (311) ═════════════════════════════════════════════════════════
• On CRAN (311): 'test_GMLAbstractCRS.R:13:3',
'test_GMLAbstractFeature.R:13:3', 'test_GMLAbstractGeneralDerivedCRS.R:13:3',
'test_GMLAbstractGeometricAggregate.R:13:3',
'test_GMLAbstractGeometricAggregate.R:28:3',
'test_GMLAbstractGeometricAggregate.R:46:3',
'test_GMLAbstractGeometricPrimitive.R:13:3',
'test_GMLAbstractGeometricPrimitive.R:27:3',
'test_GMLAbstractGeometricPrimitive.R:42:3', 'test_GMLAbstractRing.R:13:3',
'test_GMLAbstractSingleCRS.R:13:3', 'test_GMLCodeType.R:13:3',
'test_GMLCompoundCRS.R:13:3', 'test_GMLConversion.R:13:3',
'test_GMLCoordinateSystem.R:13:3', 'test_GMLCoordinateSystem.R:25:3',
'test_GMLCoordinateSystem.R:49:3', 'test_GMLCoordinateSystem.R:73:3',
'test_GMLCoordinateSystem.R:97:3', 'test_GMLCoordinateSystem.R:121:3',
'test_GMLCoordinateSystem.R:145:3', 'test_GMLCoordinateSystem.R:169:3',
'test_GMLCoordinateSystem.R:193:3', 'test_GMLCoordinateSystem.R:217:3',
'test_GMLCoordinateSystem.R:241:3', 'test_GMLCoordinateSystem.R:265:3',
'test_GMLCoordinateSystem.R:289:3', 'test_GMLCoordinateSystemAxis.R:13:3',
'test_GMLCoverages.R:13:3', 'test_GMLCoverages.R:31:3',
'test_GMLCoverages.R:53:3', 'test_GMLCoverages.R:75:3',
'test_GMLCoverages.R:97:3', 'test_GMLCoverages.R:119:3',
'test_GMLCoverages.R:141:3', 'test_GMLCoverages.R:163:3',
'test_GMLDefinition.R:13:3', 'test_GMLDerivedCRS.R:13:3',
'test_GMLElement.R:13:3', 'test_GMLEnvelope.R:13:3',
'test_GMLEnvelope.R:28:3', 'test_GMLEnvelopeWithTimePeriod.R:14:3',
'test_GMLGeneralGridAxis.R:13:3', 'test_GMLGeneralGridAxis.R:32:3',
'test_GMLGrid.R:13:3', 'test_GMLGrid.R:30:3', 'test_GMLGridEnvelope.R:13:3',
'test_GMLGridFunction.R:13:3', 'test_GMLOperationMethod.R:14:3',
'test_GMLOperationParameter.R:14:3', 'test_GMLOperationParameter.R:35:3',
'test_GMLOperationParameter.R:56:3', 'test_GMLParameterValue.R:14:3',
'test_GMLParameterValue.R:36:3', 'test_GMLParameterValue.R:57:3',
'test_GMLParameterValue.R:78:3', 'test_GMLParameterValue.R:99:3',
'test_GMLParameterValueGroup.R:14:3', 'test_GMLProjectedCRS.R:14:3',
'test_GMLRectifiedGrid.R:14:3', 'test_GMLReferenceableGrid.R:14:3',
'test_GMLReferenceableGrid.R:32:3', 'test_GMLTimeInstant.R:13:3',
'test_GMLTimeInstant.R:29:3', 'test_GMLTimeInstant.R:44:3',
'test_GMLTimePeriod.R:13:3', 'test_GMLTimePeriod.R:32:3',
'test_GMLTimePeriod.R:47:3', 'test_GMLUnitDefinition.R:14:3',
'test_GMLUnitDefinition.R:38:3', 'test_GMLUnitDefinition.R:63:3',
'test_GMLUnitDefinition.R:88:3', 'test_INSPIREMetadataValidator.R:17:3',
'test_INSPIREMetadataValidator.R:40:3',
'test_INSPIREMetadataValidator.R:49:3', 'test_ISOAddress.R:12:3',
'test_ISOAddress.R:32:3', 'test_ISOAggregateInformation.R:12:3',
'test_ISOAnchor.R:12:3', 'test_ISOApplicationSchemaInformation.R:12:3',
'test_ISOAssociationRole.R:12:3', 'test_ISOBand.R:12:3',
'test_ISOBinary.R:12:3', 'test_ISOBinding.R:12:3', 'test_ISOBinding.R:63:3',
'test_ISOBoundAssociationRole.R:12:3', 'test_ISOBoundAssociationRole.R:63:3',
'test_ISOBoundFeatureAttribute.R:12:3',
'test_ISOBoundFeatureAttribute.R:64:3', 'test_ISOBoundingPolygon.R:13:3',
'test_ISOBoundingPolygon.R:35:3', 'test_ISOBrowseGraphic.R:12:3',
'test_ISOBrowseGraphic.R:31:3', 'test_ISOCarrierOfCharacteristics.R:12:3',
'test_ISOCitation.R:12:3', 'test_ISOCitation.R:67:3',
'test_ISOCitationSeries.R:12:3', 'test_ISOCitationSeries.R:32:3',
'test_ISOCitationSeries.R:72:3', 'test_ISOCitationSeries.R:93:3',
'test_ISOCodelistCatalogue.R:13:3', 'test_ISOConformanceResult.R:12:3',
'test_ISOConformanceResult.R:37:3', 'test_ISOConstraint.R:12:3',
'test_ISOConstraint.R:31:3', 'test_ISOConstraints.R:12:3',
'test_ISOConstraints.R:32:3', 'test_ISOContact.R:12:3',
'test_ISOContact.R:43:3', 'test_ISOCoupledResource.R:12:3',
'test_ISOCoupledResource.R:30:3', 'test_ISOCoverageDescription.R:12:3',
'test_ISODataFile.R:12:3', 'test_ISODataIdentification.R:12:3',
'test_ISODataIdentification.R:120:3', 'test_ISODataQuality.R:12:3',
'test_ISODataQuality.R:55:3', 'test_ISODataQualityAbstractElement.R:12:3',
'test_ISODataQualityAbstractElement.R:53:3',
'test_ISODataQualityCompleteness.R:12:3',
'test_ISODataQualityCompleteness.R:46:3',
'test_ISODataQualityCompleteness.R:80:3',
'test_ISODataQualityCompleteness.R:165:3',
'test_ISODataQualityCompleteness.R:199:3',
'test_ISODataQualityLogicalConsistency.R:12:3',
'test_ISODataQualityLogicalConsistency.R:46:3',
'test_ISODataQualityLogicalConsistency.R:80:3',
'test_ISODataQualityLogicalConsistency.R:114:3',
'test_ISODataQualityLogicalConsistency.R:148:3',
'test_ISODataQualityPositionalAccuracy.R:12:3',
'test_ISODataQualityPositionalAccuracy.R:46:3',
'test_ISODataQualityPositionalAccuracy.R:80:3',
'test_ISODataQualityPositionalAccuracy.R:114:3',
'test_ISODataQualityTemporalAccuracy.R:12:3',
'test_ISODataQualityTemporalAccuracy.R:46:3',
'test_ISODataQualityTemporalAccuracy.R:80:3',
'test_ISODataQualityTemporalAccuracy.R:114:3',
'test_ISODataQualityThematicAccuracy.R:12:3',
'test_ISODataQualityThematicAccuracy.R:46:3',
'test_ISODataQualityThematicAccuracy.R:80:3',
'test_ISODataQualityThematicAccuracy.R:114:3',
'test_ISODefinitionReference.R:12:3', 'test_ISODefinitionSource.R:12:3',
'test_ISODigitalTransferOptions.R:12:3',
'test_ISODigitalTransferOptions.R:34:3', 'test_ISODimension.R:12:3',
'test_ISODistribution.R:12:3', 'test_ISODistributor.R:12:3',
'test_ISODistributor.R:59:3', 'test_ISOExtendedElementInformation.R:12:3',
'test_ISOExtendedElementInformation.R:67:3', 'test_ISOExtent.R:12:3',
'test_ISOExtent.R:46:3', 'test_ISOFeatureAssociation.R:12:3',
'test_ISOFeatureAttribute.R:12:3', 'test_ISOFeatureAttribute.R:42:3',
'test_ISOFeatureCatalogue.R:12:3', 'test_ISOFeatureCatalogue.R:101:3',
'test_ISOFeatureCatalogue.R:323:3',
'test_ISOFeatureCatalogueDescription.R:12:3',
'test_ISOFeatureOperation.R:12:3', 'test_ISOFeatureOperation.R:34:3',
'test_ISOFeatureType.R:12:3', 'test_ISOFeatureType.R:72:3',
'test_ISOFormat.R:12:3', 'test_ISOFormat.R:31:3', 'test_ISOFreeText.R:12:3',
'test_ISOFreeText.R:33:3', 'test_ISOGeographicBoundingBox.R:12:3',
'test_ISOGeographicBoundingBox.R:27:3',
'test_ISOGeographicDescription.R:12:3',
'test_ISOGeographicDescription.R:28:3', 'test_ISOGeometricObjects.R:12:3',
'test_ISOGeorectified.R:13:3', 'test_ISOGeoreferenceable.R:12:3',
'test_ISOGridSpatialRepresentation.R:12:3',
'test_ISOImageDescription.R:12:3', 'test_ISOImageryAlgorithm.R:12:3',
'test_ISOImageryBand.R:12:3', 'test_ISOImageryCoverageDescription.R:12:3',
'test_ISOImageryEnvironmentalRecord.R:12:3', 'test_ISOImageryEvent.R:12:3',
'test_ISOImageryGCP.R:13:3', 'test_ISOImageryGCPCollection.R:12:3',
'test_ISOImageryGeorectified.R:13:3',
'test_ISOImageryGeoreferenceable.R:12:3',
'test_ISOImageryImageDescription.R:12:3', 'test_ISOImageryInstrument.R:12:3',
'test_ISOImageryMetadata.R:12:3', 'test_ISOImageryMetadata.R:618:3',
'test_ISOImageryNominalResolution.R:12:3', 'test_ISOImageryObjective.R:12:3',
'test_ISOImageryPlan.R:12:3', 'test_ISOImageryPlatform.R:12:3',
'test_ISOImageryPlatformPass.R:13:3', 'test_ISOImageryProcessStep.R:12:3',
'test_ISOImageryProcessing.R:12:3',
'test_ISOImageryRangeElementDescription.R:12:3',
'test_ISOImageryRangeElementDescription.R:29:3',
'test_ISOImageryRequestedDate.R:12:3', 'test_ISOImageryRequirement.R:12:3',
'test_ISOImagerySource.R:12:3', 'test_ISOImageryUsability.R:12:3',
'test_ISOImageryUsability.R:53:3', 'test_ISOInheritanceRelation.R:12:3',
'test_ISOKeywords.R:12:3', 'test_ISOKeywords.R:41:3',
'test_ISOKeywords.R:70:3', 'test_ISOKeywords.R:105:3',
'test_ISOKeywords.R:170:3', 'test_ISOLegalConstraints.R:12:3',
'test_ISOLegalConstraints.R:37:3', 'test_ISOLineage.R:12:3',
'test_ISOLineage.R:81:3', 'test_ISOListedValue.R:12:3',
'test_ISOListedValue.R:31:3', 'test_ISOLocalName.R:12:3',
'test_ISOLocaleContainer.R:12:3', 'test_ISOLocalisedCharacterString.R:12:3',
'test_ISOLocalisedCharacterString.R:27:3',
'test_ISOLocalisedCharacterString.R:42:3',
'test_ISOLocalisedCharacterString.R:57:3',
'test_ISOLocalisedCharacterString.R:72:3',
'test_ISOLocalisedCharacterString.R:87:3',
'test_ISOMaintenanceInformation.R:12:3', 'test_ISOMeasure.R:12:3',
'test_ISOMeasure.R:25:3', 'test_ISOMeasure.R:38:3', 'test_ISOMeasure.R:51:3',
'test_ISOMeasure.R:64:3', 'test_ISOMedium.R:12:3', 'test_ISOMedium.R:34:3',
'test_ISOMemberName.R:12:3', 'test_ISOMemberName.R:28:3',
'test_ISOMetaIdentifier.R:12:3', 'test_ISOMetadata.R:12:3',
'test_ISOMetadata.R:344:3', 'test_ISOMetadata.R:1050:3',
'test_ISOMetadataExtensionInformation.R:12:3',
'test_ISOMetadataExtensionInformation.R:238:3',
'test_ISOMimeFileType.R:12:3', 'test_ISOMimeFileType.R:27:3',
'test_ISOMultiplicity.R:12:3', 'test_ISOMultiplicityRange.R:12:3',
'test_ISOMultiplicityRange.R:28:3', 'test_ISOOnlineResource.R:12:3',
'test_ISOOnlineResource.R:31:3', 'test_ISOOnlineResource.R:50:3',
'test_ISOOperationMetadata.R:12:3',
'test_ISOPortrayalCatalogueReference.R:12:3',
'test_ISOPortrayalCatalogueReference.R:71:3', 'test_ISOProcessStep.R:12:3',
'test_ISOProcessStep.R:51:3', 'test_ISOProcessStep.R:65:3',
'test_ISOProcessStep.R:80:3', 'test_ISOPropertyType.R:12:3',
'test_ISOPropertyType.R:31:3', 'test_ISOQuantitativeResult.R:12:3',
'test_ISORangeDimension.R:12:3', 'test_ISORangeDimension.R:30:3',
'test_ISORecord.R:12:3', 'test_ISORecordType.R:12:3',
'test_ISOReferenceIdentifier.R:12:3', 'test_ISOReferenceSystem.R:12:3',
'test_ISORepresentativeFraction.R:12:3', 'test_ISOResolution.R:12:3',
'test_ISOResponsibleParty.R:12:3', 'test_ISOResponsibleParty.R:51:3',
'test_ISOSRVParameter.R:12:3', 'test_ISOSRVParameter.R:36:3',
'test_ISOSecurityConstraints.R:12:3', 'test_ISOSecurityConstraints.R:32:3',
'test_ISOServiceIdentification.R:12:3',
'test_ISOServiceIdentification.R:96:3',
'test_ISOServiceIdentification.R:350:3',
'test_ISOServiceIdentification.R:547:3', 'test_ISOSource.R:12:3',
'test_ISOSource.R:47:3', 'test_ISOSpatialTemporalExtent.R:12:3',
'test_ISOSpatialTemporalExtent.R:34:3',
'test_ISOStandardOrderProcess.R:12:3', 'test_ISOStandardOrderProcess.R:32:3',
'test_ISOTelephone.R:12:3', 'test_ISOTelephone.R:29:3',
'test_ISOTemporalExtent.R:12:3', 'test_ISOTemporalExtent.R:31:3',
'test_ISOTemporalExtent.R:52:3', 'test_ISOTemporalExtent.R:72:3',
'test_ISOTypeName.R:12:3', 'test_ISOTypeName.R:30:3', 'test_ISOURL.R:12:3',
'test_ISOUnlimitedInteger.R:12:3', 'test_ISOUnlimitedInteger.R:29:3',
'test_ISOUsage.R:13:3', 'test_ISOVectorSpatialRepresentation.R:12:3',
'test_ISOVerticalExtent.R:12:3', 'test_ISOVerticalExtent.R:29:3',
'test_SWEAbstractDataComponent.R:13:3', 'test_SWECategory.R:13:3',
'test_SWECategoryRange.R:13:3', 'test_SWECount.R:13:3',
'test_SWECountRange.R:13:3', 'test_SWENilValues.R:13:3',
'test_SWEQuantity.R:13:3', 'test_SWEQuantityRange.R:13:3',
'test_SWEText.R:13:3', 'test_SWETime.R:13:3', 'test_SWETimeRange.R:13:3',
'test_SWE_encodings.R:13:3', 'test_SWE_encodings.R:26:3',
'test_geometa_mapping.R:16:3'
══ Failed tests ════════════════════════════════════════════════════════════════
── Error ('test_ISOBaseBoolean.R:50:3'): encoding - ISO 19115-3 ────────────────
Error in `schema@ref`: no applicable method for `@` applied to an object of class "NULL"
Backtrace:
▆
1. └─md$encode() at test_ISOBaseBoolean.R:50:3
2. └─self$validate(...)
3. └─XML::xmlSchemaValidate(xsd, xml)
── Error ('test_ISOBaseCharacterString.R:16:3'): encoding - ISO 19115-1 ────────
Error in `schema@ref`: no applicable method for `@` applied to an object of class "NULL"
Backtrace:
▆
1. └─md$encode() at test_ISOBaseCharacterString.R:16:3
2. └─self$validate(...)
3. └─XML::xmlSchemaValidate(xsd, xml)
── Error ('test_ISOBaseCharacterString.R:32:3'): encoding - ISO 19115-3 ────────
Error in `schema@ref`: no applicable method for `@` applied to an object of class "NULL"
Backtrace:
▆
1. └─md$encode() at test_ISOBaseCharacterString.R:32:3
2. └─self$validate(...)
3. └─XML::xmlSchemaValidate(xsd, xml)
── Error ('test_ISOBaseDate.R:16:3'): encoding ─────────────────────────────────
Error in `schema@ref`: no applicable method for `@` applied to an object of class "NULL"
Backtrace:
▆
1. └─md$encode() at test_ISOBaseDate.R:16:3
2. └─self$validate(...)
3. └─XML::xmlSchemaValidate(xsd, xml)
── Error ('test_ISOBaseDateTime.R:16:3'): encoding ─────────────────────────────
Error in `schema@ref`: no applicable method for `@` applied to an object of class "NULL"
Backtrace:
▆
1. └─md$encode() at test_ISOBaseDateTime.R:16:3
2. └─self$validate(...)
3. └─XML::xmlSchemaValidate(xsd, xml)
── Error ('test_ISOBaseDateTime.R:34:3'): encoding - datetime in UTC ───────────
Error in `schema@ref`: no applicable method for `@` applied to an object of class "NULL"
Backtrace:
▆
1. └─md$encode() at test_ISOBaseDateTime.R:34:3
2. └─self$validate(...)
3. └─XML::xmlSchemaValidate(xsd, xml)
── Error ('test_ISOBaseDateTime.R:52:3'): encoding - datetime in other timezone ──
Error in `schema@ref`: no applicable method for `@` applied to an object of class "NULL"
Backtrace:
▆
1. └─md$encode() at test_ISOBaseDateTime.R:52:3
2. └─self$validate(...)
3. └─XML::xmlSchemaValidate(xsd, xml)
── Error ('test_ISOBaseDecimal.R:16:3'): encoding ──────────────────────────────
Error in `schema@ref`: no applicable method for `@` applied to an object of class "NULL"
Backtrace:
▆
1. └─md$encode() at test_ISOBaseDecimal.R:16:3
2. └─self$validate(...)
3. └─XML::xmlSchemaValidate(xsd, xml)
── Error ('test_ISOBaseInteger.R:15:3'): encoding ──────────────────────────────
Error in `schema@ref`: no applicable method for `@` applied to an object of class "NULL"
Backtrace:
▆
1. └─md$encode() at test_ISOBaseInteger.R:15:3
2. └─self$validate(...)
3. └─XML::xmlSchemaValidate(xsd, xml)
── Error ('test_ISOBaseInteger.R:31:3'): encoding with coercing ────────────────
Error in `schema@ref`: no applicable method for `@` applied to an object of class "NULL"
Backtrace:
▆
1. └─md$encode() at test_ISOBaseInteger.R:31:3
2. └─self$validate(...)
3. └─XML::xmlSchemaValidate(xsd, xml)
── Error ('test_ISOBaseReal.R:16:3'): encoding ─────────────────────────────────
Error in `schema@ref`: no applicable method for `@` applied to an object of class "NULL"
Backtrace:
▆
1. └─md$encode() at test_ISOBaseReal.R:16:3
2. └─self$validate(...)
3. └─XML::xmlSchemaValidate(xsd, xml)
── Error ('test_ISOContact.R:185:3'): encoding/decoding - ISO 19115-3 ──────────
Error in `schema@ref`: no applicable method for `@` applied to an object of class "NULL"
Backtrace:
▆
1. └─contact$encode() at test_ISOContact.R:185:3
2. └─self$validate(...)
3. └─XML::xmlSchemaValidate(xsd, xml)
── Error ('test_ISODate.R:18:3'): encoding ─────────────────────────────────────
Error in `schema@ref`: no applicable method for `@` applied to an object of class "NULL"
Backtrace:
▆
1. └─md$encode() at test_ISODate.R:18:3
2. └─self$validate(...)
3. └─XML::xmlSchemaValidate(xsd, xml)
── Error ('test_ISOFileName.R:14:3'): encoding ─────────────────────────────────
Error in `schema@ref`: no applicable method for `@` applied to an object of class "NULL"
Backtrace:
▆
1. └─md$encode() at test_ISOFileName.R:14:3
2. └─self$validate(...)
3. └─XML::xmlSchemaValidate(xsd, xml)
[ FAIL 14 | WARN 0 | SKIP 311 | PASS 29 ]
Error:
! Test failures.
Execution halted
Flavor: r-devel-linux-x86_64-debian-clang
Version: 0.9.2
Check: tests
Result: ERROR
Running ‘test-all.R’ [56s/63s]
Running the tests in ‘tests/test-all.R’ failed.
Complete output:
> library(testthat)
> library(geometa)
Loading ISO 19139 XML schemas...
Loading ISO 19115-3 XML schemas...
Loading ISO 19139 codelists...
Warning message:
In XML::xmlParse(xsdFile, isSchema = TRUE, xinclude = TRUE, error = function(msg, :
NULL value for external reference
> test_check("geometa")
Unsupported encoding: native.enc
[geometa][INFO] Object 'ISOBaseBoolean' is VALID according to ISO 19139 XML schemas!
Unsupported encoding: native.enc
[geometa][INFO] Object 'ISOBaseBoolean' is VALID according to ISO 19139 XML schemas!
Unsupported encoding: native.enc
[geometa][INFO] Object 'ISOBaseBoolean' is VALID according to ISO 19139 XML schemas!
Unsupported encoding: native.enc
[geometa][INFO] Object 'ISOBaseBoolean' is VALID according to ISO 19139 XML schemas!
Unsupported encoding: native.enc
Saving _problems/test_ISOBaseBoolean-50.R
Unsupported encoding: native.enc
Saving _problems/test_ISOBaseCharacterString-16.R
Unsupported encoding: native.enc
Saving _problems/test_ISOBaseCharacterString-32.R
Unsupported encoding: native.enc
Saving _problems/test_ISOBaseDate-16.R
Unsupported encoding: native.enc
Saving _problems/test_ISOBaseDateTime-16.R
Unsupported encoding: native.enc
Saving _problems/test_ISOBaseDateTime-34.R
Unsupported encoding: native.enc
Saving _problems/test_ISOBaseDateTime-52.R
Unsupported encoding: native.enc
Saving _problems/test_ISOBaseDecimal-16.R
Unsupported encoding: native.enc
Saving _problems/test_ISOBaseInteger-15.R
Unsupported encoding: native.enc
Saving _problems/test_ISOBaseInteger-31.R
Unsupported encoding: native.enc
Saving _problems/test_ISOBaseReal-16.R
Unsupported encoding: native.enc
Saving _problems/test_ISOContact-185.R
Unsupported encoding: native.enc
Saving _problems/test_ISODate-18.R
Unsupported encoding: native.enc
Saving _problems/test_ISOFileName-14.R
[ FAIL 14 | WARN 0 | SKIP 311 | PASS 29 ]
══ Skipped tests (311) ═════════════════════════════════════════════════════════
• On CRAN (311): 'test_GMLAbstractCRS.R:13:3',
'test_GMLAbstractFeature.R:13:3', 'test_GMLAbstractGeneralDerivedCRS.R:13:3',
'test_GMLAbstractGeometricAggregate.R:13:3',
'test_GMLAbstractGeometricAggregate.R:28:3',
'test_GMLAbstractGeometricAggregate.R:46:3',
'test_GMLAbstractGeometricPrimitive.R:13:3',
'test_GMLAbstractGeometricPrimitive.R:27:3',
'test_GMLAbstractGeometricPrimitive.R:42:3', 'test_GMLAbstractRing.R:13:3',
'test_GMLAbstractSingleCRS.R:13:3', 'test_GMLCodeType.R:13:3',
'test_GMLCompoundCRS.R:13:3', 'test_GMLConversion.R:13:3',
'test_GMLCoordinateSystem.R:13:3', 'test_GMLCoordinateSystem.R:25:3',
'test_GMLCoordinateSystem.R:49:3', 'test_GMLCoordinateSystem.R:73:3',
'test_GMLCoordinateSystem.R:97:3', 'test_GMLCoordinateSystem.R:121:3',
'test_GMLCoordinateSystem.R:145:3', 'test_GMLCoordinateSystem.R:169:3',
'test_GMLCoordinateSystem.R:193:3', 'test_GMLCoordinateSystem.R:217:3',
'test_GMLCoordinateSystem.R:241:3', 'test_GMLCoordinateSystem.R:265:3',
'test_GMLCoordinateSystem.R:289:3', 'test_GMLCoordinateSystemAxis.R:13:3',
'test_GMLCoverages.R:13:3', 'test_GMLCoverages.R:31:3',
'test_GMLCoverages.R:53:3', 'test_GMLCoverages.R:75:3',
'test_GMLCoverages.R:97:3', 'test_GMLCoverages.R:119:3',
'test_GMLCoverages.R:141:3', 'test_GMLCoverages.R:163:3',
'test_GMLDefinition.R:13:3', 'test_GMLDerivedCRS.R:13:3',
'test_GMLElement.R:13:3', 'test_GMLEnvelope.R:13:3',
'test_GMLEnvelope.R:28:3', 'test_GMLEnvelopeWithTimePeriod.R:14:3',
'test_GMLGeneralGridAxis.R:13:3', 'test_GMLGeneralGridAxis.R:32:3',
'test_GMLGrid.R:13:3', 'test_GMLGrid.R:30:3', 'test_GMLGridEnvelope.R:13:3',
'test_GMLGridFunction.R:13:3', 'test_GMLOperationMethod.R:14:3',
'test_GMLOperationParameter.R:14:3', 'test_GMLOperationParameter.R:35:3',
'test_GMLOperationParameter.R:56:3', 'test_GMLParameterValue.R:14:3',
'test_GMLParameterValue.R:36:3', 'test_GMLParameterValue.R:57:3',
'test_GMLParameterValue.R:78:3', 'test_GMLParameterValue.R:99:3',
'test_GMLParameterValueGroup.R:14:3', 'test_GMLProjectedCRS.R:14:3',
'test_GMLRectifiedGrid.R:14:3', 'test_GMLReferenceableGrid.R:14:3',
'test_GMLReferenceableGrid.R:32:3', 'test_GMLTimeInstant.R:13:3',
'test_GMLTimeInstant.R:29:3', 'test_GMLTimeInstant.R:44:3',
'test_GMLTimePeriod.R:13:3', 'test_GMLTimePeriod.R:32:3',
'test_GMLTimePeriod.R:47:3', 'test_GMLUnitDefinition.R:14:3',
'test_GMLUnitDefinition.R:38:3', 'test_GMLUnitDefinition.R:63:3',
'test_GMLUnitDefinition.R:88:3', 'test_INSPIREMetadataValidator.R:17:3',
'test_INSPIREMetadataValidator.R:40:3',
'test_INSPIREMetadataValidator.R:49:3', 'test_ISOAddress.R:12:3',
'test_ISOAddress.R:32:3', 'test_ISOAggregateInformation.R:12:3',
'test_ISOAnchor.R:12:3', 'test_ISOApplicationSchemaInformation.R:12:3',
'test_ISOAssociationRole.R:12:3', 'test_ISOBand.R:12:3',
'test_ISOBinary.R:12:3', 'test_ISOBinding.R:12:3', 'test_ISOBinding.R:63:3',
'test_ISOBoundAssociationRole.R:12:3', 'test_ISOBoundAssociationRole.R:63:3',
'test_ISOBoundFeatureAttribute.R:12:3',
'test_ISOBoundFeatureAttribute.R:64:3', 'test_ISOBoundingPolygon.R:13:3',
'test_ISOBoundingPolygon.R:35:3', 'test_ISOBrowseGraphic.R:12:3',
'test_ISOBrowseGraphic.R:31:3', 'test_ISOCarrierOfCharacteristics.R:12:3',
'test_ISOCitation.R:12:3', 'test_ISOCitation.R:67:3',
'test_ISOCitationSeries.R:12:3', 'test_ISOCitationSeries.R:32:3',
'test_ISOCitationSeries.R:72:3', 'test_ISOCitationSeries.R:93:3',
'test_ISOCodelistCatalogue.R:13:3', 'test_ISOConformanceResult.R:12:3',
'test_ISOConformanceResult.R:37:3', 'test_ISOConstraint.R:12:3',
'test_ISOConstraint.R:31:3', 'test_ISOConstraints.R:12:3',
'test_ISOConstraints.R:32:3', 'test_ISOContact.R:12:3',
'test_ISOContact.R:43:3', 'test_ISOCoupledResource.R:12:3',
'test_ISOCoupledResource.R:30:3', 'test_ISOCoverageDescription.R:12:3',
'test_ISODataFile.R:12:3', 'test_ISODataIdentification.R:12:3',
'test_ISODataIdentification.R:120:3', 'test_ISODataQuality.R:12:3',
'test_ISODataQuality.R:55:3', 'test_ISODataQualityAbstractElement.R:12:3',
'test_ISODataQualityAbstractElement.R:53:3',
'test_ISODataQualityCompleteness.R:12:3',
'test_ISODataQualityCompleteness.R:46:3',
'test_ISODataQualityCompleteness.R:80:3',
'test_ISODataQualityCompleteness.R:165:3',
'test_ISODataQualityCompleteness.R:199:3',
'test_ISODataQualityLogicalConsistency.R:12:3',
'test_ISODataQualityLogicalConsistency.R:46:3',
'test_ISODataQualityLogicalConsistency.R:80:3',
'test_ISODataQualityLogicalConsistency.R:114:3',
'test_ISODataQualityLogicalConsistency.R:148:3',
'test_ISODataQualityPositionalAccuracy.R:12:3',
'test_ISODataQualityPositionalAccuracy.R:46:3',
'test_ISODataQualityPositionalAccuracy.R:80:3',
'test_ISODataQualityPositionalAccuracy.R:114:3',
'test_ISODataQualityTemporalAccuracy.R:12:3',
'test_ISODataQualityTemporalAccuracy.R:46:3',
'test_ISODataQualityTemporalAccuracy.R:80:3',
'test_ISODataQualityTemporalAccuracy.R:114:3',
'test_ISODataQualityThematicAccuracy.R:12:3',
'test_ISODataQualityThematicAccuracy.R:46:3',
'test_ISODataQualityThematicAccuracy.R:80:3',
'test_ISODataQualityThematicAccuracy.R:114:3',
'test_ISODefinitionReference.R:12:3', 'test_ISODefinitionSource.R:12:3',
'test_ISODigitalTransferOptions.R:12:3',
'test_ISODigitalTransferOptions.R:34:3', 'test_ISODimension.R:12:3',
'test_ISODistribution.R:12:3', 'test_ISODistributor.R:12:3',
'test_ISODistributor.R:59:3', 'test_ISOExtendedElementInformation.R:12:3',
'test_ISOExtendedElementInformation.R:67:3', 'test_ISOExtent.R:12:3',
'test_ISOExtent.R:46:3', 'test_ISOFeatureAssociation.R:12:3',
'test_ISOFeatureAttribute.R:12:3', 'test_ISOFeatureAttribute.R:42:3',
'test_ISOFeatureCatalogue.R:12:3', 'test_ISOFeatureCatalogue.R:101:3',
'test_ISOFeatureCatalogue.R:323:3',
'test_ISOFeatureCatalogueDescription.R:12:3',
'test_ISOFeatureOperation.R:12:3', 'test_ISOFeatureOperation.R:34:3',
'test_ISOFeatureType.R:12:3', 'test_ISOFeatureType.R:72:3',
'test_ISOFormat.R:12:3', 'test_ISOFormat.R:31:3', 'test_ISOFreeText.R:12:3',
'test_ISOFreeText.R:33:3', 'test_ISOGeographicBoundingBox.R:12:3',
'test_ISOGeographicBoundingBox.R:27:3',
'test_ISOGeographicDescription.R:12:3',
'test_ISOGeographicDescription.R:28:3', 'test_ISOGeometricObjects.R:12:3',
'test_ISOGeorectified.R:13:3', 'test_ISOGeoreferenceable.R:12:3',
'test_ISOGridSpatialRepresentation.R:12:3',
'test_ISOImageDescription.R:12:3', 'test_ISOImageryAlgorithm.R:12:3',
'test_ISOImageryBand.R:12:3', 'test_ISOImageryCoverageDescription.R:12:3',
'test_ISOImageryEnvironmentalRecord.R:12:3', 'test_ISOImageryEvent.R:12:3',
'test_ISOImageryGCP.R:13:3', 'test_ISOImageryGCPCollection.R:12:3',
'test_ISOImageryGeorectified.R:13:3',
'test_ISOImageryGeoreferenceable.R:12:3',
'test_ISOImageryImageDescription.R:12:3', 'test_ISOImageryInstrument.R:12:3',
'test_ISOImageryMetadata.R:12:3', 'test_ISOImageryMetadata.R:618:3',
'test_ISOImageryNominalResolution.R:12:3', 'test_ISOImageryObjective.R:12:3',
'test_ISOImageryPlan.R:12:3', 'test_ISOImageryPlatform.R:12:3',
'test_ISOImageryPlatformPass.R:13:3', 'test_ISOImageryProcessStep.R:12:3',
'test_ISOImageryProcessing.R:12:3',
'test_ISOImageryRangeElementDescription.R:12:3',
'test_ISOImageryRangeElementDescription.R:29:3',
'test_ISOImageryRequestedDate.R:12:3', 'test_ISOImageryRequirement.R:12:3',
'test_ISOImagerySource.R:12:3', 'test_ISOImageryUsability.R:12:3',
'test_ISOImageryUsability.R:53:3', 'test_ISOInheritanceRelation.R:12:3',
'test_ISOKeywords.R:12:3', 'test_ISOKeywords.R:41:3',
'test_ISOKeywords.R:70:3', 'test_ISOKeywords.R:105:3',
'test_ISOKeywords.R:170:3', 'test_ISOLegalConstraints.R:12:3',
'test_ISOLegalConstraints.R:37:3', 'test_ISOLineage.R:12:3',
'test_ISOLineage.R:81:3', 'test_ISOListedValue.R:12:3',
'test_ISOListedValue.R:31:3', 'test_ISOLocalName.R:12:3',
'test_ISOLocaleContainer.R:12:3', 'test_ISOLocalisedCharacterString.R:12:3',
'test_ISOLocalisedCharacterString.R:27:3',
'test_ISOLocalisedCharacterString.R:42:3',
'test_ISOLocalisedCharacterString.R:57:3',
'test_ISOLocalisedCharacterString.R:72:3',
'test_ISOLocalisedCharacterString.R:87:3',
'test_ISOMaintenanceInformation.R:12:3', 'test_ISOMeasure.R:12:3',
'test_ISOMeasure.R:25:3', 'test_ISOMeasure.R:38:3', 'test_ISOMeasure.R:51:3',
'test_ISOMeasure.R:64:3', 'test_ISOMedium.R:12:3', 'test_ISOMedium.R:34:3',
'test_ISOMemberName.R:12:3', 'test_ISOMemberName.R:28:3',
'test_ISOMetaIdentifier.R:12:3', 'test_ISOMetadata.R:12:3',
'test_ISOMetadata.R:344:3', 'test_ISOMetadata.R:1050:3',
'test_ISOMetadataExtensionInformation.R:12:3',
'test_ISOMetadataExtensionInformation.R:238:3',
'test_ISOMimeFileType.R:12:3', 'test_ISOMimeFileType.R:27:3',
'test_ISOMultiplicity.R:12:3', 'test_ISOMultiplicityRange.R:12:3',
'test_ISOMultiplicityRange.R:28:3', 'test_ISOOnlineResource.R:12:3',
'test_ISOOnlineResource.R:31:3', 'test_ISOOnlineResource.R:50:3',
'test_ISOOperationMetadata.R:12:3',
'test_ISOPortrayalCatalogueReference.R:12:3',
'test_ISOPortrayalCatalogueReference.R:71:3', 'test_ISOProcessStep.R:12:3',
'test_ISOProcessStep.R:51:3', 'test_ISOProcessStep.R:65:3',
'test_ISOProcessStep.R:80:3', 'test_ISOPropertyType.R:12:3',
'test_ISOPropertyType.R:31:3', 'test_ISOQuantitativeResult.R:12:3',
'test_ISORangeDimension.R:12:3', 'test_ISORangeDimension.R:30:3',
'test_ISORecord.R:12:3', 'test_ISORecordType.R:12:3',
'test_ISOReferenceIdentifier.R:12:3', 'test_ISOReferenceSystem.R:12:3',
'test_ISORepresentativeFraction.R:12:3', 'test_ISOResolution.R:12:3',
'test_ISOResponsibleParty.R:12:3', 'test_ISOResponsibleParty.R:51:3',
'test_ISOSRVParameter.R:12:3', 'test_ISOSRVParameter.R:36:3',
'test_ISOSecurityConstraints.R:12:3', 'test_ISOSecurityConstraints.R:32:3',
'test_ISOServiceIdentification.R:12:3',
'test_ISOServiceIdentification.R:96:3',
'test_ISOServiceIdentification.R:350:3',
'test_ISOServiceIdentification.R:547:3', 'test_ISOSource.R:12:3',
'test_ISOSource.R:47:3', 'test_ISOSpatialTemporalExtent.R:12:3',
'test_ISOSpatialTemporalExtent.R:34:3',
'test_ISOStandardOrderProcess.R:12:3', 'test_ISOStandardOrderProcess.R:32:3',
'test_ISOTelephone.R:12:3', 'test_ISOTelephone.R:29:3',
'test_ISOTemporalExtent.R:12:3', 'test_ISOTemporalExtent.R:31:3',
'test_ISOTemporalExtent.R:52:3', 'test_ISOTemporalExtent.R:72:3',
'test_ISOTypeName.R:12:3', 'test_ISOTypeName.R:30:3', 'test_ISOURL.R:12:3',
'test_ISOUnlimitedInteger.R:12:3', 'test_ISOUnlimitedInteger.R:29:3',
'test_ISOUsage.R:13:3', 'test_ISOVectorSpatialRepresentation.R:12:3',
'test_ISOVerticalExtent.R:12:3', 'test_ISOVerticalExtent.R:29:3',
'test_SWEAbstractDataComponent.R:13:3', 'test_SWECategory.R:13:3',
'test_SWECategoryRange.R:13:3', 'test_SWECount.R:13:3',
'test_SWECountRange.R:13:3', 'test_SWENilValues.R:13:3',
'test_SWEQuantity.R:13:3', 'test_SWEQuantityRange.R:13:3',
'test_SWEText.R:13:3', 'test_SWETime.R:13:3', 'test_SWETimeRange.R:13:3',
'test_SWE_encodings.R:13:3', 'test_SWE_encodings.R:26:3',
'test_geometa_mapping.R:16:3'
══ Failed tests ════════════════════════════════════════════════════════════════
── Error ('test_ISOBaseBoolean.R:50:3'): encoding - ISO 19115-3 ────────────────
Error in `schema@ref`: no applicable method for `@` applied to an object of class "NULL"
Backtrace:
▆
1. └─md$encode() at test_ISOBaseBoolean.R:50:3
2. └─self$validate(...)
3. └─XML::xmlSchemaValidate(xsd, xml)
── Error ('test_ISOBaseCharacterString.R:16:3'): encoding - ISO 19115-1 ────────
Error in `schema@ref`: no applicable method for `@` applied to an object of class "NULL"
Backtrace:
▆
1. └─md$encode() at test_ISOBaseCharacterString.R:16:3
2. └─self$validate(...)
3. └─XML::xmlSchemaValidate(xsd, xml)
── Error ('test_ISOBaseCharacterString.R:32:3'): encoding - ISO 19115-3 ────────
Error in `schema@ref`: no applicable method for `@` applied to an object of class "NULL"
Backtrace:
▆
1. └─md$encode() at test_ISOBaseCharacterString.R:32:3
2. └─self$validate(...)
3. └─XML::xmlSchemaValidate(xsd, xml)
── Error ('test_ISOBaseDate.R:16:3'): encoding ─────────────────────────────────
Error in `schema@ref`: no applicable method for `@` applied to an object of class "NULL"
Backtrace:
▆
1. └─md$encode() at test_ISOBaseDate.R:16:3
2. └─self$validate(...)
3. └─XML::xmlSchemaValidate(xsd, xml)
── Error ('test_ISOBaseDateTime.R:16:3'): encoding ─────────────────────────────
Error in `schema@ref`: no applicable method for `@` applied to an object of class "NULL"
Backtrace:
▆
1. └─md$encode() at test_ISOBaseDateTime.R:16:3
2. └─self$validate(...)
3. └─XML::xmlSchemaValidate(xsd, xml)
── Error ('test_ISOBaseDateTime.R:34:3'): encoding - datetime in UTC ───────────
Error in `schema@ref`: no applicable method for `@` applied to an object of class "NULL"
Backtrace:
▆
1. └─md$encode() at test_ISOBaseDateTime.R:34:3
2. └─self$validate(...)
3. └─XML::xmlSchemaValidate(xsd, xml)
── Error ('test_ISOBaseDateTime.R:52:3'): encoding - datetime in other timezone ──
Error in `schema@ref`: no applicable method for `@` applied to an object of class "NULL"
Backtrace:
▆
1. └─md$encode() at test_ISOBaseDateTime.R:52:3
2. └─self$validate(...)
3. └─XML::xmlSchemaValidate(xsd, xml)
── Error ('test_ISOBaseDecimal.R:16:3'): encoding ──────────────────────────────
Error in `schema@ref`: no applicable method for `@` applied to an object of class "NULL"
Backtrace:
▆
1. └─md$encode() at test_ISOBaseDecimal.R:16:3
2. └─self$validate(...)
3. └─XML::xmlSchemaValidate(xsd, xml)
── Error ('test_ISOBaseInteger.R:15:3'): encoding ──────────────────────────────
Error in `schema@ref`: no applicable method for `@` applied to an object of class "NULL"
Backtrace:
▆
1. └─md$encode() at test_ISOBaseInteger.R:15:3
2. └─self$validate(...)
3. └─XML::xmlSchemaValidate(xsd, xml)
── Error ('test_ISOBaseInteger.R:31:3'): encoding with coercing ────────────────
Error in `schema@ref`: no applicable method for `@` applied to an object of class "NULL"
Backtrace:
▆
1. └─md$encode() at test_ISOBaseInteger.R:31:3
2. └─self$validate(...)
3. └─XML::xmlSchemaValidate(xsd, xml)
── Error ('test_ISOBaseReal.R:16:3'): encoding ─────────────────────────────────
Error in `schema@ref`: no applicable method for `@` applied to an object of class "NULL"
Backtrace:
▆
1. └─md$encode() at test_ISOBaseReal.R:16:3
2. └─self$validate(...)
3. └─XML::xmlSchemaValidate(xsd, xml)
── Error ('test_ISOContact.R:185:3'): encoding/decoding - ISO 19115-3 ──────────
Error in `schema@ref`: no applicable method for `@` applied to an object of class "NULL"
Backtrace:
▆
1. └─contact$encode() at test_ISOContact.R:185:3
2. └─self$validate(...)
3. └─XML::xmlSchemaValidate(xsd, xml)
── Error ('test_ISODate.R:18:3'): encoding ─────────────────────────────────────
Error in `schema@ref`: no applicable method for `@` applied to an object of class "NULL"
Backtrace:
▆
1. └─md$encode() at test_ISODate.R:18:3
2. └─self$validate(...)
3. └─XML::xmlSchemaValidate(xsd, xml)
── Error ('test_ISOFileName.R:14:3'): encoding ─────────────────────────────────
Error in `schema@ref`: no applicable method for `@` applied to an object of class "NULL"
Backtrace:
▆
1. └─md$encode() at test_ISOFileName.R:14:3
2. └─self$validate(...)
3. └─XML::xmlSchemaValidate(xsd, xml)
[ FAIL 14 | WARN 0 | SKIP 311 | PASS 29 ]
Error:
! Test failures.
Execution halted
Flavor: r-devel-linux-x86_64-debian-gcc
Version: 0.9.2
Check: tests
Result: ERROR
Running ‘test-all.R’ [94s/109s]
Running the tests in ‘tests/test-all.R’ failed.
Complete output:
> library(testthat)
> library(geometa)
Loading ISO 19139 XML schemas...
Loading ISO 19115-3 XML schemas...
Loading ISO 19139 codelists...
Warning message:
In XML::xmlParse(xsdFile, isSchema = TRUE, xinclude = TRUE, error = function(msg, :
NULL value for external reference
> test_check("geometa")
Unsupported encoding: native.enc
[geometa][INFO] Object 'ISOBaseBoolean' is VALID according to ISO 19139 XML schemas!
Unsupported encoding: native.enc
[geometa][INFO] Object 'ISOBaseBoolean' is VALID according to ISO 19139 XML schemas!
Unsupported encoding: native.enc
[geometa][INFO] Object 'ISOBaseBoolean' is VALID according to ISO 19139 XML schemas!
Unsupported encoding: native.enc
[geometa][INFO] Object 'ISOBaseBoolean' is VALID according to ISO 19139 XML schemas!
Unsupported encoding: native.enc
Saving _problems/test_ISOBaseBoolean-50.R
Unsupported encoding: native.enc
Saving _problems/test_ISOBaseCharacterString-16.R
Unsupported encoding: native.enc
Saving _problems/test_ISOBaseCharacterString-32.R
Unsupported encoding: native.enc
Saving _problems/test_ISOBaseDate-16.R
Unsupported encoding: native.enc
Saving _problems/test_ISOBaseDateTime-16.R
Unsupported encoding: native.enc
Saving _problems/test_ISOBaseDateTime-34.R
Unsupported encoding: native.enc
Saving _problems/test_ISOBaseDateTime-52.R
Unsupported encoding: native.enc
Saving _problems/test_ISOBaseDecimal-16.R
Unsupported encoding: native.enc
Saving _problems/test_ISOBaseInteger-15.R
Unsupported encoding: native.enc
Saving _problems/test_ISOBaseInteger-31.R
Unsupported encoding: native.enc
Saving _problems/test_ISOBaseReal-16.R
Unsupported encoding: native.enc
Saving _problems/test_ISOContact-185.R
Unsupported encoding: native.enc
Saving _problems/test_ISODate-18.R
Unsupported encoding: native.enc
Saving _problems/test_ISOFileName-14.R
[ FAIL 14 | WARN 0 | SKIP 311 | PASS 29 ]
══ Skipped tests (311) ═════════════════════════════════════════════════════════
• On CRAN (311): 'test_GMLAbstractCRS.R:13:3',
'test_GMLAbstractFeature.R:13:3', 'test_GMLAbstractGeneralDerivedCRS.R:13:3',
'test_GMLAbstractGeometricAggregate.R:13:3',
'test_GMLAbstractGeometricAggregate.R:28:3',
'test_GMLAbstractGeometricAggregate.R:46:3',
'test_GMLAbstractGeometricPrimitive.R:13:3',
'test_GMLAbstractGeometricPrimitive.R:27:3',
'test_GMLAbstractGeometricPrimitive.R:42:3', 'test_GMLAbstractRing.R:13:3',
'test_GMLAbstractSingleCRS.R:13:3', 'test_GMLCodeType.R:13:3',
'test_GMLCompoundCRS.R:13:3', 'test_GMLConversion.R:13:3',
'test_GMLCoordinateSystem.R:13:3', 'test_GMLCoordinateSystem.R:25:3',
'test_GMLCoordinateSystem.R:49:3', 'test_GMLCoordinateSystem.R:73:3',
'test_GMLCoordinateSystem.R:97:3', 'test_GMLCoordinateSystem.R:121:3',
'test_GMLCoordinateSystem.R:145:3', 'test_GMLCoordinateSystem.R:169:3',
'test_GMLCoordinateSystem.R:193:3', 'test_GMLCoordinateSystem.R:217:3',
'test_GMLCoordinateSystem.R:241:3', 'test_GMLCoordinateSystem.R:265:3',
'test_GMLCoordinateSystem.R:289:3', 'test_GMLCoordinateSystemAxis.R:13:3',
'test_GMLCoverages.R:13:3', 'test_GMLCoverages.R:31:3',
'test_GMLCoverages.R:53:3', 'test_GMLCoverages.R:75:3',
'test_GMLCoverages.R:97:3', 'test_GMLCoverages.R:119:3',
'test_GMLCoverages.R:141:3', 'test_GMLCoverages.R:163:3',
'test_GMLDefinition.R:13:3', 'test_GMLDerivedCRS.R:13:3',
'test_GMLElement.R:13:3', 'test_GMLEnvelope.R:13:3',
'test_GMLEnvelope.R:28:3', 'test_GMLEnvelopeWithTimePeriod.R:14:3',
'test_GMLGeneralGridAxis.R:13:3', 'test_GMLGeneralGridAxis.R:32:3',
'test_GMLGrid.R:13:3', 'test_GMLGrid.R:30:3', 'test_GMLGridEnvelope.R:13:3',
'test_GMLGridFunction.R:13:3', 'test_GMLOperationMethod.R:14:3',
'test_GMLOperationParameter.R:14:3', 'test_GMLOperationParameter.R:35:3',
'test_GMLOperationParameter.R:56:3', 'test_GMLParameterValue.R:14:3',
'test_GMLParameterValue.R:36:3', 'test_GMLParameterValue.R:57:3',
'test_GMLParameterValue.R:78:3', 'test_GMLParameterValue.R:99:3',
'test_GMLParameterValueGroup.R:14:3', 'test_GMLProjectedCRS.R:14:3',
'test_GMLRectifiedGrid.R:14:3', 'test_GMLReferenceableGrid.R:14:3',
'test_GMLReferenceableGrid.R:32:3', 'test_GMLTimeInstant.R:13:3',
'test_GMLTimeInstant.R:29:3', 'test_GMLTimeInstant.R:44:3',
'test_GMLTimePeriod.R:13:3', 'test_GMLTimePeriod.R:32:3',
'test_GMLTimePeriod.R:47:3', 'test_GMLUnitDefinition.R:14:3',
'test_GMLUnitDefinition.R:38:3', 'test_GMLUnitDefinition.R:63:3',
'test_GMLUnitDefinition.R:88:3', 'test_INSPIREMetadataValidator.R:17:3',
'test_INSPIREMetadataValidator.R:40:3',
'test_INSPIREMetadataValidator.R:49:3', 'test_ISOAddress.R:12:3',
'test_ISOAddress.R:32:3', 'test_ISOAggregateInformation.R:12:3',
'test_ISOAnchor.R:12:3', 'test_ISOApplicationSchemaInformation.R:12:3',
'test_ISOAssociationRole.R:12:3', 'test_ISOBand.R:12:3',
'test_ISOBinary.R:12:3', 'test_ISOBinding.R:12:3', 'test_ISOBinding.R:63:3',
'test_ISOBoundAssociationRole.R:12:3', 'test_ISOBoundAssociationRole.R:63:3',
'test_ISOBoundFeatureAttribute.R:12:3',
'test_ISOBoundFeatureAttribute.R:64:3', 'test_ISOBoundingPolygon.R:13:3',
'test_ISOBoundingPolygon.R:35:3', 'test_ISOBrowseGraphic.R:12:3',
'test_ISOBrowseGraphic.R:31:3', 'test_ISOCarrierOfCharacteristics.R:12:3',
'test_ISOCitation.R:12:3', 'test_ISOCitation.R:67:3',
'test_ISOCitationSeries.R:12:3', 'test_ISOCitationSeries.R:32:3',
'test_ISOCitationSeries.R:72:3', 'test_ISOCitationSeries.R:93:3',
'test_ISOCodelistCatalogue.R:13:3', 'test_ISOConformanceResult.R:12:3',
'test_ISOConformanceResult.R:37:3', 'test_ISOConstraint.R:12:3',
'test_ISOConstraint.R:31:3', 'test_ISOConstraints.R:12:3',
'test_ISOConstraints.R:32:3', 'test_ISOContact.R:12:3',
'test_ISOContact.R:43:3', 'test_ISOCoupledResource.R:12:3',
'test_ISOCoupledResource.R:30:3', 'test_ISOCoverageDescription.R:12:3',
'test_ISODataFile.R:12:3', 'test_ISODataIdentification.R:12:3',
'test_ISODataIdentification.R:120:3', 'test_ISODataQuality.R:12:3',
'test_ISODataQuality.R:55:3', 'test_ISODataQualityAbstractElement.R:12:3',
'test_ISODataQualityAbstractElement.R:53:3',
'test_ISODataQualityCompleteness.R:12:3',
'test_ISODataQualityCompleteness.R:46:3',
'test_ISODataQualityCompleteness.R:80:3',
'test_ISODataQualityCompleteness.R:165:3',
'test_ISODataQualityCompleteness.R:199:3',
'test_ISODataQualityLogicalConsistency.R:12:3',
'test_ISODataQualityLogicalConsistency.R:46:3',
'test_ISODataQualityLogicalConsistency.R:80:3',
'test_ISODataQualityLogicalConsistency.R:114:3',
'test_ISODataQualityLogicalConsistency.R:148:3',
'test_ISODataQualityPositionalAccuracy.R:12:3',
'test_ISODataQualityPositionalAccuracy.R:46:3',
'test_ISODataQualityPositionalAccuracy.R:80:3',
'test_ISODataQualityPositionalAccuracy.R:114:3',
'test_ISODataQualityTemporalAccuracy.R:12:3',
'test_ISODataQualityTemporalAccuracy.R:46:3',
'test_ISODataQualityTemporalAccuracy.R:80:3',
'test_ISODataQualityTemporalAccuracy.R:114:3',
'test_ISODataQualityThematicAccuracy.R:12:3',
'test_ISODataQualityThematicAccuracy.R:46:3',
'test_ISODataQualityThematicAccuracy.R:80:3',
'test_ISODataQualityThematicAccuracy.R:114:3',
'test_ISODefinitionReference.R:12:3', 'test_ISODefinitionSource.R:12:3',
'test_ISODigitalTransferOptions.R:12:3',
'test_ISODigitalTransferOptions.R:34:3', 'test_ISODimension.R:12:3',
'test_ISODistribution.R:12:3', 'test_ISODistributor.R:12:3',
'test_ISODistributor.R:59:3', 'test_ISOExtendedElementInformation.R:12:3',
'test_ISOExtendedElementInformation.R:67:3', 'test_ISOExtent.R:12:3',
'test_ISOExtent.R:46:3', 'test_ISOFeatureAssociation.R:12:3',
'test_ISOFeatureAttribute.R:12:3', 'test_ISOFeatureAttribute.R:42:3',
'test_ISOFeatureCatalogue.R:12:3', 'test_ISOFeatureCatalogue.R:101:3',
'test_ISOFeatureCatalogue.R:323:3',
'test_ISOFeatureCatalogueDescription.R:12:3',
'test_ISOFeatureOperation.R:12:3', 'test_ISOFeatureOperation.R:34:3',
'test_ISOFeatureType.R:12:3', 'test_ISOFeatureType.R:72:3',
'test_ISOFormat.R:12:3', 'test_ISOFormat.R:31:3', 'test_ISOFreeText.R:12:3',
'test_ISOFreeText.R:33:3', 'test_ISOGeographicBoundingBox.R:12:3',
'test_ISOGeographicBoundingBox.R:27:3',
'test_ISOGeographicDescription.R:12:3',
'test_ISOGeographicDescription.R:28:3', 'test_ISOGeometricObjects.R:12:3',
'test_ISOGeorectified.R:13:3', 'test_ISOGeoreferenceable.R:12:3',
'test_ISOGridSpatialRepresentation.R:12:3',
'test_ISOImageDescription.R:12:3', 'test_ISOImageryAlgorithm.R:12:3',
'test_ISOImageryBand.R:12:3', 'test_ISOImageryCoverageDescription.R:12:3',
'test_ISOImageryEnvironmentalRecord.R:12:3', 'test_ISOImageryEvent.R:12:3',
'test_ISOImageryGCP.R:13:3', 'test_ISOImageryGCPCollection.R:12:3',
'test_ISOImageryGeorectified.R:13:3',
'test_ISOImageryGeoreferenceable.R:12:3',
'test_ISOImageryImageDescription.R:12:3', 'test_ISOImageryInstrument.R:12:3',
'test_ISOImageryMetadata.R:12:3', 'test_ISOImageryMetadata.R:618:3',
'test_ISOImageryNominalResolution.R:12:3', 'test_ISOImageryObjective.R:12:3',
'test_ISOImageryPlan.R:12:3', 'test_ISOImageryPlatform.R:12:3',
'test_ISOImageryPlatformPass.R:13:3', 'test_ISOImageryProcessStep.R:12:3',
'test_ISOImageryProcessing.R:12:3',
'test_ISOImageryRangeElementDescription.R:12:3',
'test_ISOImageryRangeElementDescription.R:29:3',
'test_ISOImageryRequestedDate.R:12:3', 'test_ISOImageryRequirement.R:12:3',
'test_ISOImagerySource.R:12:3', 'test_ISOImageryUsability.R:12:3',
'test_ISOImageryUsability.R:53:3', 'test_ISOInheritanceRelation.R:12:3',
'test_ISOKeywords.R:12:3', 'test_ISOKeywords.R:41:3',
'test_ISOKeywords.R:70:3', 'test_ISOKeywords.R:105:3',
'test_ISOKeywords.R:170:3', 'test_ISOLegalConstraints.R:12:3',
'test_ISOLegalConstraints.R:37:3', 'test_ISOLineage.R:12:3',
'test_ISOLineage.R:81:3', 'test_ISOListedValue.R:12:3',
'test_ISOListedValue.R:31:3', 'test_ISOLocalName.R:12:3',
'test_ISOLocaleContainer.R:12:3', 'test_ISOLocalisedCharacterString.R:12:3',
'test_ISOLocalisedCharacterString.R:27:3',
'test_ISOLocalisedCharacterString.R:42:3',
'test_ISOLocalisedCharacterString.R:57:3',
'test_ISOLocalisedCharacterString.R:72:3',
'test_ISOLocalisedCharacterString.R:87:3',
'test_ISOMaintenanceInformation.R:12:3', 'test_ISOMeasure.R:12:3',
'test_ISOMeasure.R:25:3', 'test_ISOMeasure.R:38:3', 'test_ISOMeasure.R:51:3',
'test_ISOMeasure.R:64:3', 'test_ISOMedium.R:12:3', 'test_ISOMedium.R:34:3',
'test_ISOMemberName.R:12:3', 'test_ISOMemberName.R:28:3',
'test_ISOMetaIdentifier.R:12:3', 'test_ISOMetadata.R:12:3',
'test_ISOMetadata.R:344:3', 'test_ISOMetadata.R:1050:3',
'test_ISOMetadataExtensionInformation.R:12:3',
'test_ISOMetadataExtensionInformation.R:238:3',
'test_ISOMimeFileType.R:12:3', 'test_ISOMimeFileType.R:27:3',
'test_ISOMultiplicity.R:12:3', 'test_ISOMultiplicityRange.R:12:3',
'test_ISOMultiplicityRange.R:28:3', 'test_ISOOnlineResource.R:12:3',
'test_ISOOnlineResource.R:31:3', 'test_ISOOnlineResource.R:50:3',
'test_ISOOperationMetadata.R:12:3',
'test_ISOPortrayalCatalogueReference.R:12:3',
'test_ISOPortrayalCatalogueReference.R:71:3', 'test_ISOProcessStep.R:12:3',
'test_ISOProcessStep.R:51:3', 'test_ISOProcessStep.R:65:3',
'test_ISOProcessStep.R:80:3', 'test_ISOPropertyType.R:12:3',
'test_ISOPropertyType.R:31:3', 'test_ISOQuantitativeResult.R:12:3',
'test_ISORangeDimension.R:12:3', 'test_ISORangeDimension.R:30:3',
'test_ISORecord.R:12:3', 'test_ISORecordType.R:12:3',
'test_ISOReferenceIdentifier.R:12:3', 'test_ISOReferenceSystem.R:12:3',
'test_ISORepresentativeFraction.R:12:3', 'test_ISOResolution.R:12:3',
'test_ISOResponsibleParty.R:12:3', 'test_ISOResponsibleParty.R:51:3',
'test_ISOSRVParameter.R:12:3', 'test_ISOSRVParameter.R:36:3',
'test_ISOSecurityConstraints.R:12:3', 'test_ISOSecurityConstraints.R:32:3',
'test_ISOServiceIdentification.R:12:3',
'test_ISOServiceIdentification.R:96:3',
'test_ISOServiceIdentification.R:350:3',
'test_ISOServiceIdentification.R:547:3', 'test_ISOSource.R:12:3',
'test_ISOSource.R:47:3', 'test_ISOSpatialTemporalExtent.R:12:3',
'test_ISOSpatialTemporalExtent.R:34:3',
'test_ISOStandardOrderProcess.R:12:3', 'test_ISOStandardOrderProcess.R:32:3',
'test_ISOTelephone.R:12:3', 'test_ISOTelephone.R:29:3',
'test_ISOTemporalExtent.R:12:3', 'test_ISOTemporalExtent.R:31:3',
'test_ISOTemporalExtent.R:52:3', 'test_ISOTemporalExtent.R:72:3',
'test_ISOTypeName.R:12:3', 'test_ISOTypeName.R:30:3', 'test_ISOURL.R:12:3',
'test_ISOUnlimitedInteger.R:12:3', 'test_ISOUnlimitedInteger.R:29:3',
'test_ISOUsage.R:13:3', 'test_ISOVectorSpatialRepresentation.R:12:3',
'test_ISOVerticalExtent.R:12:3', 'test_ISOVerticalExtent.R:29:3',
'test_SWEAbstractDataComponent.R:13:3', 'test_SWECategory.R:13:3',
'test_SWECategoryRange.R:13:3', 'test_SWECount.R:13:3',
'test_SWECountRange.R:13:3', 'test_SWENilValues.R:13:3',
'test_SWEQuantity.R:13:3', 'test_SWEQuantityRange.R:13:3',
'test_SWEText.R:13:3', 'test_SWETime.R:13:3', 'test_SWETimeRange.R:13:3',
'test_SWE_encodings.R:13:3', 'test_SWE_encodings.R:26:3',
'test_geometa_mapping.R:16:3'
══ Failed tests ════════════════════════════════════════════════════════════════
── Error ('test_ISOBaseBoolean.R:50:3'): encoding - ISO 19115-3 ────────────────
Error in `schema@ref`: no applicable method for `@` applied to an object of class "NULL"
Backtrace:
▆
1. └─md$encode() at test_ISOBaseBoolean.R:50:3
2. └─self$validate(...)
3. └─XML::xmlSchemaValidate(xsd, xml)
── Error ('test_ISOBaseCharacterString.R:16:3'): encoding - ISO 19115-1 ────────
Error in `schema@ref`: no applicable method for `@` applied to an object of class "NULL"
Backtrace:
▆
1. └─md$encode() at test_ISOBaseCharacterString.R:16:3
2. └─self$validate(...)
3. └─XML::xmlSchemaValidate(xsd, xml)
── Error ('test_ISOBaseCharacterString.R:32:3'): encoding - ISO 19115-3 ────────
Error in `schema@ref`: no applicable method for `@` applied to an object of class "NULL"
Backtrace:
▆
1. └─md$encode() at test_ISOBaseCharacterString.R:32:3
2. └─self$validate(...)
3. └─XML::xmlSchemaValidate(xsd, xml)
── Error ('test_ISOBaseDate.R:16:3'): encoding ─────────────────────────────────
Error in `schema@ref`: no applicable method for `@` applied to an object of class "NULL"
Backtrace:
▆
1. └─md$encode() at test_ISOBaseDate.R:16:3
2. └─self$validate(...)
3. └─XML::xmlSchemaValidate(xsd, xml)
── Error ('test_ISOBaseDateTime.R:16:3'): encoding ─────────────────────────────
Error in `schema@ref`: no applicable method for `@` applied to an object of class "NULL"
Backtrace:
▆
1. └─md$encode() at test_ISOBaseDateTime.R:16:3
2. └─self$validate(...)
3. └─XML::xmlSchemaValidate(xsd, xml)
── Error ('test_ISOBaseDateTime.R:34:3'): encoding - datetime in UTC ───────────
Error in `schema@ref`: no applicable method for `@` applied to an object of class "NULL"
Backtrace:
▆
1. └─md$encode() at test_ISOBaseDateTime.R:34:3
2. └─self$validate(...)
3. └─XML::xmlSchemaValidate(xsd, xml)
── Error ('test_ISOBaseDateTime.R:52:3'): encoding - datetime in other timezone ──
Error in `schema@ref`: no applicable method for `@` applied to an object of class "NULL"
Backtrace:
▆
1. └─md$encode() at test_ISOBaseDateTime.R:52:3
2. └─self$validate(...)
3. └─XML::xmlSchemaValidate(xsd, xml)
── Error ('test_ISOBaseDecimal.R:16:3'): encoding ──────────────────────────────
Error in `schema@ref`: no applicable method for `@` applied to an object of class "NULL"
Backtrace:
▆
1. └─md$encode() at test_ISOBaseDecimal.R:16:3
2. └─self$validate(...)
3. └─XML::xmlSchemaValidate(xsd, xml)
── Error ('test_ISOBaseInteger.R:15:3'): encoding ──────────────────────────────
Error in `schema@ref`: no applicable method for `@` applied to an object of class "NULL"
Backtrace:
▆
1. └─md$encode() at test_ISOBaseInteger.R:15:3
2. └─self$validate(...)
3. └─XML::xmlSchemaValidate(xsd, xml)
── Error ('test_ISOBaseInteger.R:31:3'): encoding with coercing ────────────────
Error in `schema@ref`: no applicable method for `@` applied to an object of class "NULL"
Backtrace:
▆
1. └─md$encode() at test_ISOBaseInteger.R:31:3
2. └─self$validate(...)
3. └─XML::xmlSchemaValidate(xsd, xml)
── Error ('test_ISOBaseReal.R:16:3'): encoding ─────────────────────────────────
Error in `schema@ref`: no applicable method for `@` applied to an object of class "NULL"
Backtrace:
▆
1. └─md$encode() at test_ISOBaseReal.R:16:3
2. └─self$validate(...)
3. └─XML::xmlSchemaValidate(xsd, xml)
── Error ('test_ISOContact.R:185:3'): encoding/decoding - ISO 19115-3 ──────────
Error in `schema@ref`: no applicable method for `@` applied to an object of class "NULL"
Backtrace:
▆
1. └─contact$encode() at test_ISOContact.R:185:3
2. └─self$validate(...)
3. └─XML::xmlSchemaValidate(xsd, xml)
── Error ('test_ISODate.R:18:3'): encoding ─────────────────────────────────────
Error in `schema@ref`: no applicable method for `@` applied to an object of class "NULL"
Backtrace:
▆
1. └─md$encode() at test_ISODate.R:18:3
2. └─self$validate(...)
3. └─XML::xmlSchemaValidate(xsd, xml)
── Error ('test_ISOFileName.R:14:3'): encoding ─────────────────────────────────
Error in `schema@ref`: no applicable method for `@` applied to an object of class "NULL"
Backtrace:
▆
1. └─md$encode() at test_ISOFileName.R:14:3
2. └─self$validate(...)
3. └─XML::xmlSchemaValidate(xsd, xml)
[ FAIL 14 | WARN 0 | SKIP 311 | PASS 29 ]
Error:
! Test failures.
Execution halted
Flavor: r-patched-linux-x86_64
Version: 0.9.2
Check: tests
Result: ERROR
Running ‘test-all.R’ [94s/119s]
Running the tests in ‘tests/test-all.R’ failed.
Complete output:
> library(testthat)
> library(geometa)
Loading ISO 19139 XML schemas...
Loading ISO 19115-3 XML schemas...
Loading ISO 19139 codelists...
Warning message:
In XML::xmlParse(xsdFile, isSchema = TRUE, xinclude = TRUE, error = function(msg, :
NULL value for external reference
> test_check("geometa")
Unsupported encoding: native.enc
[geometa][INFO] Object 'ISOBaseBoolean' is VALID according to ISO 19139 XML schemas!
Unsupported encoding: native.enc
[geometa][INFO] Object 'ISOBaseBoolean' is VALID according to ISO 19139 XML schemas!
Unsupported encoding: native.enc
[geometa][INFO] Object 'ISOBaseBoolean' is VALID according to ISO 19139 XML schemas!
Unsupported encoding: native.enc
[geometa][INFO] Object 'ISOBaseBoolean' is VALID according to ISO 19139 XML schemas!
Unsupported encoding: native.enc
Saving _problems/test_ISOBaseBoolean-50.R
Unsupported encoding: native.enc
Saving _problems/test_ISOBaseCharacterString-16.R
Unsupported encoding: native.enc
Saving _problems/test_ISOBaseCharacterString-32.R
Unsupported encoding: native.enc
Saving _problems/test_ISOBaseDate-16.R
Unsupported encoding: native.enc
Saving _problems/test_ISOBaseDateTime-16.R
Unsupported encoding: native.enc
Saving _problems/test_ISOBaseDateTime-34.R
Unsupported encoding: native.enc
Saving _problems/test_ISOBaseDateTime-52.R
Unsupported encoding: native.enc
Saving _problems/test_ISOBaseDecimal-16.R
Unsupported encoding: native.enc
Saving _problems/test_ISOBaseInteger-15.R
Unsupported encoding: native.enc
Saving _problems/test_ISOBaseInteger-31.R
Unsupported encoding: native.enc
Saving _problems/test_ISOBaseReal-16.R
Unsupported encoding: native.enc
Saving _problems/test_ISOContact-185.R
Unsupported encoding: native.enc
Saving _problems/test_ISODate-18.R
Unsupported encoding: native.enc
Saving _problems/test_ISOFileName-14.R
[ FAIL 14 | WARN 0 | SKIP 311 | PASS 29 ]
══ Skipped tests (311) ═════════════════════════════════════════════════════════
• On CRAN (311): 'test_GMLAbstractCRS.R:13:3',
'test_GMLAbstractFeature.R:13:3', 'test_GMLAbstractGeneralDerivedCRS.R:13:3',
'test_GMLAbstractGeometricAggregate.R:13:3',
'test_GMLAbstractGeometricAggregate.R:28:3',
'test_GMLAbstractGeometricAggregate.R:46:3',
'test_GMLAbstractGeometricPrimitive.R:13:3',
'test_GMLAbstractGeometricPrimitive.R:27:3',
'test_GMLAbstractGeometricPrimitive.R:42:3', 'test_GMLAbstractRing.R:13:3',
'test_GMLAbstractSingleCRS.R:13:3', 'test_GMLCodeType.R:13:3',
'test_GMLCompoundCRS.R:13:3', 'test_GMLConversion.R:13:3',
'test_GMLCoordinateSystem.R:13:3', 'test_GMLCoordinateSystem.R:25:3',
'test_GMLCoordinateSystem.R:49:3', 'test_GMLCoordinateSystem.R:73:3',
'test_GMLCoordinateSystem.R:97:3', 'test_GMLCoordinateSystem.R:121:3',
'test_GMLCoordinateSystem.R:145:3', 'test_GMLCoordinateSystem.R:169:3',
'test_GMLCoordinateSystem.R:193:3', 'test_GMLCoordinateSystem.R:217:3',
'test_GMLCoordinateSystem.R:241:3', 'test_GMLCoordinateSystem.R:265:3',
'test_GMLCoordinateSystem.R:289:3', 'test_GMLCoordinateSystemAxis.R:13:3',
'test_GMLCoverages.R:13:3', 'test_GMLCoverages.R:31:3',
'test_GMLCoverages.R:53:3', 'test_GMLCoverages.R:75:3',
'test_GMLCoverages.R:97:3', 'test_GMLCoverages.R:119:3',
'test_GMLCoverages.R:141:3', 'test_GMLCoverages.R:163:3',
'test_GMLDefinition.R:13:3', 'test_GMLDerivedCRS.R:13:3',
'test_GMLElement.R:13:3', 'test_GMLEnvelope.R:13:3',
'test_GMLEnvelope.R:28:3', 'test_GMLEnvelopeWithTimePeriod.R:14:3',
'test_GMLGeneralGridAxis.R:13:3', 'test_GMLGeneralGridAxis.R:32:3',
'test_GMLGrid.R:13:3', 'test_GMLGrid.R:30:3', 'test_GMLGridEnvelope.R:13:3',
'test_GMLGridFunction.R:13:3', 'test_GMLOperationMethod.R:14:3',
'test_GMLOperationParameter.R:14:3', 'test_GMLOperationParameter.R:35:3',
'test_GMLOperationParameter.R:56:3', 'test_GMLParameterValue.R:14:3',
'test_GMLParameterValue.R:36:3', 'test_GMLParameterValue.R:57:3',
'test_GMLParameterValue.R:78:3', 'test_GMLParameterValue.R:99:3',
'test_GMLParameterValueGroup.R:14:3', 'test_GMLProjectedCRS.R:14:3',
'test_GMLRectifiedGrid.R:14:3', 'test_GMLReferenceableGrid.R:14:3',
'test_GMLReferenceableGrid.R:32:3', 'test_GMLTimeInstant.R:13:3',
'test_GMLTimeInstant.R:29:3', 'test_GMLTimeInstant.R:44:3',
'test_GMLTimePeriod.R:13:3', 'test_GMLTimePeriod.R:32:3',
'test_GMLTimePeriod.R:47:3', 'test_GMLUnitDefinition.R:14:3',
'test_GMLUnitDefinition.R:38:3', 'test_GMLUnitDefinition.R:63:3',
'test_GMLUnitDefinition.R:88:3', 'test_INSPIREMetadataValidator.R:17:3',
'test_INSPIREMetadataValidator.R:40:3',
'test_INSPIREMetadataValidator.R:49:3', 'test_ISOAddress.R:12:3',
'test_ISOAddress.R:32:3', 'test_ISOAggregateInformation.R:12:3',
'test_ISOAnchor.R:12:3', 'test_ISOApplicationSchemaInformation.R:12:3',
'test_ISOAssociationRole.R:12:3', 'test_ISOBand.R:12:3',
'test_ISOBinary.R:12:3', 'test_ISOBinding.R:12:3', 'test_ISOBinding.R:63:3',
'test_ISOBoundAssociationRole.R:12:3', 'test_ISOBoundAssociationRole.R:63:3',
'test_ISOBoundFeatureAttribute.R:12:3',
'test_ISOBoundFeatureAttribute.R:64:3', 'test_ISOBoundingPolygon.R:13:3',
'test_ISOBoundingPolygon.R:35:3', 'test_ISOBrowseGraphic.R:12:3',
'test_ISOBrowseGraphic.R:31:3', 'test_ISOCarrierOfCharacteristics.R:12:3',
'test_ISOCitation.R:12:3', 'test_ISOCitation.R:67:3',
'test_ISOCitationSeries.R:12:3', 'test_ISOCitationSeries.R:32:3',
'test_ISOCitationSeries.R:72:3', 'test_ISOCitationSeries.R:93:3',
'test_ISOCodelistCatalogue.R:13:3', 'test_ISOConformanceResult.R:12:3',
'test_ISOConformanceResult.R:37:3', 'test_ISOConstraint.R:12:3',
'test_ISOConstraint.R:31:3', 'test_ISOConstraints.R:12:3',
'test_ISOConstraints.R:32:3', 'test_ISOContact.R:12:3',
'test_ISOContact.R:43:3', 'test_ISOCoupledResource.R:12:3',
'test_ISOCoupledResource.R:30:3', 'test_ISOCoverageDescription.R:12:3',
'test_ISODataFile.R:12:3', 'test_ISODataIdentification.R:12:3',
'test_ISODataIdentification.R:120:3', 'test_ISODataQuality.R:12:3',
'test_ISODataQuality.R:55:3', 'test_ISODataQualityAbstractElement.R:12:3',
'test_ISODataQualityAbstractElement.R:53:3',
'test_ISODataQualityCompleteness.R:12:3',
'test_ISODataQualityCompleteness.R:46:3',
'test_ISODataQualityCompleteness.R:80:3',
'test_ISODataQualityCompleteness.R:165:3',
'test_ISODataQualityCompleteness.R:199:3',
'test_ISODataQualityLogicalConsistency.R:12:3',
'test_ISODataQualityLogicalConsistency.R:46:3',
'test_ISODataQualityLogicalConsistency.R:80:3',
'test_ISODataQualityLogicalConsistency.R:114:3',
'test_ISODataQualityLogicalConsistency.R:148:3',
'test_ISODataQualityPositionalAccuracy.R:12:3',
'test_ISODataQualityPositionalAccuracy.R:46:3',
'test_ISODataQualityPositionalAccuracy.R:80:3',
'test_ISODataQualityPositionalAccuracy.R:114:3',
'test_ISODataQualityTemporalAccuracy.R:12:3',
'test_ISODataQualityTemporalAccuracy.R:46:3',
'test_ISODataQualityTemporalAccuracy.R:80:3',
'test_ISODataQualityTemporalAccuracy.R:114:3',
'test_ISODataQualityThematicAccuracy.R:12:3',
'test_ISODataQualityThematicAccuracy.R:46:3',
'test_ISODataQualityThematicAccuracy.R:80:3',
'test_ISODataQualityThematicAccuracy.R:114:3',
'test_ISODefinitionReference.R:12:3', 'test_ISODefinitionSource.R:12:3',
'test_ISODigitalTransferOptions.R:12:3',
'test_ISODigitalTransferOptions.R:34:3', 'test_ISODimension.R:12:3',
'test_ISODistribution.R:12:3', 'test_ISODistributor.R:12:3',
'test_ISODistributor.R:59:3', 'test_ISOExtendedElementInformation.R:12:3',
'test_ISOExtendedElementInformation.R:67:3', 'test_ISOExtent.R:12:3',
'test_ISOExtent.R:46:3', 'test_ISOFeatureAssociation.R:12:3',
'test_ISOFeatureAttribute.R:12:3', 'test_ISOFeatureAttribute.R:42:3',
'test_ISOFeatureCatalogue.R:12:3', 'test_ISOFeatureCatalogue.R:101:3',
'test_ISOFeatureCatalogue.R:323:3',
'test_ISOFeatureCatalogueDescription.R:12:3',
'test_ISOFeatureOperation.R:12:3', 'test_ISOFeatureOperation.R:34:3',
'test_ISOFeatureType.R:12:3', 'test_ISOFeatureType.R:72:3',
'test_ISOFormat.R:12:3', 'test_ISOFormat.R:31:3', 'test_ISOFreeText.R:12:3',
'test_ISOFreeText.R:33:3', 'test_ISOGeographicBoundingBox.R:12:3',
'test_ISOGeographicBoundingBox.R:27:3',
'test_ISOGeographicDescription.R:12:3',
'test_ISOGeographicDescription.R:28:3', 'test_ISOGeometricObjects.R:12:3',
'test_ISOGeorectified.R:13:3', 'test_ISOGeoreferenceable.R:12:3',
'test_ISOGridSpatialRepresentation.R:12:3',
'test_ISOImageDescription.R:12:3', 'test_ISOImageryAlgorithm.R:12:3',
'test_ISOImageryBand.R:12:3', 'test_ISOImageryCoverageDescription.R:12:3',
'test_ISOImageryEnvironmentalRecord.R:12:3', 'test_ISOImageryEvent.R:12:3',
'test_ISOImageryGCP.R:13:3', 'test_ISOImageryGCPCollection.R:12:3',
'test_ISOImageryGeorectified.R:13:3',
'test_ISOImageryGeoreferenceable.R:12:3',
'test_ISOImageryImageDescription.R:12:3', 'test_ISOImageryInstrument.R:12:3',
'test_ISOImageryMetadata.R:12:3', 'test_ISOImageryMetadata.R:618:3',
'test_ISOImageryNominalResolution.R:12:3', 'test_ISOImageryObjective.R:12:3',
'test_ISOImageryPlan.R:12:3', 'test_ISOImageryPlatform.R:12:3',
'test_ISOImageryPlatformPass.R:13:3', 'test_ISOImageryProcessStep.R:12:3',
'test_ISOImageryProcessing.R:12:3',
'test_ISOImageryRangeElementDescription.R:12:3',
'test_ISOImageryRangeElementDescription.R:29:3',
'test_ISOImageryRequestedDate.R:12:3', 'test_ISOImageryRequirement.R:12:3',
'test_ISOImagerySource.R:12:3', 'test_ISOImageryUsability.R:12:3',
'test_ISOImageryUsability.R:53:3', 'test_ISOInheritanceRelation.R:12:3',
'test_ISOKeywords.R:12:3', 'test_ISOKeywords.R:41:3',
'test_ISOKeywords.R:70:3', 'test_ISOKeywords.R:105:3',
'test_ISOKeywords.R:170:3', 'test_ISOLegalConstraints.R:12:3',
'test_ISOLegalConstraints.R:37:3', 'test_ISOLineage.R:12:3',
'test_ISOLineage.R:81:3', 'test_ISOListedValue.R:12:3',
'test_ISOListedValue.R:31:3', 'test_ISOLocalName.R:12:3',
'test_ISOLocaleContainer.R:12:3', 'test_ISOLocalisedCharacterString.R:12:3',
'test_ISOLocalisedCharacterString.R:27:3',
'test_ISOLocalisedCharacterString.R:42:3',
'test_ISOLocalisedCharacterString.R:57:3',
'test_ISOLocalisedCharacterString.R:72:3',
'test_ISOLocalisedCharacterString.R:87:3',
'test_ISOMaintenanceInformation.R:12:3', 'test_ISOMeasure.R:12:3',
'test_ISOMeasure.R:25:3', 'test_ISOMeasure.R:38:3', 'test_ISOMeasure.R:51:3',
'test_ISOMeasure.R:64:3', 'test_ISOMedium.R:12:3', 'test_ISOMedium.R:34:3',
'test_ISOMemberName.R:12:3', 'test_ISOMemberName.R:28:3',
'test_ISOMetaIdentifier.R:12:3', 'test_ISOMetadata.R:12:3',
'test_ISOMetadata.R:344:3', 'test_ISOMetadata.R:1050:3',
'test_ISOMetadataExtensionInformation.R:12:3',
'test_ISOMetadataExtensionInformation.R:238:3',
'test_ISOMimeFileType.R:12:3', 'test_ISOMimeFileType.R:27:3',
'test_ISOMultiplicity.R:12:3', 'test_ISOMultiplicityRange.R:12:3',
'test_ISOMultiplicityRange.R:28:3', 'test_ISOOnlineResource.R:12:3',
'test_ISOOnlineResource.R:31:3', 'test_ISOOnlineResource.R:50:3',
'test_ISOOperationMetadata.R:12:3',
'test_ISOPortrayalCatalogueReference.R:12:3',
'test_ISOPortrayalCatalogueReference.R:71:3', 'test_ISOProcessStep.R:12:3',
'test_ISOProcessStep.R:51:3', 'test_ISOProcessStep.R:65:3',
'test_ISOProcessStep.R:80:3', 'test_ISOPropertyType.R:12:3',
'test_ISOPropertyType.R:31:3', 'test_ISOQuantitativeResult.R:12:3',
'test_ISORangeDimension.R:12:3', 'test_ISORangeDimension.R:30:3',
'test_ISORecord.R:12:3', 'test_ISORecordType.R:12:3',
'test_ISOReferenceIdentifier.R:12:3', 'test_ISOReferenceSystem.R:12:3',
'test_ISORepresentativeFraction.R:12:3', 'test_ISOResolution.R:12:3',
'test_ISOResponsibleParty.R:12:3', 'test_ISOResponsibleParty.R:51:3',
'test_ISOSRVParameter.R:12:3', 'test_ISOSRVParameter.R:36:3',
'test_ISOSecurityConstraints.R:12:3', 'test_ISOSecurityConstraints.R:32:3',
'test_ISOServiceIdentification.R:12:3',
'test_ISOServiceIdentification.R:96:3',
'test_ISOServiceIdentification.R:350:3',
'test_ISOServiceIdentification.R:547:3', 'test_ISOSource.R:12:3',
'test_ISOSource.R:47:3', 'test_ISOSpatialTemporalExtent.R:12:3',
'test_ISOSpatialTemporalExtent.R:34:3',
'test_ISOStandardOrderProcess.R:12:3', 'test_ISOStandardOrderProcess.R:32:3',
'test_ISOTelephone.R:12:3', 'test_ISOTelephone.R:29:3',
'test_ISOTemporalExtent.R:12:3', 'test_ISOTemporalExtent.R:31:3',
'test_ISOTemporalExtent.R:52:3', 'test_ISOTemporalExtent.R:72:3',
'test_ISOTypeName.R:12:3', 'test_ISOTypeName.R:30:3', 'test_ISOURL.R:12:3',
'test_ISOUnlimitedInteger.R:12:3', 'test_ISOUnlimitedInteger.R:29:3',
'test_ISOUsage.R:13:3', 'test_ISOVectorSpatialRepresentation.R:12:3',
'test_ISOVerticalExtent.R:12:3', 'test_ISOVerticalExtent.R:29:3',
'test_SWEAbstractDataComponent.R:13:3', 'test_SWECategory.R:13:3',
'test_SWECategoryRange.R:13:3', 'test_SWECount.R:13:3',
'test_SWECountRange.R:13:3', 'test_SWENilValues.R:13:3',
'test_SWEQuantity.R:13:3', 'test_SWEQuantityRange.R:13:3',
'test_SWEText.R:13:3', 'test_SWETime.R:13:3', 'test_SWETimeRange.R:13:3',
'test_SWE_encodings.R:13:3', 'test_SWE_encodings.R:26:3',
'test_geometa_mapping.R:16:3'
══ Failed tests ════════════════════════════════════════════════════════════════
── Error ('test_ISOBaseBoolean.R:50:3'): encoding - ISO 19115-3 ────────────────
Error in `schema@ref`: no applicable method for `@` applied to an object of class "NULL"
Backtrace:
▆
1. └─md$encode() at test_ISOBaseBoolean.R:50:3
2. └─self$validate(...)
3. └─XML::xmlSchemaValidate(xsd, xml)
── Error ('test_ISOBaseCharacterString.R:16:3'): encoding - ISO 19115-1 ────────
Error in `schema@ref`: no applicable method for `@` applied to an object of class "NULL"
Backtrace:
▆
1. └─md$encode() at test_ISOBaseCharacterString.R:16:3
2. └─self$validate(...)
3. └─XML::xmlSchemaValidate(xsd, xml)
── Error ('test_ISOBaseCharacterString.R:32:3'): encoding - ISO 19115-3 ────────
Error in `schema@ref`: no applicable method for `@` applied to an object of class "NULL"
Backtrace:
▆
1. └─md$encode() at test_ISOBaseCharacterString.R:32:3
2. └─self$validate(...)
3. └─XML::xmlSchemaValidate(xsd, xml)
── Error ('test_ISOBaseDate.R:16:3'): encoding ─────────────────────────────────
Error in `schema@ref`: no applicable method for `@` applied to an object of class "NULL"
Backtrace:
▆
1. └─md$encode() at test_ISOBaseDate.R:16:3
2. └─self$validate(...)
3. └─XML::xmlSchemaValidate(xsd, xml)
── Error ('test_ISOBaseDateTime.R:16:3'): encoding ─────────────────────────────
Error in `schema@ref`: no applicable method for `@` applied to an object of class "NULL"
Backtrace:
▆
1. └─md$encode() at test_ISOBaseDateTime.R:16:3
2. └─self$validate(...)
3. └─XML::xmlSchemaValidate(xsd, xml)
── Error ('test_ISOBaseDateTime.R:34:3'): encoding - datetime in UTC ───────────
Error in `schema@ref`: no applicable method for `@` applied to an object of class "NULL"
Backtrace:
▆
1. └─md$encode() at test_ISOBaseDateTime.R:34:3
2. └─self$validate(...)
3. └─XML::xmlSchemaValidate(xsd, xml)
── Error ('test_ISOBaseDateTime.R:52:3'): encoding - datetime in other timezone ──
Error in `schema@ref`: no applicable method for `@` applied to an object of class "NULL"
Backtrace:
▆
1. └─md$encode() at test_ISOBaseDateTime.R:52:3
2. └─self$validate(...)
3. └─XML::xmlSchemaValidate(xsd, xml)
── Error ('test_ISOBaseDecimal.R:16:3'): encoding ──────────────────────────────
Error in `schema@ref`: no applicable method for `@` applied to an object of class "NULL"
Backtrace:
▆
1. └─md$encode() at test_ISOBaseDecimal.R:16:3
2. └─self$validate(...)
3. └─XML::xmlSchemaValidate(xsd, xml)
── Error ('test_ISOBaseInteger.R:15:3'): encoding ──────────────────────────────
Error in `schema@ref`: no applicable method for `@` applied to an object of class "NULL"
Backtrace:
▆
1. └─md$encode() at test_ISOBaseInteger.R:15:3
2. └─self$validate(...)
3. └─XML::xmlSchemaValidate(xsd, xml)
── Error ('test_ISOBaseInteger.R:31:3'): encoding with coercing ────────────────
Error in `schema@ref`: no applicable method for `@` applied to an object of class "NULL"
Backtrace:
▆
1. └─md$encode() at test_ISOBaseInteger.R:31:3
2. └─self$validate(...)
3. └─XML::xmlSchemaValidate(xsd, xml)
── Error ('test_ISOBaseReal.R:16:3'): encoding ─────────────────────────────────
Error in `schema@ref`: no applicable method for `@` applied to an object of class "NULL"
Backtrace:
▆
1. └─md$encode() at test_ISOBaseReal.R:16:3
2. └─self$validate(...)
3. └─XML::xmlSchemaValidate(xsd, xml)
── Error ('test_ISOContact.R:185:3'): encoding/decoding - ISO 19115-3 ──────────
Error in `schema@ref`: no applicable method for `@` applied to an object of class "NULL"
Backtrace:
▆
1. └─contact$encode() at test_ISOContact.R:185:3
2. └─self$validate(...)
3. └─XML::xmlSchemaValidate(xsd, xml)
── Error ('test_ISODate.R:18:3'): encoding ─────────────────────────────────────
Error in `schema@ref`: no applicable method for `@` applied to an object of class "NULL"
Backtrace:
▆
1. └─md$encode() at test_ISODate.R:18:3
2. └─self$validate(...)
3. └─XML::xmlSchemaValidate(xsd, xml)
── Error ('test_ISOFileName.R:14:3'): encoding ─────────────────────────────────
Error in `schema@ref`: no applicable method for `@` applied to an object of class "NULL"
Backtrace:
▆
1. └─md$encode() at test_ISOFileName.R:14:3
2. └─self$validate(...)
3. └─XML::xmlSchemaValidate(xsd, xml)
[ FAIL 14 | WARN 0 | SKIP 311 | PASS 29 ]
Error:
! Test failures.
Execution halted
Flavor: r-release-linux-x86_64
Version: 0.9.2
Check: installed package size
Result: NOTE
installed size is 23.7Mb
sub-directories of 1Mb or more:
R 13.0Mb
extdata 6.4Mb
help 4.1Mb
Flavors: r-oldrel-macos-arm64, r-oldrel-macos-x86_64, r-oldrel-windows-x86_64
These binaries (installable software) and packages are in development.
They may not be fully stable and should be used with caution. We make no claims about them.
Health stats visible at Monitor.