Last updated on 2025-11-20 09:48:26 CET.
| Flavor | Version | Tinstall | Tcheck | Ttotal | Status | Flags |
|---|---|---|---|---|---|---|
| r-devel-linux-x86_64-debian-clang | 1.4.1 | 3870.52 | 105.79 | 3976.31 | OK | |
| r-devel-linux-x86_64-debian-gcc | 1.4.2 | 3261.40 | 75.56 | 3336.96 | WARN | |
| r-devel-linux-x86_64-fedora-clang | 1.4.2 | 2400.00 | 4486.99 | 6886.99 | OK | |
| r-devel-linux-x86_64-fedora-gcc | 1.4.2 | 3420.00 | 5031.02 | 8451.02 | OK | |
| r-devel-windows-x86_64 | 1.4.1 | 5072.00 | 428.00 | 5500.00 | OK | |
| r-patched-linux-x86_64 | 1.4.2 | 4494.62 | 98.67 | 4593.29 | OK | |
| r-release-linux-x86_64 | 1.4.1 | 4479.79 | 97.36 | 4577.15 | OK | |
| r-release-macos-arm64 | 1.4.1 | 1560.00 | -1375.00 | 185.00 | OK | |
| r-release-macos-x86_64 | 1.4.2 | 1260.00 | 184.00 | 1444.00 | OK | |
| r-release-windows-x86_64 | 1.4.1 | 4333.00 | 457.00 | 4790.00 | OK | |
| r-oldrel-macos-arm64 | 1.4.2 | 3.00 | 18.00 | 21.00 | ERROR | |
| r-oldrel-macos-x86_64 | 1.4.2 | 1260.00 | 154.00 | 1414.00 | NOTE | |
| r-oldrel-windows-x86_64 | 1.4.1 | 4641.00 | 572.00 | 5213.00 | NOTE |
Version: 1.4.2
Check: whether package can be installed
Result: WARN
Found the following significant warnings:
/usr/include/c++/15/bits/move.h:235:11: warning: ‘((std::remove_reference<long unsigned int&>::type*)this)[2]’ is used uninitialized [-Wuninitialized]
/usr/include/c++/15/bits/move.h:235:11: warning: ‘((std::remove_reference<long int&>::type*)this)[2]’ is used uninitialized [-Wuninitialized]
See ‘/home/hornik/tmp/R.check/r-devel-gcc/Work/PKGS/duckdb.Rcheck/00install.out’ for details.
* used C++ compiler: ‘g++-15 (Debian 15.2.0-7) 15.2.0’
Flavor: r-devel-linux-x86_64-debian-gcc
Version: 1.4.2
Check: whether package can be installed
Result: ERROR
Installation failed.
Flavor: r-oldrel-macos-arm64
Version: 1.4.2
Check: installed package size
Result: NOTE
installed size is 55.3Mb
sub-directories of 1Mb or more:
libs 54.5Mb
Flavor: r-oldrel-macos-x86_64
Version: 1.4.1
Check: installed package size
Result: NOTE
installed size is 36.3Mb
sub-directories of 1Mb or more:
libs 35.5Mb
Flavor: r-oldrel-windows-x86_64
These binaries (installable software) and packages are in development.
They may not be fully stable and should be used with caution. We make no claims about them.
Health stats visible at Monitor.