Last updated on 2025-11-19 11:53:09 CET.
| Flavor | Version | Tinstall | Tcheck | Ttotal | Status | Flags |
|---|---|---|---|---|---|---|
| r-devel-linux-x86_64-debian-clang | 0.1.12 | 19.30 | 26.67 | 45.97 | ERROR | |
| r-devel-linux-x86_64-debian-gcc | 0.1.12 | 11.22 | 21.16 | 32.38 | ERROR | |
| r-devel-linux-x86_64-fedora-clang | 0.1.12 | 63.00 | 35.78 | 98.78 | ERROR | |
| r-devel-linux-x86_64-fedora-gcc | 0.1.12 | 59.00 | 12.89 | 71.89 | ERROR | |
| r-devel-windows-x86_64 | 0.1.12 | 46.00 | 59.00 | 105.00 | OK | |
| r-patched-linux-x86_64 | 0.1.12 | 15.95 | 23.36 | 39.31 | OK | |
| r-release-linux-x86_64 | 0.1.12 | 15.88 | 24.19 | 40.07 | ERROR | |
| r-release-macos-arm64 | 0.1.12 | 8.00 | 17.00 | 25.00 | OK | |
| r-release-macos-x86_64 | 0.1.12 | 14.00 | 32.00 | 46.00 | OK | |
| r-release-windows-x86_64 | 0.1.12 | 28.00 | 58.00 | 86.00 | OK | |
| r-oldrel-macos-arm64 | 0.1.12 | 11.00 | 33.00 | 44.00 | OK | |
| r-oldrel-macos-x86_64 | 0.1.12 | 9.00 | 32.00 | 41.00 | OK | |
| r-oldrel-windows-x86_64 | 0.1.12 | 32.00 | 71.00 | 103.00 | OK |
Version: 0.1.12
Check: tests
Result: ERROR
Running ‘testthat.R’ [5s/7s]
Running the tests in ‘tests/testthat.R’ failed.
Complete output:
> library(testthat)
> library(distances)
>
> test_check("distances")
Saving _problems/test_input_check-47.R
Saving _problems/test_input_check-70.R
Saving _problems/test_input_check-86.R
Saving _problems/test_input_check-123.R
Saving _problems/test_input_check-164.R
Saving _problems/test_input_check-251.R
Saving _problems/test_input_check-275.R
Saving _problems/test_input_check-302.R
[ FAIL 8 | WARN 0 | SKIP 0 | PASS 419 ]
══ Failed tests ════════════════════════════════════════════════════════════════
── Error ('test_input_check.R:45:3'): `new_error` & `new_warning` make warnings and errors. ──
Error in `expect_error(t_new_error("This is an error."), class = c("error", "condition"), regexp = "This is an error.")`: `class` must be a single string or `NULL`, not a character vector.
Backtrace:
▆
1. └─testthat::expect_error(class = c("error", "condition")) at test_input_check.R:45:3
2. └─testthat:::check_string(class, allow_null = TRUE)
3. └─testthat:::stop_input_type(...)
4. └─rlang::abort(message, ..., call = call, arg = arg)
── Error ('test_input_check.R:68:3'): `ensure_distances` checks input. ─────────
Error in `expect_error(t_ensure_distances(t_distances = "a"), class = c("error", "condition"), regexp = "`t_distances` is not a `distances` object.")`: `class` must be a single string or `NULL`, not a character vector.
Backtrace:
▆
1. └─testthat::expect_error(class = c("error", "condition")) at test_input_check.R:68:3
2. └─testthat:::check_string(class, allow_null = TRUE)
3. └─testthat:::stop_input_type(...)
4. └─rlang::abort(message, ..., call = call, arg = arg)
── Error ('test_input_check.R:85:3'): `coerce_args` checks input. ──────────────
Error in `expect_error(t_coerce_args(t_choices = 1L), class = c("error", "condition"))`: `class` must be a single string or `NULL`, not a character vector.
Backtrace:
▆
1. └─testthat::expect_error(class = c("error", "condition")) at test_input_check.R:85:3
2. └─testthat:::check_string(class, allow_null = TRUE)
3. └─testthat:::stop_input_type(...)
4. └─rlang::abort(message, ..., call = call, arg = arg)
── Error ('test_input_check.R:121:3'): `coerce_character` checks input. ────────
Error in `expect_error(t_coerce_character(t_req_length = 8), class = c("error", "condition"), regexp = "`t_x` is not of length `t_req_length`.")`: `class` must be a single string or `NULL`, not a character vector.
Backtrace:
▆
1. └─testthat::expect_error(class = c("error", "condition")) at test_input_check.R:121:3
2. └─testthat:::check_string(class, allow_null = TRUE)
3. └─testthat:::stop_input_type(...)
4. └─rlang::abort(message, ..., call = call, arg = arg)
── Error ('test_input_check.R:162:3'): `coerce_distance_data` checks input. ────
Error in `expect_error(t_coerce_distance_data(t_data = dist(1:10)), class = c("error", "condition"), regexp = "`t_data` must be vector, matrix or data frame.")`: `class` must be a single string or `NULL`, not a character vector.
Backtrace:
▆
1. └─testthat::expect_error(class = c("error", "condition")) at test_input_check.R:162:3
2. └─testthat:::check_string(class, allow_null = TRUE)
3. └─testthat:::stop_input_type(...)
4. └─rlang::abort(message, ..., call = call, arg = arg)
── Error ('test_input_check.R:249:3'): `coerce_double` checks input. ───────────
Error in `expect_error(t_coerce_double(t_x = letters[1:10]), class = c("error", "condition"), regexp = "`t_x` must be double or NULL.")`: `class` must be a single string or `NULL`, not a character vector.
Backtrace:
▆
1. └─testthat::expect_error(class = c("error", "condition")) at test_input_check.R:249:3
2. └─testthat:::check_string(class, allow_null = TRUE)
3. └─testthat:::stop_input_type(...)
4. └─rlang::abort(message, ..., call = call, arg = arg)
── Error ('test_input_check.R:273:3'): `coerce_integer` checks input. ──────────
Error in `expect_error(t_coerce_integer(t_x = letters[1:10]), class = c("error", "condition"), regexp = "`t_x` must be integer or NULL.")`: `class` must be a single string or `NULL`, not a character vector.
Backtrace:
▆
1. └─testthat::expect_error(class = c("error", "condition")) at test_input_check.R:273:3
2. └─testthat:::check_string(class, allow_null = TRUE)
3. └─testthat:::stop_input_type(...)
4. └─rlang::abort(message, ..., call = call, arg = arg)
── Error ('test_input_check.R:300:3'): `coerce_norm_matrix` checks input. ──────
Error in `expect_error(t_coerce_norm_matrix(t_mat = dist(1:4)), class = c("error", "condition"), regexp = "`t_mat` must be matrix, data.frame or vector.")`: `class` must be a single string or `NULL`, not a character vector.
Backtrace:
▆
1. └─testthat::expect_error(class = c("error", "condition")) at test_input_check.R:300:3
2. └─testthat:::check_string(class, allow_null = TRUE)
3. └─testthat:::stop_input_type(...)
4. └─rlang::abort(message, ..., call = call, arg = arg)
[ FAIL 8 | WARN 0 | SKIP 0 | PASS 419 ]
Error:
! Test failures.
Execution halted
Flavor: r-devel-linux-x86_64-debian-clang
Version: 0.1.12
Check: tests
Result: ERROR
Running ‘testthat.R’ [3s/4s]
Running the tests in ‘tests/testthat.R’ failed.
Complete output:
> library(testthat)
> library(distances)
>
> test_check("distances")
Saving _problems/test_input_check-47.R
Saving _problems/test_input_check-70.R
Saving _problems/test_input_check-86.R
Saving _problems/test_input_check-123.R
Saving _problems/test_input_check-164.R
Saving _problems/test_input_check-251.R
Saving _problems/test_input_check-275.R
Saving _problems/test_input_check-302.R
[ FAIL 8 | WARN 0 | SKIP 0 | PASS 419 ]
══ Failed tests ════════════════════════════════════════════════════════════════
── Error ('test_input_check.R:45:3'): `new_error` & `new_warning` make warnings and errors. ──
Error in `expect_error(t_new_error("This is an error."), class = c("error", "condition"), regexp = "This is an error.")`: `class` must be a single string or `NULL`, not a character vector.
Backtrace:
▆
1. └─testthat::expect_error(class = c("error", "condition")) at test_input_check.R:45:3
2. └─testthat:::check_string(class, allow_null = TRUE)
3. └─testthat:::stop_input_type(...)
4. └─rlang::abort(message, ..., call = call, arg = arg)
── Error ('test_input_check.R:68:3'): `ensure_distances` checks input. ─────────
Error in `expect_error(t_ensure_distances(t_distances = "a"), class = c("error", "condition"), regexp = "`t_distances` is not a `distances` object.")`: `class` must be a single string or `NULL`, not a character vector.
Backtrace:
▆
1. └─testthat::expect_error(class = c("error", "condition")) at test_input_check.R:68:3
2. └─testthat:::check_string(class, allow_null = TRUE)
3. └─testthat:::stop_input_type(...)
4. └─rlang::abort(message, ..., call = call, arg = arg)
── Error ('test_input_check.R:85:3'): `coerce_args` checks input. ──────────────
Error in `expect_error(t_coerce_args(t_choices = 1L), class = c("error", "condition"))`: `class` must be a single string or `NULL`, not a character vector.
Backtrace:
▆
1. └─testthat::expect_error(class = c("error", "condition")) at test_input_check.R:85:3
2. └─testthat:::check_string(class, allow_null = TRUE)
3. └─testthat:::stop_input_type(...)
4. └─rlang::abort(message, ..., call = call, arg = arg)
── Error ('test_input_check.R:121:3'): `coerce_character` checks input. ────────
Error in `expect_error(t_coerce_character(t_req_length = 8), class = c("error", "condition"), regexp = "`t_x` is not of length `t_req_length`.")`: `class` must be a single string or `NULL`, not a character vector.
Backtrace:
▆
1. └─testthat::expect_error(class = c("error", "condition")) at test_input_check.R:121:3
2. └─testthat:::check_string(class, allow_null = TRUE)
3. └─testthat:::stop_input_type(...)
4. └─rlang::abort(message, ..., call = call, arg = arg)
── Error ('test_input_check.R:162:3'): `coerce_distance_data` checks input. ────
Error in `expect_error(t_coerce_distance_data(t_data = dist(1:10)), class = c("error", "condition"), regexp = "`t_data` must be vector, matrix or data frame.")`: `class` must be a single string or `NULL`, not a character vector.
Backtrace:
▆
1. └─testthat::expect_error(class = c("error", "condition")) at test_input_check.R:162:3
2. └─testthat:::check_string(class, allow_null = TRUE)
3. └─testthat:::stop_input_type(...)
4. └─rlang::abort(message, ..., call = call, arg = arg)
── Error ('test_input_check.R:249:3'): `coerce_double` checks input. ───────────
Error in `expect_error(t_coerce_double(t_x = letters[1:10]), class = c("error", "condition"), regexp = "`t_x` must be double or NULL.")`: `class` must be a single string or `NULL`, not a character vector.
Backtrace:
▆
1. └─testthat::expect_error(class = c("error", "condition")) at test_input_check.R:249:3
2. └─testthat:::check_string(class, allow_null = TRUE)
3. └─testthat:::stop_input_type(...)
4. └─rlang::abort(message, ..., call = call, arg = arg)
── Error ('test_input_check.R:273:3'): `coerce_integer` checks input. ──────────
Error in `expect_error(t_coerce_integer(t_x = letters[1:10]), class = c("error", "condition"), regexp = "`t_x` must be integer or NULL.")`: `class` must be a single string or `NULL`, not a character vector.
Backtrace:
▆
1. └─testthat::expect_error(class = c("error", "condition")) at test_input_check.R:273:3
2. └─testthat:::check_string(class, allow_null = TRUE)
3. └─testthat:::stop_input_type(...)
4. └─rlang::abort(message, ..., call = call, arg = arg)
── Error ('test_input_check.R:300:3'): `coerce_norm_matrix` checks input. ──────
Error in `expect_error(t_coerce_norm_matrix(t_mat = dist(1:4)), class = c("error", "condition"), regexp = "`t_mat` must be matrix, data.frame or vector.")`: `class` must be a single string or `NULL`, not a character vector.
Backtrace:
▆
1. └─testthat::expect_error(class = c("error", "condition")) at test_input_check.R:300:3
2. └─testthat:::check_string(class, allow_null = TRUE)
3. └─testthat:::stop_input_type(...)
4. └─rlang::abort(message, ..., call = call, arg = arg)
[ FAIL 8 | WARN 0 | SKIP 0 | PASS 419 ]
Error:
! Test failures.
Execution halted
Flavor: r-devel-linux-x86_64-debian-gcc
Version: 0.1.12
Check: tests
Result: ERROR
Running ‘testthat.R’ [8s/10s]
Running the tests in ‘tests/testthat.R’ failed.
Complete output:
> library(testthat)
> library(distances)
>
> test_check("distances")
Saving _problems/test_input_check-47.R
Saving _problems/test_input_check-70.R
Saving _problems/test_input_check-86.R
Saving _problems/test_input_check-123.R
Saving _problems/test_input_check-164.R
Saving _problems/test_input_check-251.R
Saving _problems/test_input_check-275.R
Saving _problems/test_input_check-302.R
[ FAIL 8 | WARN 0 | SKIP 0 | PASS 419 ]
══ Failed tests ════════════════════════════════════════════════════════════════
── Error ('test_input_check.R:45:3'): `new_error` & `new_warning` make warnings and errors. ──
Error in `expect_error(t_new_error("This is an error."), class = c("error", "condition"), regexp = "This is an error.")`: `class` must be a single string or `NULL`, not a character vector.
Backtrace:
▆
1. └─testthat::expect_error(class = c("error", "condition")) at test_input_check.R:45:3
2. └─testthat:::check_string(class, allow_null = TRUE)
3. └─testthat:::stop_input_type(...)
4. └─rlang::abort(message, ..., call = call, arg = arg)
── Error ('test_input_check.R:68:3'): `ensure_distances` checks input. ─────────
Error in `expect_error(t_ensure_distances(t_distances = "a"), class = c("error", "condition"), regexp = "`t_distances` is not a `distances` object.")`: `class` must be a single string or `NULL`, not a character vector.
Backtrace:
▆
1. └─testthat::expect_error(class = c("error", "condition")) at test_input_check.R:68:3
2. └─testthat:::check_string(class, allow_null = TRUE)
3. └─testthat:::stop_input_type(...)
4. └─rlang::abort(message, ..., call = call, arg = arg)
── Error ('test_input_check.R:85:3'): `coerce_args` checks input. ──────────────
Error in `expect_error(t_coerce_args(t_choices = 1L), class = c("error", "condition"))`: `class` must be a single string or `NULL`, not a character vector.
Backtrace:
▆
1. └─testthat::expect_error(class = c("error", "condition")) at test_input_check.R:85:3
2. └─testthat:::check_string(class, allow_null = TRUE)
3. └─testthat:::stop_input_type(...)
4. └─rlang::abort(message, ..., call = call, arg = arg)
── Error ('test_input_check.R:121:3'): `coerce_character` checks input. ────────
Error in `expect_error(t_coerce_character(t_req_length = 8), class = c("error", "condition"), regexp = "`t_x` is not of length `t_req_length`.")`: `class` must be a single string or `NULL`, not a character vector.
Backtrace:
▆
1. └─testthat::expect_error(class = c("error", "condition")) at test_input_check.R:121:3
2. └─testthat:::check_string(class, allow_null = TRUE)
3. └─testthat:::stop_input_type(...)
4. └─rlang::abort(message, ..., call = call, arg = arg)
── Error ('test_input_check.R:162:3'): `coerce_distance_data` checks input. ────
Error in `expect_error(t_coerce_distance_data(t_data = dist(1:10)), class = c("error", "condition"), regexp = "`t_data` must be vector, matrix or data frame.")`: `class` must be a single string or `NULL`, not a character vector.
Backtrace:
▆
1. └─testthat::expect_error(class = c("error", "condition")) at test_input_check.R:162:3
2. └─testthat:::check_string(class, allow_null = TRUE)
3. └─testthat:::stop_input_type(...)
4. └─rlang::abort(message, ..., call = call, arg = arg)
── Error ('test_input_check.R:249:3'): `coerce_double` checks input. ───────────
Error in `expect_error(t_coerce_double(t_x = letters[1:10]), class = c("error", "condition"), regexp = "`t_x` must be double or NULL.")`: `class` must be a single string or `NULL`, not a character vector.
Backtrace:
▆
1. └─testthat::expect_error(class = c("error", "condition")) at test_input_check.R:249:3
2. └─testthat:::check_string(class, allow_null = TRUE)
3. └─testthat:::stop_input_type(...)
4. └─rlang::abort(message, ..., call = call, arg = arg)
── Error ('test_input_check.R:273:3'): `coerce_integer` checks input. ──────────
Error in `expect_error(t_coerce_integer(t_x = letters[1:10]), class = c("error", "condition"), regexp = "`t_x` must be integer or NULL.")`: `class` must be a single string or `NULL`, not a character vector.
Backtrace:
▆
1. └─testthat::expect_error(class = c("error", "condition")) at test_input_check.R:273:3
2. └─testthat:::check_string(class, allow_null = TRUE)
3. └─testthat:::stop_input_type(...)
4. └─rlang::abort(message, ..., call = call, arg = arg)
── Error ('test_input_check.R:300:3'): `coerce_norm_matrix` checks input. ──────
Error in `expect_error(t_coerce_norm_matrix(t_mat = dist(1:4)), class = c("error", "condition"), regexp = "`t_mat` must be matrix, data.frame or vector.")`: `class` must be a single string or `NULL`, not a character vector.
Backtrace:
▆
1. └─testthat::expect_error(class = c("error", "condition")) at test_input_check.R:300:3
2. └─testthat:::check_string(class, allow_null = TRUE)
3. └─testthat:::stop_input_type(...)
4. └─rlang::abort(message, ..., call = call, arg = arg)
[ FAIL 8 | WARN 0 | SKIP 0 | PASS 419 ]
Error:
! Test failures.
Execution halted
Flavor: r-devel-linux-x86_64-fedora-clang
Version: 0.1.12
Check: tests
Result: ERROR
Running ‘testthat.R’ [8s/19s]
Running the tests in ‘tests/testthat.R’ failed.
Complete output:
> library(testthat)
> library(distances)
>
> test_check("distances")
Saving _problems/test_input_check-47.R
Saving _problems/test_input_check-70.R
Saving _problems/test_input_check-86.R
Saving _problems/test_input_check-123.R
Saving _problems/test_input_check-164.R
Saving _problems/test_input_check-251.R
Saving _problems/test_input_check-275.R
Saving _problems/test_input_check-302.R
[ FAIL 8 | WARN 0 | SKIP 0 | PASS 419 ]
══ Failed tests ════════════════════════════════════════════════════════════════
── Error ('test_input_check.R:45:3'): `new_error` & `new_warning` make warnings and errors. ──
Error in `expect_error(t_new_error("This is an error."), class = c("error", "condition"), regexp = "This is an error.")`: `class` must be a single string or `NULL`, not a character vector.
Backtrace:
▆
1. └─testthat::expect_error(class = c("error", "condition")) at test_input_check.R:45:3
2. └─testthat:::check_string(class, allow_null = TRUE)
3. └─testthat:::stop_input_type(...)
4. └─rlang::abort(message, ..., call = call, arg = arg)
── Error ('test_input_check.R:68:3'): `ensure_distances` checks input. ─────────
Error in `expect_error(t_ensure_distances(t_distances = "a"), class = c("error", "condition"), regexp = "`t_distances` is not a `distances` object.")`: `class` must be a single string or `NULL`, not a character vector.
Backtrace:
▆
1. └─testthat::expect_error(class = c("error", "condition")) at test_input_check.R:68:3
2. └─testthat:::check_string(class, allow_null = TRUE)
3. └─testthat:::stop_input_type(...)
4. └─rlang::abort(message, ..., call = call, arg = arg)
── Error ('test_input_check.R:85:3'): `coerce_args` checks input. ──────────────
Error in `expect_error(t_coerce_args(t_choices = 1L), class = c("error", "condition"))`: `class` must be a single string or `NULL`, not a character vector.
Backtrace:
▆
1. └─testthat::expect_error(class = c("error", "condition")) at test_input_check.R:85:3
2. └─testthat:::check_string(class, allow_null = TRUE)
3. └─testthat:::stop_input_type(...)
4. └─rlang::abort(message, ..., call = call, arg = arg)
── Error ('test_input_check.R:121:3'): `coerce_character` checks input. ────────
Error in `expect_error(t_coerce_character(t_req_length = 8), class = c("error", "condition"), regexp = "`t_x` is not of length `t_req_length`.")`: `class` must be a single string or `NULL`, not a character vector.
Backtrace:
▆
1. └─testthat::expect_error(class = c("error", "condition")) at test_input_check.R:121:3
2. └─testthat:::check_string(class, allow_null = TRUE)
3. └─testthat:::stop_input_type(...)
4. └─rlang::abort(message, ..., call = call, arg = arg)
── Error ('test_input_check.R:162:3'): `coerce_distance_data` checks input. ────
Error in `expect_error(t_coerce_distance_data(t_data = dist(1:10)), class = c("error", "condition"), regexp = "`t_data` must be vector, matrix or data frame.")`: `class` must be a single string or `NULL`, not a character vector.
Backtrace:
▆
1. └─testthat::expect_error(class = c("error", "condition")) at test_input_check.R:162:3
2. └─testthat:::check_string(class, allow_null = TRUE)
3. └─testthat:::stop_input_type(...)
4. └─rlang::abort(message, ..., call = call, arg = arg)
── Error ('test_input_check.R:249:3'): `coerce_double` checks input. ───────────
Error in `expect_error(t_coerce_double(t_x = letters[1:10]), class = c("error", "condition"), regexp = "`t_x` must be double or NULL.")`: `class` must be a single string or `NULL`, not a character vector.
Backtrace:
▆
1. └─testthat::expect_error(class = c("error", "condition")) at test_input_check.R:249:3
2. └─testthat:::check_string(class, allow_null = TRUE)
3. └─testthat:::stop_input_type(...)
4. └─rlang::abort(message, ..., call = call, arg = arg)
── Error ('test_input_check.R:273:3'): `coerce_integer` checks input. ──────────
Error in `expect_error(t_coerce_integer(t_x = letters[1:10]), class = c("error", "condition"), regexp = "`t_x` must be integer or NULL.")`: `class` must be a single string or `NULL`, not a character vector.
Backtrace:
▆
1. └─testthat::expect_error(class = c("error", "condition")) at test_input_check.R:273:3
2. └─testthat:::check_string(class, allow_null = TRUE)
3. └─testthat:::stop_input_type(...)
4. └─rlang::abort(message, ..., call = call, arg = arg)
── Error ('test_input_check.R:300:3'): `coerce_norm_matrix` checks input. ──────
Error in `expect_error(t_coerce_norm_matrix(t_mat = dist(1:4)), class = c("error", "condition"), regexp = "`t_mat` must be matrix, data.frame or vector.")`: `class` must be a single string or `NULL`, not a character vector.
Backtrace:
▆
1. └─testthat::expect_error(class = c("error", "condition")) at test_input_check.R:300:3
2. └─testthat:::check_string(class, allow_null = TRUE)
3. └─testthat:::stop_input_type(...)
4. └─rlang::abort(message, ..., call = call, arg = arg)
[ FAIL 8 | WARN 0 | SKIP 0 | PASS 419 ]
Error:
! Test failures.
Execution halted
Flavor: r-devel-linux-x86_64-fedora-gcc
Version: 0.1.12
Check: tests
Result: ERROR
Running ‘testthat.R’ [4s/5s]
Running the tests in ‘tests/testthat.R’ failed.
Complete output:
> library(testthat)
> library(distances)
>
> test_check("distances")
Saving _problems/test_input_check-47.R
Saving _problems/test_input_check-70.R
Saving _problems/test_input_check-86.R
Saving _problems/test_input_check-123.R
Saving _problems/test_input_check-164.R
Saving _problems/test_input_check-251.R
Saving _problems/test_input_check-275.R
Saving _problems/test_input_check-302.R
[ FAIL 8 | WARN 0 | SKIP 0 | PASS 419 ]
══ Failed tests ════════════════════════════════════════════════════════════════
── Error ('test_input_check.R:45:3'): `new_error` & `new_warning` make warnings and errors. ──
Error in `expect_error(t_new_error("This is an error."), class = c("error", "condition"), regexp = "This is an error.")`: `class` must be a single string or `NULL`, not a character vector.
Backtrace:
▆
1. └─testthat::expect_error(class = c("error", "condition")) at test_input_check.R:45:3
2. └─testthat:::check_string(class, allow_null = TRUE)
3. └─testthat:::stop_input_type(...)
4. └─rlang::abort(message, ..., call = call, arg = arg)
── Error ('test_input_check.R:68:3'): `ensure_distances` checks input. ─────────
Error in `expect_error(t_ensure_distances(t_distances = "a"), class = c("error", "condition"), regexp = "`t_distances` is not a `distances` object.")`: `class` must be a single string or `NULL`, not a character vector.
Backtrace:
▆
1. └─testthat::expect_error(class = c("error", "condition")) at test_input_check.R:68:3
2. └─testthat:::check_string(class, allow_null = TRUE)
3. └─testthat:::stop_input_type(...)
4. └─rlang::abort(message, ..., call = call, arg = arg)
── Error ('test_input_check.R:85:3'): `coerce_args` checks input. ──────────────
Error in `expect_error(t_coerce_args(t_choices = 1L), class = c("error", "condition"))`: `class` must be a single string or `NULL`, not a character vector.
Backtrace:
▆
1. └─testthat::expect_error(class = c("error", "condition")) at test_input_check.R:85:3
2. └─testthat:::check_string(class, allow_null = TRUE)
3. └─testthat:::stop_input_type(...)
4. └─rlang::abort(message, ..., call = call, arg = arg)
── Error ('test_input_check.R:121:3'): `coerce_character` checks input. ────────
Error in `expect_error(t_coerce_character(t_req_length = 8), class = c("error", "condition"), regexp = "`t_x` is not of length `t_req_length`.")`: `class` must be a single string or `NULL`, not a character vector.
Backtrace:
▆
1. └─testthat::expect_error(class = c("error", "condition")) at test_input_check.R:121:3
2. └─testthat:::check_string(class, allow_null = TRUE)
3. └─testthat:::stop_input_type(...)
4. └─rlang::abort(message, ..., call = call, arg = arg)
── Error ('test_input_check.R:162:3'): `coerce_distance_data` checks input. ────
Error in `expect_error(t_coerce_distance_data(t_data = dist(1:10)), class = c("error", "condition"), regexp = "`t_data` must be vector, matrix or data frame.")`: `class` must be a single string or `NULL`, not a character vector.
Backtrace:
▆
1. └─testthat::expect_error(class = c("error", "condition")) at test_input_check.R:162:3
2. └─testthat:::check_string(class, allow_null = TRUE)
3. └─testthat:::stop_input_type(...)
4. └─rlang::abort(message, ..., call = call, arg = arg)
── Error ('test_input_check.R:249:3'): `coerce_double` checks input. ───────────
Error in `expect_error(t_coerce_double(t_x = letters[1:10]), class = c("error", "condition"), regexp = "`t_x` must be double or NULL.")`: `class` must be a single string or `NULL`, not a character vector.
Backtrace:
▆
1. └─testthat::expect_error(class = c("error", "condition")) at test_input_check.R:249:3
2. └─testthat:::check_string(class, allow_null = TRUE)
3. └─testthat:::stop_input_type(...)
4. └─rlang::abort(message, ..., call = call, arg = arg)
── Error ('test_input_check.R:273:3'): `coerce_integer` checks input. ──────────
Error in `expect_error(t_coerce_integer(t_x = letters[1:10]), class = c("error", "condition"), regexp = "`t_x` must be integer or NULL.")`: `class` must be a single string or `NULL`, not a character vector.
Backtrace:
▆
1. └─testthat::expect_error(class = c("error", "condition")) at test_input_check.R:273:3
2. └─testthat:::check_string(class, allow_null = TRUE)
3. └─testthat:::stop_input_type(...)
4. └─rlang::abort(message, ..., call = call, arg = arg)
── Error ('test_input_check.R:300:3'): `coerce_norm_matrix` checks input. ──────
Error in `expect_error(t_coerce_norm_matrix(t_mat = dist(1:4)), class = c("error", "condition"), regexp = "`t_mat` must be matrix, data.frame or vector.")`: `class` must be a single string or `NULL`, not a character vector.
Backtrace:
▆
1. └─testthat::expect_error(class = c("error", "condition")) at test_input_check.R:300:3
2. └─testthat:::check_string(class, allow_null = TRUE)
3. └─testthat:::stop_input_type(...)
4. └─rlang::abort(message, ..., call = call, arg = arg)
[ FAIL 8 | WARN 0 | SKIP 0 | PASS 419 ]
Error:
! Test failures.
Execution halted
Flavor: r-release-linux-x86_64
These binaries (installable software) and packages are in development.
They may not be fully stable and should be used with caution. We make no claims about them.
Health stats visible at Monitor.