Last updated on 2024-05-23 15:59:42 CEST.
Flavor | Version | Tinstall | Tcheck | Ttotal | Status | Flags |
---|---|---|---|---|---|---|
r-devel-linux-x86_64-debian-clang | 1.4 | 3.03 | 38.50 | 41.53 | NOTE | |
r-devel-linux-x86_64-debian-gcc | 1.4 | 2.75 | 29.42 | 32.17 | NOTE | |
r-devel-linux-x86_64-fedora-clang | 1.4 | 55.03 | NOTE | |||
r-devel-linux-x86_64-fedora-gcc | 1.4 | 61.87 | NOTE | |||
r-devel-windows-x86_64 | 1.4 | 3.00 | 59.00 | 62.00 | NOTE | |
r-patched-linux-x86_64 | 1.4 | 3.75 | 36.52 | 40.27 | NOTE | |
r-release-linux-x86_64 | 1.4 | 2.35 | 36.13 | 38.48 | NOTE | |
r-release-macos-arm64 | 1.4 | 24.00 | NOTE | |||
r-release-windows-x86_64 | 1.4 | 5.00 | 61.00 | 66.00 | NOTE | |
r-oldrel-macos-arm64 | 1.4 | 26.00 | OK | |||
r-oldrel-macos-x86_64 | 1.4 | 37.00 | OK | |||
r-oldrel-windows-x86_64 | 1.4 | 3.00 | 58.00 | 61.00 | OK |
Version: 1.4
Check: Rd files
Result: NOTE
checkRd: (-1) deming.Rd:71: Lost braces
71 | on whether the code{cv} option is TRUE or FALSE, respectively.
| ^
Flavors: r-devel-linux-x86_64-debian-clang, r-devel-linux-x86_64-debian-gcc, r-devel-linux-x86_64-fedora-clang, r-devel-linux-x86_64-fedora-gcc, r-devel-windows-x86_64, r-patched-linux-x86_64, r-release-linux-x86_64, r-release-macos-arm64, r-release-windows-x86_64
These binaries (installable software) and packages are in development.
They may not be fully stable and should be used with caution. We make no claims about them.
Health stats visible at Monitor.