Last updated on 2025-11-19 09:48:32 CET.
| Flavor | Version | Tinstall | Tcheck | Ttotal | Status | Flags |
|---|---|---|---|---|---|---|
| r-devel-linux-x86_64-debian-clang | 6.4.0 | 3.07 | 33.19 | 36.26 | OK | |
| r-devel-linux-x86_64-debian-gcc | 6.4.0 | 2.41 | 27.29 | 29.70 | OK | |
| r-devel-linux-x86_64-fedora-clang | 6.4.0 | 53.15 | OK | |||
| r-devel-linux-x86_64-fedora-gcc | 6.4.0 | 12.00 | 58.58 | 70.58 | OK | |
| r-devel-windows-x86_64 | 6.4.0 | 9.00 | 59.00 | 68.00 | NOTE | |
| r-patched-linux-x86_64 | 6.4.0 | 3.23 | 29.89 | 33.12 | OK | |
| r-release-linux-x86_64 | 6.4.0 | 2.71 | 29.60 | 32.31 | OK | |
| r-release-macos-arm64 | 6.4.0 | 3.00 | 27.00 | 30.00 | OK | |
| r-release-macos-x86_64 | 6.4.0 | 5.00 | 45.00 | 50.00 | OK | |
| r-release-windows-x86_64 | 6.4.0 | 7.00 | 60.00 | 67.00 | OK | |
| r-oldrel-macos-arm64 | 6.4.0 | 2.00 | 25.00 | 27.00 | OK | |
| r-oldrel-macos-x86_64 | 6.4.0 | 3.00 | 38.00 | 41.00 | OK | |
| r-oldrel-windows-x86_64 | 6.4.0 | 7.00 | 66.00 | 73.00 | OK |
Version: 6.4.0
Check: Rd files
Result: NOTE
checkRd: (-1) kww.Rd:14-25: Only 4 columns allowed in this table (row 2 has 1)
checkRd: (-1) kww.Rd:14-25: Only 4 columns allowed in this table (row 3 has 1)
checkRd: (-1) kww.Rd:14-25: Only 4 columns allowed in this table (row 5 has 1)
checkRd: (-1) kww.Rd:14-25: Only 4 columns allowed in this table (row 6 has 1)
checkRd: (-1) kww.Rd:14-25: Only 4 columns allowed in this table (row 8 has 1)
checkRd: (-1) kww.Rd:14-25: Only 4 columns allowed in this table (row 9 has 1)
checkRd: (-1) kww.Rd:14-25: Only 4 columns allowed in this table (row 11 has 1)
checkRd: (-1) kww.Rd:14-25: Only 4 columns allowed in this table (row 12 has 1)
checkRd: (-1) kww.Rd:14-25: Only 4 columns allowed in this table (row 14 has 1)
checkRd: (-1) kww.Rd:14-25: Only 4 columns allowed in this table (row 15 has 1)
checkRd: (-1) kww.Rd:14-25: Only 4 columns allowed in this table (row 17 has 1)
checkRd: (-1) kww.Rd:14-25: Only 4 columns allowed in this table (row 18 has 1)
checkRd: (-1) kww.Rd:14-25: Only 4 columns allowed in this table (row 20 has 1)
checkRd: (-1) kww.Rd:14-25: Only 4 columns allowed in this table (row 21 has 1)
checkRd: (-1) kww.Rd:14-25: Only 4 columns allowed in this table (row 23 has 1)
checkRd: (-1) kww.Rd:14-25: Only 4 columns allowed in this table (row 24 has 1)
checkRd: (-1) kww.Rd:14-25: Only 4 columns allowed in this table (row 26 has 1)
checkRd: (-1) kww.Rd:14-25: Only 4 columns allowed in this table (row 27 has 1)
checkRd: (-1) kww.Rd:14-25: Only 4 columns allowed in this table (row 29 has 1)
checkRd: (-1) wwz.Rd:16-45: Only 4 columns allowed in this table (row 2 has 1)
checkRd: (-1) wwz.Rd:16-45: Only 4 columns allowed in this table (row 3 has 1)
checkRd: (-1) wwz.Rd:16-45: Only 4 columns allowed in this table (row 5 has 1)
checkRd: (-1) wwz.Rd:16-45: Only 4 columns allowed in this table (row 6 has 1)
checkRd: (-1) wwz.Rd:16-45: Only 4 columns allowed in this table (row 8 has 1)
checkRd: (-1) wwz.Rd:16-45: Only 4 columns allowed in this table (row 9 has 1)
checkRd: (-1) wwz.Rd:16-45: Only 4 columns allowed in this table (row 11 has 1)
checkRd: (-1) wwz.Rd:16-45: Only 4 columns allowed in this table (row 12 has 1)
checkRd: (-1) wwz.Rd:16-45: Only 4 columns allowed in this table (row 14 has 1)
checkRd: (-1) wwz.Rd:16-45: Only 4 columns allowed in this table (row 15 has 1)
checkRd: (-1) wwz.Rd:16-45: Only 4 columns allowed in this table (row 17 has 1)
checkRd: (-1) wwz.Rd:16-45: Only 4 columns allowed in this table (row 18 has 1)
checkRd: (-1) wwz.Rd:16-45: Only 4 columns allowed in this table (row 20 has 1)
checkRd: (-1) wwz.Rd:16-45: Only 4 columns allowed in this table (row 21 has 1)
checkRd: (-1) wwz.Rd:16-45: Only 4 columns allowed in this table (row 23 has 1)
checkRd: (-1) wwz.Rd:16-45: Only 4 columns allowed in this table (row 24 has 1)
checkRd: (-1) wwz.Rd:16-45: Only 4 columns allowed in this table (row 26 has 1)
checkRd: (-1) wwz.Rd:16-45: Only 4 columns allowed in this table (row 27 has 1)
checkRd: (-1) wwz.Rd:16-45: Only 4 columns allowed in this table (row 29 has 1)
checkRd: (-1) wwz.Rd:16-45: Only 4 columns allowed in this table (row 30 has 1)
checkRd: (-1) wwz.Rd:16-45: Only 4 columns allowed in this table (row 32 has 1)
checkRd: (-1) wwz.Rd:16-45: Only 4 columns allowed in this table (row 33 has 1)
checkRd: (-1) wwz.Rd:16-45: Only 4 columns allowed in this table (row 35 has 1)
checkRd: (-1) wwz.Rd:16-45: Only 4 columns allowed in this table (row 36 has 1)
checkRd: (-1) wwz.Rd:16-45: Only 4 columns allowed in this table (row 38 has 1)
checkRd: (-1) wwz.Rd:16-45: Only 4 columns allowed in this table (row 39 has 1)
checkRd: (-1) wwz.Rd:16-45: Only 4 columns allowed in this table (row 41 has 1)
checkRd: (-1) wwz.Rd:16-45: Only 4 columns allowed in this table (row 42 has 1)
checkRd: (-1) wwz.Rd:16-45: Only 4 columns allowed in this table (row 44 has 1)
checkRd: (-1) wwz.Rd:16-45: Only 4 columns allowed in this table (row 45 has 1)
checkRd: (-1) wwz.Rd:16-45: Only 4 columns allowed in this table (row 47 has 1)
checkRd: (-1) wwz.Rd:16-45: Only 4 columns allowed in this table (row 48 has 1)
checkRd: (-1) wwz.Rd:16-45: Only 4 columns allowed in this table (row 50 has 1)
checkRd: (-1) wwz.Rd:16-45: Only 4 columns allowed in this table (row 51 has 1)
checkRd: (-1) wwz.Rd:16-45: Only 4 columns allowed in this table (row 52 has 1)
checkRd: (-1) wwz.Rd:16-45: Only 4 columns allowed in this table (row 53 has 1)
checkRd: (-1) wwz.Rd:16-45: Only 4 columns allowed in this table (row 54 has 1)
checkRd: (-1) wwz.Rd:16-45: Only 4 columns allowed in this table (row 55 has 1)
checkRd: (-1) wwz.Rd:16-45: Only 4 columns allowed in this table (row 57 has 1)
checkRd: (-1) wwz.Rd:16-45: Only 4 columns allowed in this table (row 58 has 1)
checkRd: (-1) wwz.Rd:16-45: Only 4 columns allowed in this table (row 60 has 1)
checkRd: (-1) wwz.Rd:16-45: Only 4 columns allowed in this table (row 61 has 1)
checkRd: (-1) wwz.Rd:16-45: Only 4 columns allowed in this table (row 63 has 1)
checkRd: (-1) wwz.Rd:16-45: Only 4 columns allowed in this table (row 64 has 1)
checkRd: (-1) wwz.Rd:16-45: Only 4 columns allowed in this table (row 66 has 1)
checkRd: (-1) wwz.Rd:16-45: Only 4 columns allowed in this table (row 67 has 1)
checkRd: (-1) wwz.Rd:16-45: Only 4 columns allowed in this table (row 69 has 1)
checkRd: (-1) wwz.Rd:16-45: Only 4 columns allowed in this table (row 70 has 1)
checkRd: (-1) wwz.Rd:16-45: Only 4 columns allowed in this table (row 72 has 1)
checkRd: (-1) wwz.Rd:16-45: Only 4 columns allowed in this table (row 73 has 1)
checkRd: (-1) wwz.Rd:16-45: Only 4 columns allowed in this table (row 75 has 1)
checkRd: (-1) wwz.Rd:16-45: Only 4 columns allowed in this table (row 76 has 1)
checkRd: (-1) wwz.Rd:16-45: Only 4 columns allowed in this table (row 78 has 1)
checkRd: (-1) wwz.Rd:16-45: Only 4 columns allowed in this table (row 79 has 1)
checkRd: (-1) wwz.Rd:16-45: Only 4 columns allowed in this table (row 81 has 1)
checkRd: (-1) wwz.Rd:16-45: Only 4 columns allowed in this table (row 82 has 1)
checkRd: (-1) wwz.Rd:16-45: Only 4 columns allowed in this table (row 84 has 1)
checkRd: (-1) wwz.Rd:16-45: Only 4 columns allowed in this table (row 85 has 1)
checkRd: (-1) wwz2kww.Rd:25-39: Only 7 columns allowed in this table (row 2 has 1)
checkRd: (-1) wwz2kww.Rd:25-39: Only 7 columns allowed in this table (row 3 has 1)
checkRd: (-1) wwz2kww.Rd:25-39: Only 7 columns allowed in this table (row 5 has 1)
checkRd: (-1) wwz2kww.Rd:25-39: Only 7 columns allowed in this table (row 6 has 1)
checkRd: (-1) wwz2kww.Rd:25-39: Only 7 columns allowed in this table (row 8 has 1)
checkRd: (-1) wwz2kww.Rd:25-39: Only 7 columns allowed in this table (row 9 has 1)
checkRd: (-1) wwz2kww.Rd:25-39: Only 7 columns allowed in this table (row 11 has 1)
checkRd: (-1) wwz2kww.Rd:25-39: Only 7 columns allowed in this table (row 12 has 1)
checkRd: (-1) wwz2kww.Rd:25-39: Only 7 columns allowed in this table (row 14 has 1)
checkRd: (-1) wwz2kww.Rd:25-39: Only 7 columns allowed in this table (row 15 has 1)
checkRd: (-1) wwz2kww.Rd:25-39: Only 7 columns allowed in this table (row 17 has 1)
checkRd: (-1) wwz2kww.Rd:25-39: Only 7 columns allowed in this table (row 18 has 1)
checkRd: (-1) wwz2kww.Rd:25-39: Only 7 columns allowed in this table (row 20 has 1)
checkRd: (-1) wwz2kww.Rd:25-39: Only 7 columns allowed in this table (row 21 has 1)
checkRd: (-1) wwz2kww.Rd:25-39: Only 7 columns allowed in this table (row 23 has 1)
checkRd: (-1) wwz2kww.Rd:25-39: Only 7 columns allowed in this table (row 24 has 1)
checkRd: (-1) wwz2kww.Rd:25-39: Only 7 columns allowed in this table (row 26 has 1)
checkRd: (-1) wwz2kww.Rd:25-39: Only 7 columns allowed in this table (row 27 has 1)
Flavor: r-devel-windows-x86_64
These binaries (installable software) and packages are in development.
They may not be fully stable and should be used with caution. We make no claims about them.
Health stats visible at Monitor.