Last updated on 2025-11-19 09:48:32 CET.
| Flavor | Version | Tinstall | Tcheck | Ttotal | Status | Flags |
|---|---|---|---|---|---|---|
| r-devel-linux-x86_64-debian-clang | 1.0.1 | 24.28 | 181.28 | 205.56 | ERROR | |
| r-devel-linux-x86_64-debian-gcc | 1.0.1 | 17.04 | 129.48 | 146.52 | ERROR | |
| r-devel-linux-x86_64-fedora-clang | 1.0.1 | 56.00 | 192.07 | 248.07 | ERROR | |
| r-devel-linux-x86_64-fedora-gcc | 1.0.1 | 121.00 | 157.43 | 278.43 | ERROR | |
| r-devel-windows-x86_64 | 1.0.1 | 35.00 | 112.00 | 147.00 | NOTE | |
| r-patched-linux-x86_64 | 1.0.1 | 27.32 | 155.81 | 183.13 | NOTE | |
| r-release-linux-x86_64 | 1.0.1 | 25.07 | 162.69 | 187.76 | ERROR | |
| r-release-macos-arm64 | 1.0.1 | 11.00 | 45.00 | 56.00 | NOTE | |
| r-release-macos-x86_64 | 1.0.1 | 15.00 | 72.00 | 87.00 | NOTE | |
| r-release-windows-x86_64 | 1.0.1 | 32.00 | 115.00 | 147.00 | NOTE | |
| r-oldrel-macos-arm64 | 1.0.1 | 11.00 | 44.00 | 55.00 | NOTE | |
| r-oldrel-macos-x86_64 | 1.0.1 | 15.00 | 63.00 | 78.00 | NOTE | |
| r-oldrel-windows-x86_64 | 1.0.1 | 41.00 | 142.00 | 183.00 | NOTE |
Version: 1.0.1
Check: whether package can be installed
Result: WARN
Found the following significant warnings:
/home/hornik/tmp/R.check/r-devel-clang/Work/build/Packages/RcppArmadillo/include/RcppArmadillo/version/arma.h:66:17: warning: Using fallback compilation with Armadillo 14.6.3. Please consider defining -DARMA_USE_CURRENT and also removing C++11 compilation directive. See GitHub issue #475 for more. [-W#pragma-messages]
See ‘/home/hornik/tmp/R.check/r-devel-clang/Work/PKGS/covdepGE.Rcheck/00install.out’ for details.
* used C++ compiler: ‘Debian clang version 21.1.5 (1)’
Flavor: r-devel-linux-x86_64-debian-clang
Version: 1.0.1
Check: C++ specification
Result: NOTE
Specified C++11: please drop specification unless essential
Flavors: r-devel-linux-x86_64-debian-clang, r-devel-linux-x86_64-debian-gcc, r-devel-linux-x86_64-fedora-clang, r-devel-linux-x86_64-fedora-gcc, r-devel-windows-x86_64, r-patched-linux-x86_64, r-release-linux-x86_64, r-release-macos-arm64, r-release-macos-x86_64, r-release-windows-x86_64, r-oldrel-macos-arm64, r-oldrel-macos-x86_64, r-oldrel-windows-x86_64
Version: 1.0.1
Check: tests
Result: ERROR
Running ‘testthat.R’ [148s/92s]
Running the tests in ‘tests/testthat.R’ failed.
Complete output:
> # This file is part of the standard setup for testthat.
> # It is recommended that you do not modify it.
> #
> # Where should you do additional test configuration?
> # Learn more about the roles of various files in:
> # * https://r-pkgs.org/tests.html
> # * https://testthat.r-lib.org/reference/test_package.html#special-files
>
> library(testthat)
> library(covdepGE)
>
> test_check("covdepGE")
Saving _problems/test-covdepGE-347.R
Saving _problems/test-covdepGE-352.R
Saving _problems/test-covdepGE-357.R
Saving _problems/test-covdepGE-362.R
Saving _problems/test-covdepGE-367.R
Saving _problems/test-covdepGE-372.R
Saving _problems/test-covdepGE-377.R
Saving _problems/test-covdepGE-382.R
Saving _problems/test-covdepGE-387.R
Saving _problems/test-covdepGE-392.R
Saving _problems/test-covdepGE-421.R
Saving _problems/test-covdepGE-426.R
Saving _problems/test-covdepGE-428.R
Saving _problems/test-covdepGE-433.R
Saving _problems/test-covdepGE-435.R
Saving _problems/test-covdepGE-440.R
Saving _problems/test-covdepGE-442.R
Saving _problems/test-covdepGE-451.R
Saving _problems/test-covdepGE-457.R
Saving _problems/test-covdepGE-463.R
Saving _problems/test-covdepGE-469.R
Saving _problems/test-covdepGE-475.R
Saving _problems/test-covdepGE-481.R
Saving _problems/test-covdepGE-507.R
Saving _problems/test-covdepGE-512.R
[ FAIL 25 | WARN 13 | SKIP 31 | PASS 57 ]
══ Skipped tests (31) ══════════════════════════════════════════════════════════
• On CRAN (31): 'test-covdepGE.R:7:3', 'test-covdepGE.R:174:3',
'test-covdepGE.R:181:3', 'test-covdepGE.R:336:1', 'test-covdepGE.R:341:1',
'test-covdepGE.R:345:1', 'test-covdepGE.R:350:1', 'test-covdepGE.R:355:1',
'test-covdepGE.R:360:1', 'test-covdepGE.R:365:1', 'test-covdepGE.R:370:1',
'test-covdepGE.R:375:1', 'test-covdepGE.R:380:1', 'test-covdepGE.R:385:1',
'test-covdepGE.R:390:1', 'test-covdepGE.R:408:1', 'test-covdepGE.R:414:1',
'test-covdepGE.R:419:1', 'test-covdepGE.R:424:1', 'test-covdepGE.R:431:1',
'test-covdepGE.R:438:1', 'test-covdepGE.R:445:1', 'test-covdepGE.R:454:1',
'test-covdepGE.R:460:1', 'test-covdepGE.R:466:1', 'test-covdepGE.R:472:1',
'test-covdepGE.R:478:1', 'test-covdepGE.R:489:1', 'test-covdepGE.R:497:1',
'test-covdepGE.R:505:1', 'test-covdepGE.R:510:1'
══ Failed tests ════════════════════════════════════════════════════════════════
── Failure ('test-covdepGE.R:346:3'): Different vertices give different plots ──
Expected exactly one failure and no successes.
Actually failed 0 times
── Failure ('test-covdepGE.R:351:3'): Different vertices give different plots ──
Expected exactly one failure and no successes.
Actually failed 0 times
── Failure ('test-covdepGE.R:356:3'): Different line types ─────────────────────
Expected exactly one failure and no successes.
Actually failed 0 times
── Failure ('test-covdepGE.R:361:3'): Different line size ──────────────────────
Expected exactly one failure and no successes.
Actually failed 0 times
── Failure ('test-covdepGE.R:366:3'): Different line color ─────────────────────
Expected exactly one failure and no successes.
Actually failed 0 times
── Failure ('test-covdepGE.R:371:3'): Different line color ─────────────────────
Expected exactly one failure and no successes.
Actually failed 0 times
── Failure ('test-covdepGE.R:376:3'): Different point shape ────────────────────
Expected exactly one failure and no successes.
Actually failed 0 times
── Failure ('test-covdepGE.R:381:3'): Different point size ─────────────────────
Expected exactly one failure and no successes.
Actually failed 0 times
── Failure ('test-covdepGE.R:386:3'): Different point color ────────────────────
Expected exactly one failure and no successes.
Actually failed 0 times
── Failure ('test-covdepGE.R:391:3'): Different point fill ─────────────────────
Expected exactly one failure and no successes.
Actually failed 0 times
── Failure ('test-covdepGE.R:420:3'): Row and column names are added back ──────
Expected exactly one failure and no successes.
Actually failed 0 times
── Failure ('test-covdepGE.R:425:3'): Different color 1 ────────────────────────
Expected exactly one failure and no successes.
Actually failed 0 times
── Failure ('test-covdepGE.R:427:3'): Different color 1 ────────────────────────
Expected exactly one failure and no successes.
Actually failed 0 times
── Failure ('test-covdepGE.R:432:3'): Different color 2 ────────────────────────
Expected exactly one failure and no successes.
Actually failed 0 times
── Failure ('test-covdepGE.R:434:3'): Different color 2 ────────────────────────
Expected exactly one failure and no successes.
Actually failed 0 times
── Failure ('test-covdepGE.R:439:3'): Different grid color ─────────────────────
Expected exactly one failure and no successes.
Actually failed 0 times
── Failure ('test-covdepGE.R:441:3'): Different grid color ─────────────────────
Expected exactly one failure and no successes.
Actually failed 0 times
── Failure ('test-covdepGE.R:450:3'): Include cell values ──────────────────────
Expected exactly one failure and no successes.
Actually failed 0 times
── Failure ('test-covdepGE.R:455:3'): Precision ────────────────────────────────
Expected exactly one failure and no successes.
Actually failed 0 times
── Failure ('test-covdepGE.R:461:3'): Font size ────────────────────────────────
Expected exactly one failure and no successes.
Actually failed 0 times
── Failure ('test-covdepGE.R:467:3'): Font color 1 ─────────────────────────────
Expected exactly one failure and no successes.
Actually failed 0 times
── Failure ('test-covdepGE.R:473:3'): Font color 2 ─────────────────────────────
Expected exactly one failure and no successes.
Actually failed 0 times
── Failure ('test-covdepGE.R:479:3'): Font threshold ───────────────────────────
Expected exactly one failure and no successes.
Actually failed 0 times
── Failure ('test-covdepGE.R:506:3'): Different graph_colors ───────────────────
Expected exactly one failure and no successes.
Actually failed 0 times
── Failure ('test-covdepGE.R:511:3'): No title summary ─────────────────────────
Expected exactly one failure and no successes.
Actually failed 0 times
[ FAIL 25 | WARN 13 | SKIP 31 | PASS 57 ]
Error:
! Test failures.
Execution halted
Flavor: r-devel-linux-x86_64-debian-clang
Version: 1.0.1
Check: whether package can be installed
Result: WARN
Found the following significant warnings:
/home/hornik/tmp/R.check/r-devel-gcc/Work/build/Packages/RcppArmadillo/include/RcppArmadillo/version/arma.h:66:199: note: ‘#pragma message: Using fallback compilation with Armadillo 14.6.3. Please consider defining -DARMA_USE_CURRENT and also removing C++11 compilation directive. See GitHub issue #475 for more.’
See ‘/home/hornik/tmp/R.check/r-devel-gcc/Work/PKGS/covdepGE.Rcheck/00install.out’ for details.
* used C++ compiler: ‘g++-15 (Debian 15.2.0-7) 15.2.0’
Flavor: r-devel-linux-x86_64-debian-gcc
Version: 1.0.1
Check: tests
Result: ERROR
Running ‘testthat.R’ [103s/71s]
Running the tests in ‘tests/testthat.R’ failed.
Complete output:
> # This file is part of the standard setup for testthat.
> # It is recommended that you do not modify it.
> #
> # Where should you do additional test configuration?
> # Learn more about the roles of various files in:
> # * https://r-pkgs.org/tests.html
> # * https://testthat.r-lib.org/reference/test_package.html#special-files
>
> library(testthat)
> library(covdepGE)
>
> test_check("covdepGE")
Saving _problems/test-covdepGE-347.R
Saving _problems/test-covdepGE-352.R
Saving _problems/test-covdepGE-357.R
Saving _problems/test-covdepGE-362.R
Saving _problems/test-covdepGE-367.R
Saving _problems/test-covdepGE-372.R
Saving _problems/test-covdepGE-377.R
Saving _problems/test-covdepGE-382.R
Saving _problems/test-covdepGE-387.R
Saving _problems/test-covdepGE-392.R
Saving _problems/test-covdepGE-421.R
Saving _problems/test-covdepGE-426.R
Saving _problems/test-covdepGE-428.R
Saving _problems/test-covdepGE-433.R
Saving _problems/test-covdepGE-435.R
Saving _problems/test-covdepGE-440.R
Saving _problems/test-covdepGE-442.R
Saving _problems/test-covdepGE-451.R
Saving _problems/test-covdepGE-457.R
Saving _problems/test-covdepGE-463.R
Saving _problems/test-covdepGE-469.R
Saving _problems/test-covdepGE-475.R
Saving _problems/test-covdepGE-481.R
Saving _problems/test-covdepGE-507.R
Saving _problems/test-covdepGE-512.R
[ FAIL 25 | WARN 13 | SKIP 31 | PASS 57 ]
══ Skipped tests (31) ══════════════════════════════════════════════════════════
• On CRAN (31): 'test-covdepGE.R:7:3', 'test-covdepGE.R:174:3',
'test-covdepGE.R:181:3', 'test-covdepGE.R:336:1', 'test-covdepGE.R:341:1',
'test-covdepGE.R:345:1', 'test-covdepGE.R:350:1', 'test-covdepGE.R:355:1',
'test-covdepGE.R:360:1', 'test-covdepGE.R:365:1', 'test-covdepGE.R:370:1',
'test-covdepGE.R:375:1', 'test-covdepGE.R:380:1', 'test-covdepGE.R:385:1',
'test-covdepGE.R:390:1', 'test-covdepGE.R:408:1', 'test-covdepGE.R:414:1',
'test-covdepGE.R:419:1', 'test-covdepGE.R:424:1', 'test-covdepGE.R:431:1',
'test-covdepGE.R:438:1', 'test-covdepGE.R:445:1', 'test-covdepGE.R:454:1',
'test-covdepGE.R:460:1', 'test-covdepGE.R:466:1', 'test-covdepGE.R:472:1',
'test-covdepGE.R:478:1', 'test-covdepGE.R:489:1', 'test-covdepGE.R:497:1',
'test-covdepGE.R:505:1', 'test-covdepGE.R:510:1'
══ Failed tests ════════════════════════════════════════════════════════════════
── Failure ('test-covdepGE.R:346:3'): Different vertices give different plots ──
Expected exactly one failure and no successes.
Actually failed 0 times
── Failure ('test-covdepGE.R:351:3'): Different vertices give different plots ──
Expected exactly one failure and no successes.
Actually failed 0 times
── Failure ('test-covdepGE.R:356:3'): Different line types ─────────────────────
Expected exactly one failure and no successes.
Actually failed 0 times
── Failure ('test-covdepGE.R:361:3'): Different line size ──────────────────────
Expected exactly one failure and no successes.
Actually failed 0 times
── Failure ('test-covdepGE.R:366:3'): Different line color ─────────────────────
Expected exactly one failure and no successes.
Actually failed 0 times
── Failure ('test-covdepGE.R:371:3'): Different line color ─────────────────────
Expected exactly one failure and no successes.
Actually failed 0 times
── Failure ('test-covdepGE.R:376:3'): Different point shape ────────────────────
Expected exactly one failure and no successes.
Actually failed 0 times
── Failure ('test-covdepGE.R:381:3'): Different point size ─────────────────────
Expected exactly one failure and no successes.
Actually failed 0 times
── Failure ('test-covdepGE.R:386:3'): Different point color ────────────────────
Expected exactly one failure and no successes.
Actually failed 0 times
── Failure ('test-covdepGE.R:391:3'): Different point fill ─────────────────────
Expected exactly one failure and no successes.
Actually failed 0 times
── Failure ('test-covdepGE.R:420:3'): Row and column names are added back ──────
Expected exactly one failure and no successes.
Actually failed 0 times
── Failure ('test-covdepGE.R:425:3'): Different color 1 ────────────────────────
Expected exactly one failure and no successes.
Actually failed 0 times
── Failure ('test-covdepGE.R:427:3'): Different color 1 ────────────────────────
Expected exactly one failure and no successes.
Actually failed 0 times
── Failure ('test-covdepGE.R:432:3'): Different color 2 ────────────────────────
Expected exactly one failure and no successes.
Actually failed 0 times
── Failure ('test-covdepGE.R:434:3'): Different color 2 ────────────────────────
Expected exactly one failure and no successes.
Actually failed 0 times
── Failure ('test-covdepGE.R:439:3'): Different grid color ─────────────────────
Expected exactly one failure and no successes.
Actually failed 0 times
── Failure ('test-covdepGE.R:441:3'): Different grid color ─────────────────────
Expected exactly one failure and no successes.
Actually failed 0 times
── Failure ('test-covdepGE.R:450:3'): Include cell values ──────────────────────
Expected exactly one failure and no successes.
Actually failed 0 times
── Failure ('test-covdepGE.R:455:3'): Precision ────────────────────────────────
Expected exactly one failure and no successes.
Actually failed 0 times
── Failure ('test-covdepGE.R:461:3'): Font size ────────────────────────────────
Expected exactly one failure and no successes.
Actually failed 0 times
── Failure ('test-covdepGE.R:467:3'): Font color 1 ─────────────────────────────
Expected exactly one failure and no successes.
Actually failed 0 times
── Failure ('test-covdepGE.R:473:3'): Font color 2 ─────────────────────────────
Expected exactly one failure and no successes.
Actually failed 0 times
── Failure ('test-covdepGE.R:479:3'): Font threshold ───────────────────────────
Expected exactly one failure and no successes.
Actually failed 0 times
── Failure ('test-covdepGE.R:506:3'): Different graph_colors ───────────────────
Expected exactly one failure and no successes.
Actually failed 0 times
── Failure ('test-covdepGE.R:511:3'): No title summary ─────────────────────────
Expected exactly one failure and no successes.
Actually failed 0 times
[ FAIL 25 | WARN 13 | SKIP 31 | PASS 57 ]
Error:
! Test failures.
Execution halted
Flavor: r-devel-linux-x86_64-debian-gcc
Version: 1.0.1
Check: tests
Result: ERROR
Running ‘testthat.R’ [151s/126s]
Running the tests in ‘tests/testthat.R’ failed.
Complete output:
> # This file is part of the standard setup for testthat.
> # It is recommended that you do not modify it.
> #
> # Where should you do additional test configuration?
> # Learn more about the roles of various files in:
> # * https://r-pkgs.org/tests.html
> # * https://testthat.r-lib.org/reference/test_package.html#special-files
>
> library(testthat)
> library(covdepGE)
>
> test_check("covdepGE")
OMP: Warning #96: Cannot form a team with 8 threads, using 2 instead.
OMP: Hint Consider unsetting KMP_DEVICE_THREAD_LIMIT (KMP_ALL_THREADS), KMP_TEAMS_THREAD_LIMIT, and OMP_THREAD_LIMIT (if any are set).
Saving _problems/test-covdepGE-347.R
Saving _problems/test-covdepGE-352.R
Saving _problems/test-covdepGE-357.R
Saving _problems/test-covdepGE-362.R
Saving _problems/test-covdepGE-367.R
Saving _problems/test-covdepGE-372.R
Saving _problems/test-covdepGE-377.R
Saving _problems/test-covdepGE-382.R
Saving _problems/test-covdepGE-387.R
Saving _problems/test-covdepGE-392.R
Saving _problems/test-covdepGE-421.R
Saving _problems/test-covdepGE-426.R
Saving _problems/test-covdepGE-428.R
Saving _problems/test-covdepGE-433.R
Saving _problems/test-covdepGE-435.R
Saving _problems/test-covdepGE-440.R
Saving _problems/test-covdepGE-442.R
Saving _problems/test-covdepGE-451.R
Saving _problems/test-covdepGE-457.R
Saving _problems/test-covdepGE-463.R
Saving _problems/test-covdepGE-469.R
Saving _problems/test-covdepGE-475.R
Saving _problems/test-covdepGE-481.R
Saving _problems/test-covdepGE-507.R
Saving _problems/test-covdepGE-512.R
[ FAIL 25 | WARN 13 | SKIP 31 | PASS 57 ]
══ Skipped tests (31) ══════════════════════════════════════════════════════════
• On CRAN (31): 'test-covdepGE.R:7:3', 'test-covdepGE.R:174:3',
'test-covdepGE.R:181:3', 'test-covdepGE.R:336:1', 'test-covdepGE.R:341:1',
'test-covdepGE.R:345:1', 'test-covdepGE.R:350:1', 'test-covdepGE.R:355:1',
'test-covdepGE.R:360:1', 'test-covdepGE.R:365:1', 'test-covdepGE.R:370:1',
'test-covdepGE.R:375:1', 'test-covdepGE.R:380:1', 'test-covdepGE.R:385:1',
'test-covdepGE.R:390:1', 'test-covdepGE.R:408:1', 'test-covdepGE.R:414:1',
'test-covdepGE.R:419:1', 'test-covdepGE.R:424:1', 'test-covdepGE.R:431:1',
'test-covdepGE.R:438:1', 'test-covdepGE.R:445:1', 'test-covdepGE.R:454:1',
'test-covdepGE.R:460:1', 'test-covdepGE.R:466:1', 'test-covdepGE.R:472:1',
'test-covdepGE.R:478:1', 'test-covdepGE.R:489:1', 'test-covdepGE.R:497:1',
'test-covdepGE.R:505:1', 'test-covdepGE.R:510:1'
══ Failed tests ════════════════════════════════════════════════════════════════
── Failure ('test-covdepGE.R:346:3'): Different vertices give different plots ──
Expected exactly one failure and no successes.
Actually failed 0 times
── Failure ('test-covdepGE.R:351:3'): Different vertices give different plots ──
Expected exactly one failure and no successes.
Actually failed 0 times
── Failure ('test-covdepGE.R:356:3'): Different line types ─────────────────────
Expected exactly one failure and no successes.
Actually failed 0 times
── Failure ('test-covdepGE.R:361:3'): Different line size ──────────────────────
Expected exactly one failure and no successes.
Actually failed 0 times
── Failure ('test-covdepGE.R:366:3'): Different line color ─────────────────────
Expected exactly one failure and no successes.
Actually failed 0 times
── Failure ('test-covdepGE.R:371:3'): Different line color ─────────────────────
Expected exactly one failure and no successes.
Actually failed 0 times
── Failure ('test-covdepGE.R:376:3'): Different point shape ────────────────────
Expected exactly one failure and no successes.
Actually failed 0 times
── Failure ('test-covdepGE.R:381:3'): Different point size ─────────────────────
Expected exactly one failure and no successes.
Actually failed 0 times
── Failure ('test-covdepGE.R:386:3'): Different point color ────────────────────
Expected exactly one failure and no successes.
Actually failed 0 times
── Failure ('test-covdepGE.R:391:3'): Different point fill ─────────────────────
Expected exactly one failure and no successes.
Actually failed 0 times
── Failure ('test-covdepGE.R:420:3'): Row and column names are added back ──────
Expected exactly one failure and no successes.
Actually failed 0 times
── Failure ('test-covdepGE.R:425:3'): Different color 1 ────────────────────────
Expected exactly one failure and no successes.
Actually failed 0 times
── Failure ('test-covdepGE.R:427:3'): Different color 1 ────────────────────────
Expected exactly one failure and no successes.
Actually failed 0 times
── Failure ('test-covdepGE.R:432:3'): Different color 2 ────────────────────────
Expected exactly one failure and no successes.
Actually failed 0 times
── Failure ('test-covdepGE.R:434:3'): Different color 2 ────────────────────────
Expected exactly one failure and no successes.
Actually failed 0 times
── Failure ('test-covdepGE.R:439:3'): Different grid color ─────────────────────
Expected exactly one failure and no successes.
Actually failed 0 times
── Failure ('test-covdepGE.R:441:3'): Different grid color ─────────────────────
Expected exactly one failure and no successes.
Actually failed 0 times
── Failure ('test-covdepGE.R:450:3'): Include cell values ──────────────────────
Expected exactly one failure and no successes.
Actually failed 0 times
── Failure ('test-covdepGE.R:455:3'): Precision ────────────────────────────────
Expected exactly one failure and no successes.
Actually failed 0 times
── Failure ('test-covdepGE.R:461:3'): Font size ────────────────────────────────
Expected exactly one failure and no successes.
Actually failed 0 times
── Failure ('test-covdepGE.R:467:3'): Font color 1 ─────────────────────────────
Expected exactly one failure and no successes.
Actually failed 0 times
── Failure ('test-covdepGE.R:473:3'): Font color 2 ─────────────────────────────
Expected exactly one failure and no successes.
Actually failed 0 times
── Failure ('test-covdepGE.R:479:3'): Font threshold ───────────────────────────
Expected exactly one failure and no successes.
Actually failed 0 times
── Failure ('test-covdepGE.R:506:3'): Different graph_colors ───────────────────
Expected exactly one failure and no successes.
Actually failed 0 times
── Failure ('test-covdepGE.R:511:3'): No title summary ─────────────────────────
Expected exactly one failure and no successes.
Actually failed 0 times
[ FAIL 25 | WARN 13 | SKIP 31 | PASS 57 ]
Error:
! Test failures.
Execution halted
Flavor: r-devel-linux-x86_64-fedora-clang
Version: 1.0.1
Check: tests
Result: ERROR
Running ‘testthat.R’ [176s/322s]
Running the tests in ‘tests/testthat.R’ failed.
Complete output:
> # This file is part of the standard setup for testthat.
> # It is recommended that you do not modify it.
> #
> # Where should you do additional test configuration?
> # Learn more about the roles of various files in:
> # * https://r-pkgs.org/tests.html
> # * https://testthat.r-lib.org/reference/test_package.html#special-files
>
> library(testthat)
> library(covdepGE)
>
> test_check("covdepGE")
Saving _problems/test-covdepGE-347.R
Saving _problems/test-covdepGE-352.R
Saving _problems/test-covdepGE-357.R
Saving _problems/test-covdepGE-362.R
Saving _problems/test-covdepGE-367.R
Saving _problems/test-covdepGE-372.R
Saving _problems/test-covdepGE-377.R
Saving _problems/test-covdepGE-382.R
Saving _problems/test-covdepGE-387.R
Saving _problems/test-covdepGE-392.R
Saving _problems/test-covdepGE-421.R
Saving _problems/test-covdepGE-426.R
Saving _problems/test-covdepGE-428.R
Saving _problems/test-covdepGE-433.R
Saving _problems/test-covdepGE-435.R
Saving _problems/test-covdepGE-440.R
Saving _problems/test-covdepGE-442.R
Saving _problems/test-covdepGE-451.R
Saving _problems/test-covdepGE-457.R
Saving _problems/test-covdepGE-463.R
Saving _problems/test-covdepGE-469.R
Saving _problems/test-covdepGE-475.R
Saving _problems/test-covdepGE-481.R
Saving _problems/test-covdepGE-507.R
Saving _problems/test-covdepGE-512.R
[ FAIL 25 | WARN 13 | SKIP 31 | PASS 57 ]
══ Skipped tests (31) ══════════════════════════════════════════════════════════
• On CRAN (31): 'test-covdepGE.R:7:3', 'test-covdepGE.R:174:3',
'test-covdepGE.R:181:3', 'test-covdepGE.R:336:1', 'test-covdepGE.R:341:1',
'test-covdepGE.R:345:1', 'test-covdepGE.R:350:1', 'test-covdepGE.R:355:1',
'test-covdepGE.R:360:1', 'test-covdepGE.R:365:1', 'test-covdepGE.R:370:1',
'test-covdepGE.R:375:1', 'test-covdepGE.R:380:1', 'test-covdepGE.R:385:1',
'test-covdepGE.R:390:1', 'test-covdepGE.R:408:1', 'test-covdepGE.R:414:1',
'test-covdepGE.R:419:1', 'test-covdepGE.R:424:1', 'test-covdepGE.R:431:1',
'test-covdepGE.R:438:1', 'test-covdepGE.R:445:1', 'test-covdepGE.R:454:1',
'test-covdepGE.R:460:1', 'test-covdepGE.R:466:1', 'test-covdepGE.R:472:1',
'test-covdepGE.R:478:1', 'test-covdepGE.R:489:1', 'test-covdepGE.R:497:1',
'test-covdepGE.R:505:1', 'test-covdepGE.R:510:1'
══ Failed tests ════════════════════════════════════════════════════════════════
── Failure ('test-covdepGE.R:346:3'): Different vertices give different plots ──
Expected exactly one failure and no successes.
Actually failed 0 times
── Failure ('test-covdepGE.R:351:3'): Different vertices give different plots ──
Expected exactly one failure and no successes.
Actually failed 0 times
── Failure ('test-covdepGE.R:356:3'): Different line types ─────────────────────
Expected exactly one failure and no successes.
Actually failed 0 times
── Failure ('test-covdepGE.R:361:3'): Different line size ──────────────────────
Expected exactly one failure and no successes.
Actually failed 0 times
── Failure ('test-covdepGE.R:366:3'): Different line color ─────────────────────
Expected exactly one failure and no successes.
Actually failed 0 times
── Failure ('test-covdepGE.R:371:3'): Different line color ─────────────────────
Expected exactly one failure and no successes.
Actually failed 0 times
── Failure ('test-covdepGE.R:376:3'): Different point shape ────────────────────
Expected exactly one failure and no successes.
Actually failed 0 times
── Failure ('test-covdepGE.R:381:3'): Different point size ─────────────────────
Expected exactly one failure and no successes.
Actually failed 0 times
── Failure ('test-covdepGE.R:386:3'): Different point color ────────────────────
Expected exactly one failure and no successes.
Actually failed 0 times
── Failure ('test-covdepGE.R:391:3'): Different point fill ─────────────────────
Expected exactly one failure and no successes.
Actually failed 0 times
── Failure ('test-covdepGE.R:420:3'): Row and column names are added back ──────
Expected exactly one failure and no successes.
Actually failed 0 times
── Failure ('test-covdepGE.R:425:3'): Different color 1 ────────────────────────
Expected exactly one failure and no successes.
Actually failed 0 times
── Failure ('test-covdepGE.R:427:3'): Different color 1 ────────────────────────
Expected exactly one failure and no successes.
Actually failed 0 times
── Failure ('test-covdepGE.R:432:3'): Different color 2 ────────────────────────
Expected exactly one failure and no successes.
Actually failed 0 times
── Failure ('test-covdepGE.R:434:3'): Different color 2 ────────────────────────
Expected exactly one failure and no successes.
Actually failed 0 times
── Failure ('test-covdepGE.R:439:3'): Different grid color ─────────────────────
Expected exactly one failure and no successes.
Actually failed 0 times
── Failure ('test-covdepGE.R:441:3'): Different grid color ─────────────────────
Expected exactly one failure and no successes.
Actually failed 0 times
── Failure ('test-covdepGE.R:450:3'): Include cell values ──────────────────────
Expected exactly one failure and no successes.
Actually failed 0 times
── Failure ('test-covdepGE.R:455:3'): Precision ────────────────────────────────
Expected exactly one failure and no successes.
Actually failed 0 times
── Failure ('test-covdepGE.R:461:3'): Font size ────────────────────────────────
Expected exactly one failure and no successes.
Actually failed 0 times
── Failure ('test-covdepGE.R:467:3'): Font color 1 ─────────────────────────────
Expected exactly one failure and no successes.
Actually failed 0 times
── Failure ('test-covdepGE.R:473:3'): Font color 2 ─────────────────────────────
Expected exactly one failure and no successes.
Actually failed 0 times
── Failure ('test-covdepGE.R:479:3'): Font threshold ───────────────────────────
Expected exactly one failure and no successes.
Actually failed 0 times
── Failure ('test-covdepGE.R:506:3'): Different graph_colors ───────────────────
Expected exactly one failure and no successes.
Actually failed 0 times
── Failure ('test-covdepGE.R:511:3'): No title summary ─────────────────────────
Expected exactly one failure and no successes.
Actually failed 0 times
[ FAIL 25 | WARN 13 | SKIP 31 | PASS 57 ]
Error:
! Test failures.
Execution halted
Flavor: r-devel-linux-x86_64-fedora-gcc
Version: 1.0.1
Check: tests
Result: ERROR
Running ‘testthat.R’ [133s/137s]
Running the tests in ‘tests/testthat.R’ failed.
Complete output:
> # This file is part of the standard setup for testthat.
> # It is recommended that you do not modify it.
> #
> # Where should you do additional test configuration?
> # Learn more about the roles of various files in:
> # * https://r-pkgs.org/tests.html
> # * https://testthat.r-lib.org/reference/test_package.html#special-files
>
> library(testthat)
> library(covdepGE)
>
> test_check("covdepGE")
Saving _problems/test-covdepGE-347.R
Saving _problems/test-covdepGE-352.R
Saving _problems/test-covdepGE-357.R
Saving _problems/test-covdepGE-362.R
Saving _problems/test-covdepGE-367.R
Saving _problems/test-covdepGE-372.R
Saving _problems/test-covdepGE-377.R
Saving _problems/test-covdepGE-382.R
Saving _problems/test-covdepGE-387.R
Saving _problems/test-covdepGE-392.R
Saving _problems/test-covdepGE-421.R
Saving _problems/test-covdepGE-426.R
Saving _problems/test-covdepGE-428.R
Saving _problems/test-covdepGE-433.R
Saving _problems/test-covdepGE-435.R
Saving _problems/test-covdepGE-440.R
Saving _problems/test-covdepGE-442.R
Saving _problems/test-covdepGE-451.R
Saving _problems/test-covdepGE-457.R
Saving _problems/test-covdepGE-463.R
Saving _problems/test-covdepGE-469.R
Saving _problems/test-covdepGE-475.R
Saving _problems/test-covdepGE-481.R
Saving _problems/test-covdepGE-507.R
Saving _problems/test-covdepGE-512.R
[ FAIL 25 | WARN 13 | SKIP 31 | PASS 57 ]
══ Skipped tests (31) ══════════════════════════════════════════════════════════
• On CRAN (31): 'test-covdepGE.R:7:3', 'test-covdepGE.R:174:3',
'test-covdepGE.R:181:3', 'test-covdepGE.R:336:1', 'test-covdepGE.R:341:1',
'test-covdepGE.R:345:1', 'test-covdepGE.R:350:1', 'test-covdepGE.R:355:1',
'test-covdepGE.R:360:1', 'test-covdepGE.R:365:1', 'test-covdepGE.R:370:1',
'test-covdepGE.R:375:1', 'test-covdepGE.R:380:1', 'test-covdepGE.R:385:1',
'test-covdepGE.R:390:1', 'test-covdepGE.R:408:1', 'test-covdepGE.R:414:1',
'test-covdepGE.R:419:1', 'test-covdepGE.R:424:1', 'test-covdepGE.R:431:1',
'test-covdepGE.R:438:1', 'test-covdepGE.R:445:1', 'test-covdepGE.R:454:1',
'test-covdepGE.R:460:1', 'test-covdepGE.R:466:1', 'test-covdepGE.R:472:1',
'test-covdepGE.R:478:1', 'test-covdepGE.R:489:1', 'test-covdepGE.R:497:1',
'test-covdepGE.R:505:1', 'test-covdepGE.R:510:1'
══ Failed tests ════════════════════════════════════════════════════════════════
── Failure ('test-covdepGE.R:346:3'): Different vertices give different plots ──
Expected exactly one failure and no successes.
Actually failed 0 times
── Failure ('test-covdepGE.R:351:3'): Different vertices give different plots ──
Expected exactly one failure and no successes.
Actually failed 0 times
── Failure ('test-covdepGE.R:356:3'): Different line types ─────────────────────
Expected exactly one failure and no successes.
Actually failed 0 times
── Failure ('test-covdepGE.R:361:3'): Different line size ──────────────────────
Expected exactly one failure and no successes.
Actually failed 0 times
── Failure ('test-covdepGE.R:366:3'): Different line color ─────────────────────
Expected exactly one failure and no successes.
Actually failed 0 times
── Failure ('test-covdepGE.R:371:3'): Different line color ─────────────────────
Expected exactly one failure and no successes.
Actually failed 0 times
── Failure ('test-covdepGE.R:376:3'): Different point shape ────────────────────
Expected exactly one failure and no successes.
Actually failed 0 times
── Failure ('test-covdepGE.R:381:3'): Different point size ─────────────────────
Expected exactly one failure and no successes.
Actually failed 0 times
── Failure ('test-covdepGE.R:386:3'): Different point color ────────────────────
Expected exactly one failure and no successes.
Actually failed 0 times
── Failure ('test-covdepGE.R:391:3'): Different point fill ─────────────────────
Expected exactly one failure and no successes.
Actually failed 0 times
── Failure ('test-covdepGE.R:420:3'): Row and column names are added back ──────
Expected exactly one failure and no successes.
Actually failed 0 times
── Failure ('test-covdepGE.R:425:3'): Different color 1 ────────────────────────
Expected exactly one failure and no successes.
Actually failed 0 times
── Failure ('test-covdepGE.R:427:3'): Different color 1 ────────────────────────
Expected exactly one failure and no successes.
Actually failed 0 times
── Failure ('test-covdepGE.R:432:3'): Different color 2 ────────────────────────
Expected exactly one failure and no successes.
Actually failed 0 times
── Failure ('test-covdepGE.R:434:3'): Different color 2 ────────────────────────
Expected exactly one failure and no successes.
Actually failed 0 times
── Failure ('test-covdepGE.R:439:3'): Different grid color ─────────────────────
Expected exactly one failure and no successes.
Actually failed 0 times
── Failure ('test-covdepGE.R:441:3'): Different grid color ─────────────────────
Expected exactly one failure and no successes.
Actually failed 0 times
── Failure ('test-covdepGE.R:450:3'): Include cell values ──────────────────────
Expected exactly one failure and no successes.
Actually failed 0 times
── Failure ('test-covdepGE.R:455:3'): Precision ────────────────────────────────
Expected exactly one failure and no successes.
Actually failed 0 times
── Failure ('test-covdepGE.R:461:3'): Font size ────────────────────────────────
Expected exactly one failure and no successes.
Actually failed 0 times
── Failure ('test-covdepGE.R:467:3'): Font color 1 ─────────────────────────────
Expected exactly one failure and no successes.
Actually failed 0 times
── Failure ('test-covdepGE.R:473:3'): Font color 2 ─────────────────────────────
Expected exactly one failure and no successes.
Actually failed 0 times
── Failure ('test-covdepGE.R:479:3'): Font threshold ───────────────────────────
Expected exactly one failure and no successes.
Actually failed 0 times
── Failure ('test-covdepGE.R:506:3'): Different graph_colors ───────────────────
Expected exactly one failure and no successes.
Actually failed 0 times
── Failure ('test-covdepGE.R:511:3'): No title summary ─────────────────────────
Expected exactly one failure and no successes.
Actually failed 0 times
[ FAIL 25 | WARN 13 | SKIP 31 | PASS 57 ]
Error:
! Test failures.
Execution halted
Flavor: r-release-linux-x86_64
These binaries (installable software) and packages are in development.
They may not be fully stable and should be used with caution. We make no claims about them.
Health stats visible at Monitor.